INSERT INTO `accesses` (`id`, `ip`, `url`, `user_agent`, `date`, `time`) VALUES
(113884, '35.209.199.191', 'https://cnarp.com.br', 'Buck/2.3.2; (+https://app.hypefactors.com/media-monitoring/about.html)', '2022-08-09', '09:38:08'),
(113885, '200.206.46.90', 'https://www.cnarp.com.br/?gclid=EAIaIQobChMIgbjVzem5-QIVs-hcCh2KcgFZEAAYAiAAEgK7lvD_BwE', 'Mozilla/5.0 (Windows NT 10.0; Win64; x64) AppleWebKit/537.36 (KHTML, like Gecko) Chrome/104.0.0.0 Safari/537.36', '2022-08-09', '10:17:28'),
(113886, '191.246.0.57', 'https://www.cnarp.com.br/?gclid=CjwKCAjwi8iXBhBeEiwAKbUofREpu_5OmyBa3KLDMSs2wAicXLbHnNR0OKrTpvjKM85a_jD0gx8VZBoCRYkQAvD_BwE', 'Mozilla/5.0 (Linux; Android 11; SM-A217M) AppleWebKit/537.36 (KHTML, like Gecko) Chrome/104.0.0.0 Mobile Safari/537.36', '2022-08-09', '10:19:51'),
(113887, '187.90.208.50', 'https://cnarp.com.br/?fbclid=IwAR3b4UmhqkbpTw9UjUnBQ4gtw6Hx7Z8sGsj0zP4ZLuwa01Yb8i25PWnPC8s', 'Mozilla/5.0 (Linux; Android 11; SM-A315G Build/RP1A.200720.012; wv) AppleWebKit/537.36 (KHTML, like Gecko) Version/4.0 Chrome/103.0.5060.129 Mobile Safari/537.36 [FB_IAB/FB4A;FBAV/378.0.0.18.112;]', '2022-08-09', '10:42:15'),
(113888, '189.92.115.101', 'https://cnarp.com.br/?fbclid=IwAR1YJ48auJPTnE1OX2tc17yxC18OxVuGh3mOdtLQB2D2U8wYBZZ-2ZFRuVQ', 'Mozilla/5.0 (Linux; Android 11; SM-A032M Build/RP1A.201005.001; wv) AppleWebKit/537.36 (KHTML, like Gecko) Version/4.0 Chrome/103.0.5060.129 Mobile Safari/537.36 [FB_IAB/FB4A;FBAV/377.0.0.22.107;]', '2022-08-09', '10:43:44'),
(113889, '179.193.218.120', 'https://cnarp.com.br/?gclid=CjwKCAjwiuuRBhBvEiwAFXKaNLkQ-7pmG2twAVcnEfPUm2WoRcu8JKXbtXqO45KDcD4l_l-Lhyhu0hoCmqwQAvD_BwE', 'Mozilla/5.0 (Linux; Android 11; SAMSUNG SM-A032M Build/RP1A.201005.001; wv) AppleWebKit/537.36 (KHTML, like Gecko) Version/4.0 SamsungBrowser/7.4 Chrome/103.0.5060.129 Mobile Safari/537.36', '2022-08-09', '10:48:14'),
(113890, '45.177.78.146', 'https://cnarp.com.br/?fbclid=IwAR2L_JVPOlKYqwJay7PbRSMqZHxDIonwT8fyr_PbojutKmFv7nA8YPFwoU8', 'Mozilla/5.0 (Linux; Android 8.0.0; SM-G570M Build/R16NW; wv) AppleWebKit/537.36 (KHTML, like Gecko) Version/4.0 Chrome/103.0.5060.53 Mobile Safari/537.36 [FB_IAB/FB4A;FBAV/372.1.0.23.107;]', '2022-08-09', '10:51:58'),
(113891, '45.177.78.146', 'https://cnarp.com.br/?fbclid=IwAR2L_JVPOlKYqwJay7PbRSMqZHxDIonwT8fyr_PbojutKmFv7nA8YPFwoU8', 'Mozilla/5.0 (Linux; Android 8.0.0; SM-G570M Build/R16NW; wv) AppleWebKit/537.36 (KHTML, like Gecko) Version/4.0 Chrome/103.0.5060.53 Mobile Safari/537.36 [FB_IAB/FB4A;FBAV/372.1.0.23.107;]', '2022-08-09', '10:52:30'),
(113892, '35.215.238.168', 'https://cnarp.com.br', 'Mozilla/5.0 (Macintosh; U; Intel Mac OS X 10.6; en-US; rv:1.9.2) Gecko/20100115 Firefox/3.6 (FlipboardProxy/1.1; +http://flipboard.com/browserproxy)', '2022-08-09', '10:54:41'),
(113893, '179.216.227.108', 'https://cnarp.com.br/?fbclid=IwAR3e9UwG_MlGFYFOEFZt2hlSx2L98yUnYW1udewPRx60swpPm6ajdkifQok', 'Mozilla/5.0 (Linux; Android 8.1.0; SM-G610M Build/M1AJQ; wv) AppleWebKit/537.36 (KHTML, like Gecko) Version/4.0 Chrome/104.0.5112.69 Mobile Safari/537.36 [FB_IAB/FB4A;FBAV/378.0.0.18.112;]', '2022-08-09', '10:57:54'),
(113894, '198.235.24.141', 'https://cnarp.com.br', 'Expanse, a Palo Alto Networks company, searches across the global IPv4 space multiple times per day to identify customers&#39; presences on the Internet. If you would like to be excluded from our scans, please send IP addresses/domains to: scaninfo@paloaltonetworks.com', '2022-08-09', '10:59:18'),
(113895, '187.26.203.7', 'https://www.cnarp.com.br/?gclid=CjwKCAjwi8iXBhBeEiwAKbUofbhmP_kzSTBCvOvv5KH7QUKx7iZ9ErQUJ2-3zTygkmRgoQUBn8ZEGBoCHZQQAvD_BwE', 'Mozilla/5.0 (Linux; Android 11; motorola edge) AppleWebKit/537.36 (KHTML, like Gecko) Chrome/104.0.0.0 Mobile Safari/537.36', '2022-08-09', '11:10:39'),
(113896, '66.249.64.203', 'https://cnarp.com.br', 'Mozilla/5.0 (compatible; Googlebot/2.1; +http://www.google.com/bot.html)', '2022-08-09', '11:33:42'),
(113897, '207.46.13.121', 'https://cnarp.com.br', 'Mozilla/5.0 (compatible; bingbot/2.0; +http://www.bing.com/bingbot.htm)', '2022-08-09', '11:36:52'),
(113898, '189.63.224.166', 'https://www.cnarp.com.br', 'Mozilla/5.0 (Windows NT 10.0; Win64; x64) AppleWebKit/537.36 (KHTML, like Gecko) Chrome/104.0.0.0 Safari/537.36', '2022-08-09', '11:47:17'),
(113899, '45.4.34.135', 'https://cnarp.com.br/?fbclid=IwAR22Aaj8j43fCuWJEdohjRKfRT4qGklQZB1aR2rABI0lNMhEJ-x3kzfK50w', 'Mozilla/5.0 (Linux; Android 8.1.0; SM-G610M Build/M1AJQ; wv) AppleWebKit/537.36 (KHTML, like Gecko) Version/4.0 Chrome/103.0.5060.129 Mobile Safari/537.36 [FB_IAB/FB4A;FBAV/378.0.0.18.112;]', '2022-08-09', '11:58:07'),
(113900, '181.164.36.71', 'https://www.cnarp.com.br/?gclid=EAIaIQobChMI6oG04P-5-QIVE-6RCh1ylA73EAAYASAAEgLLLPD_BwE', 'Mozilla/5.0 (iPhone; CPU iPhone OS 15_5 like Mac OS X) AppleWebKit/605.1.15 (KHTML, like Gecko) Version/15.5 Mobile/15E148 Safari/604.1', '2022-08-09', '12:02:59'),
(113901, '45.177.76.21', 'https://cnarp.com.br/?fbclid=IwAR1hPWS9gpzZD-uheLCv-qJnEAHAeMgaYSs9krr8mPulmp7sZ7CskIxbNLA', 'Mozilla/5.0 (Linux; Android 10; moto e(7) Build/QOGS30.569-83-1; wv) AppleWebKit/537.36 (KHTML, like Gecko) Version/4.0 Chrome/104.0.5112.69 Mobile Safari/537.36 [FB_IAB/FB4A;FBAV/378.0.0.18.112;]', '2022-08-09', '12:23:57'),
(113902, '45.225.170.224', 'https://cnarp.com.br/?fbclid=IwAR0gx-ErVik6fDUeF6a9HGSfSBUY0GG3ytIPtEK06MbeEHTa4OTOfFxdeMk', 'Mozilla/5.0 (Linux; Android 11; moto g(60) Build/RRIS31.Q1-42-51-12-4; wv) AppleWebKit/537.36 (KHTML, like Gecko) Version/4.0 Chrome/103.0.5060.129 Mobile Safari/537.36 [FB_IAB/FB4A;FBAV/377.0.0.22.107;]', '2022-08-09', '12:31:02'),
(113903, '181.191.52.171', 'https://cnarp.com.br/?fbclid=IwAR2qPrMkgdKj_mGRAaiWLX53OJxNHMXTYMRVGuLXbgN3uPWdGPGg-ZGO_Ic', 'Mozilla/5.0 (Linux; Android 9; SM-J701MT Build/PPR1.180610.011; wv) AppleWebKit/537.36 (KHTML, like Gecko) Version/4.0 Chrome/103.0.5060.129 Mobile Safari/537.36 [FB_IAB/FB4A;FBAV/378.0.0.18.112;]', '2022-08-09', '12:45:20'),
(113904, '189.63.225.177', 'https://cnarp.com.br/?fbclid=PAAaaDtGQ3M9tNVSrOdt8ypVqcsjEqjdK9tmO3IHUgm3mCAgd5c1fa9qJ1arM_aem_AcxE9t_IZ9H9Xe87eYzrGEJc1o1ZWoiGUArktthqzhBQdI8vGa8qTIvs58fCPr7Rxly7JfFKQ219m0w6MhWbxiASvDA2est2fJ7N7C0zGhx1Wiuw11s1A6mJWmbcTwPNUHE', 'Mozilla/5.0 (iPhone; CPU iPhone OS 15_6 like Mac OS X) AppleWebKit/605.1.15 (KHTML, like Gecko) Mobile/15E148 Instagram 245.0.0.13.110 (iPhone10,4; iOS 15_6; pt_BR; pt-BR; scale=2.00; 750x1334; 384816942) NW/3', '2022-08-09', '12:46:01'),
(113905, '45.71.29.25', 'https://cnarp.com.br/?fbclid=IwAR1zsI2aP3JSc9fDM0COGslAr-IlqiTwAVDK8K0e3CRecOKFZ5WOlsBG4qc', 'Mozilla/5.0 (Linux; Android 11; SM-A105M Build/RP1A.200720.012; wv) AppleWebKit/537.36 (KHTML, like Gecko) Version/4.0 Chrome/103.0.5060.129 Mobile Safari/537.36 [FB_IAB/FB4A;FBAV/378.0.0.18.112;]', '2022-08-09', '12:47:58'),
(113906, '189.92.115.95', 'https://cnarp.com.br/?fbclid=IwAR2sTW3k8IuT_gM7QWbpsEXg3h6Mq_JPsvunu9qVSUX1oOTLbqLwaWFjBxE', 'Mozilla/5.0 (Linux; Android 11; motorola one action Build/RSBS31.Q1-48-36-26; wv) AppleWebKit/537.36 (KHTML, like Gecko) Version/4.0 Chrome/103.0.5060.129 Mobile Safari/537.36 [FB_IAB/FB4A;FBAV/378.0.0.18.112;]', '2022-08-09', '12:53:46'),
(113907, '177.58.185.41', 'https://cnarp.com.br/?fbclid=IwAR0NGDPpKxTHtISHTZPj4zBZa1UAfWCROTSpoDWWHDhiksACrcdaykV1cSM', 'Mozilla/5.0 (Linux; Android 10; moto e(7) Build/QOGS30.569-36-31; wv) AppleWebKit/537.36 (KHTML, like Gecko) Version/4.0 Chrome/103.0.5060.129 Mobile Safari/537.36 [FB_IAB/FB4A;FBAV/378.0.0.18.112;]', '2022-08-09', '12:59:47'),
(113908, '177.200.77.199', 'https://cnarp.com.br/?fbclid=IwAR2YPA7ngekMD0QsZvi07gadD1Io3CrwgC9qpu6owFIuhzQ8kGoMJgoyja8', 'Mozilla/5.0 (Linux; Android 11; SM-A105M Build/RP1A.200720.012; wv) AppleWebKit/537.36 (KHTML, like Gecko) Version/4.0 Chrome/103.0.5060.129 Mobile Safari/537.36 [FB_IAB/FB4A;FBAV/378.0.0.18.112;]', '2022-08-09', '13:11:40'),
(113909, '66.249.64.201', 'https://cnarp.com.br', 'Mozilla/5.0 (Linux; Android 6.0.1; Nexus 5X Build/MMB29P) AppleWebKit/537.36 (KHTML, like Gecko) Chrome/104.0.5112.79 Mobile Safari/537.36 (compatible; Googlebot/2.1; +http://www.google.com/bot.html)', '2022-08-09', '13:12:14'),
(113910, '201.87.102.101', 'https://www.cnarp.com.br/?gclid=CjwKCAjwi8iXBhBeEiwAKbUofWVL0zdtymrC6FjIZR_Gj1Jw6L97ubZa22Ct4qIYgPOdAkYEVI2y9BoCMJsQAvD_BwE', 'Mozilla/5.0 (Linux; Android 12; SM-A315G) AppleWebKit/537.36 (KHTML, like Gecko) Chrome/104.0.0.0 Mobile Safari/537.36', '2022-08-09', '13:24:28'),
(113911, '187.26.146.126', 'https://cnarp.com.br/?fbclid=IwAR339l8Fbrlm8YxRX-y-_Vj-iejU8LRd9-kK9Z5nCXYOx6gf2uT6uOPO8Xg', 'Mozilla/5.0 (Linux; Android 11; SM-A022M Build/RP1A.200720.012; wv) AppleWebKit/537.36 (KHTML, like Gecko) Version/4.0 Chrome/103.0.5060.129 Mobile Safari/537.36 [FB_IAB/FB4A;FBAV/378.0.0.18.112;]', '2022-08-09', '13:50:05'),
(113912, '191.246.26.57', 'https://cnarp.com.br/?fbclid=IwAR3m0qUVsWx-rQbJPuMmK024VHEZauQfx7wPyqgI3htVudLSEuSoWcs3i4w', 'Mozilla/5.0 (Linux; Android 10; SM-J810M Build/QP1A.190711.020; wv) AppleWebKit/537.36 (KHTML, like Gecko) Version/4.0 Chrome/103.0.5060.129 Mobile Safari/537.36 [FB_IAB/FB4A;FBAV/378.0.0.18.112;]', '2022-08-09', '13:52:31'),
(113913, '45.161.241.49', 'https://www.cnarp.com.br/?gclid=CjwKCAjwi8iXBhBeEiwAKbUofe3XBqWj25pKtz1n6marZOjr-kGpUnNnxF3srOoUjxEMpiZVmt5UOhoCeOAQAvD_BwE', 'Mozilla/5.0 (Linux; Android 11; M2003J15SC) AppleWebKit/537.36 (KHTML, like Gecko) Chrome/103.0.0.0 Safari/537.36', '2022-08-09', '14:19:28'),
(113914, '187.90.200.228', 'https://cnarp.com.br/?fbclid=IwAR29tzibuFk6o2AQGSmUl4xOM6FfCronMeyDxHbU1S0agNNkmrn2rwfTOD0', 'Mozilla/5.0 (Linux; Android 10; LM-K420 Build/QKQ1.200614.002; wv) AppleWebKit/537.36 (KHTML, like Gecko) Version/4.0 Chrome/103.0.5060.129 Mobile Safari/537.36 [FB_IAB/FB4A;FBAV/377.0.0.22.107;]', '2022-08-09', '14:25:41'),
(113915, '186.202.173.147', 'https://cnarp.com.br', 'Mozilla/5.0 (compatible; MSIE 9.0; Windows NT 6.1; WOW64; Trident/5.0)', '2022-08-09', '14:27:13'),
(113916, '131.100.157.24', 'https://cnarp.com.br/?fbclid=IwAR0tePTxGvWpCoIzRT3gBZz4sl2ymln-FmEvssh752Hc2qjV9ppfqUHp7Co', 'Mozilla/5.0 (Linux; Android 11; moto e20 Build/RON31.267-12; wv) AppleWebKit/537.36 (KHTML, like Gecko) Version/4.0 Chrome/103.0.5060.129 Mobile Safari/537.36 [FB_IAB/FB4A;FBAV/378.0.0.18.112;]', '2022-08-09', '14:46:27'),
(113917, '177.200.68.17', 'https://cnarp.com.br/?fbclid=IwAR2-4trhM2ZT21yE-DdnkJIJ8a8fPXuBLv9PDH7njPMDxcnAEnTYJCV6OiA', 'Mozilla/5.0 (Linux; Android 9; moto e6 play Build/POAS29.550-132-25; wv) AppleWebKit/537.36 (KHTML, like Gecko) Version/4.0 Chrome/104.0.5112.69 Mobile Safari/537.36 [FB_IAB/FB4A;FBAV/378.0.0.18.112;]', '2022-08-09', '14:47:54'),
(113918, '177.200.68.17', 'https://cnarp.com.br/?fbclid=IwAR2-4trhM2ZT21yE-DdnkJIJ8a8fPXuBLv9PDH7njPMDxcnAEnTYJCV6OiA', 'Mozilla/5.0 (Linux; Android 9; moto e6 play Build/POAS29.550-132-25; wv) AppleWebKit/537.36 (KHTML, like Gecko) Version/4.0 Chrome/104.0.5112.69 Mobile Safari/537.36 [FB_IAB/FB4A;FBAV/378.0.0.18.112;]', '2022-08-09', '14:48:03'),
(113919, '177.200.68.17', 'https://cnarp.com.br/?fbclid=IwAR2-4trhM2ZT21yE-DdnkJIJ8a8fPXuBLv9PDH7njPMDxcnAEnTYJCV6OiA', 'Mozilla/5.0 (Linux; Android 9; moto e6 play Build/POAS29.550-132-25; wv) AppleWebKit/537.36 (KHTML, like Gecko) Version/4.0 Chrome/104.0.5112.69 Mobile Safari/537.36 [FB_IAB/FB4A;FBAV/378.0.0.18.112;]', '2022-08-09', '14:48:29'),
(113920, '177.200.77.13', 'https://cnarp.com.br/?fbclid=IwAR2ODHQS9lO2Zd4JN0HewMWL7k5zQEC5MJcIEOigztaTsotSI0MSAfjQ2jI', 'Mozilla/5.0 (Linux; Android 11; motorola one fusion Build/RPLS31.Q2-63-10-2-9; wv) AppleWebKit/537.36 (KHTML, like Gecko) Version/4.0 Chrome/103.0.5060.129 Mobile Safari/537.36 [FB_IAB/FB4A;FBAV/378.0.0.18.112;]', '2022-08-09', '14:52:30'),
(113921, '189.63.227.216', 'https://cnarp.com.br/?fbclid=PAAab1YjI8QNlg4a5Z-29PBBE0PZZTGjwK5p_OwSdF_iPqBaqBt9INxMEgflc', 'Mozilla/5.0 (Linux; Android 11; SM-A125M Build/RP1A.200720.012; wv) AppleWebKit/537.36 (KHTML, like Gecko) Version/4.0 Chrome/103.0.5060.129 Mobile Safari/537.36 Instagram 246.1.0.16.113 Android (30/11; 300dpi; 720x1465; samsung; SM-A125M; a12; mt6765; pt_BR; 387809237)', '2022-08-09', '14:57:38'),
(113922, '45.65.213.99', 'https://cnarp.com.br/?fbclid=IwAR1EPx_5hcFxXgC920g5YHXCMfPnTS92Fs-DtglGEHGo1LhTs8PpvalfQVc', 'Mozilla/5.0 (Linux; Android 11; motorola one fusion Build/RPLS31.Q2-63-10-2-9; wv) AppleWebKit/537.36 (KHTML, like Gecko) Version/4.0 Chrome/103.0.5060.129 Mobile Safari/537.36 [FB_IAB/FB4A;FBAV/378.0.0.18.112;]', '2022-08-09', '14:59:09'),
(113923, '189.68.109.55', 'https://cnarp.com.br/?fbclid=IwAR3D-w72J9hKdFxU3gtJm8dsoq6MvSBgFfkE548-q1Sbv4z4i2nji_cRA_4', 'Mozilla/5.0 (Linux; Android 12; moto g(30) Build/S0RCS32.41-10-9-2-4; wv) AppleWebKit/537.36 (KHTML, like Gecko) Version/4.0 Chrome/103.0.5060.129 Mobile Safari/537.36 [FB_IAB/FB4A;FBAV/378.0.0.18.112;]', '2022-08-09', '14:59:56'),
(113924, '177.155.239.85', 'https://cnarp.com.br/?fbclid=IwAR0IRjq-WcIbaoNAJmOzkfuODWx_GIF_vIoRUXF69AMPlPtsS4Ia1JiBwFs', 'Mozilla/5.0 (Linux; Android 7.0; ASUS_X018D Build/NRD90M; wv) AppleWebKit/537.36 (KHTML, like Gecko) Version/4.0 Chrome/103.0.5060.129 Mobile Safari/537.36 [FB_IAB/FB4A;FBAV/378.0.0.18.112;]', '2022-08-09', '15:03:21'),
(113925, '191.246.11.51', 'https://cnarp.com.br/?fbclid=IwAR3gIfSCJRXtTWwxPYN9pgKECSikBQT4DTA5ae8Rk4954hLaPeAa4suqE7c', 'Mozilla/5.0 (Linux; Android 10; moto e(7) plus Build/QPZS30.30-Q3-38-69-10; wv) AppleWebKit/537.36 (KHTML, like Gecko) Version/4.0 Chrome/103.0.5060.129 Mobile Safari/537.36 [FB_IAB/FB4A;FBAV/378.0.0.18.112;]', '2022-08-09', '15:03:41'),
(113926, '191.246.11.51', 'https://cnarp.com.br/?fbclid=IwAR3gIfSCJRXtTWwxPYN9pgKECSikBQT4DTA5ae8Rk4954hLaPeAa4suqE7c', 'Mozilla/5.0 (Linux; Android 10; moto e(7) plus Build/QPZS30.30-Q3-38-69-10; wv) AppleWebKit/537.36 (KHTML, like Gecko) Version/4.0 Chrome/103.0.5060.129 Mobile Safari/537.36 [FB_IAB/FB4A;FBAV/378.0.0.18.112;]', '2022-08-09', '15:03:54'),
(113927, '187.45.150.84', 'https://www.cnarp.com.br/?gclid=EAIaIQobChMIn-Pvt626-QIVzUFIAB0Hrw4vEAAYASAAEgKK8PD_BwE', 'Mozilla/5.0 (Windows NT 10.0; Win64; x64) AppleWebKit/537.36 (KHTML, like Gecko) Chrome/104.0.0.0 Safari/537.36', '2022-08-09', '15:10:35'),
(113928, '45.177.78.242', 'https://cnarp.com.br/?fbclid=IwAR1o1NPZLMpxwWdVf5bn-gL0p38GoVBge6U9lM8YGVytghNBmcgTphRWw4w', 'Mozilla/5.0 (Linux; Android 11; SM-A305GT Build/RP1A.200720.012; wv) AppleWebKit/537.36 (KHTML, like Gecko) Version/4.0 Chrome/103.0.5060.129 Mobile Safari/537.36 [FB_IAB/FB4A;FBAV/378.0.0.18.112;]', '2022-08-09', '15:14:57'),
(113929, '191.246.16.26', 'https://cnarp.com.br/?fbclid=IwAR14n1DIrixZmZDwbpCnzlEPLZ2Xjmxug79cv5dSt3_FYMYaPrDPBNoOy7Q', 'Mozilla/5.0 (Linux; Android 11; SM-A015M Build/RP1A.200720.012; wv) AppleWebKit/537.36 (KHTML, like Gecko) Version/4.0 Chrome/103.0.5060.71 Mobile Safari/537.36 [FB_IAB/FB4A;FBAV/378.0.0.18.112;]', '2022-08-09', '15:16:35'),
(113930, '190.180.143.15', 'https://cnarp.com.br/?fbclid=IwAR2elE1f5O4zX05lxBzQA0eg0XEp4e4K6KAjiBfaCx7dqF7JCbaQOxw8eTM', 'Mozilla/5.0 (Linux; Android 11; SM-A115M Build/RP1A.200720.012; wv) AppleWebKit/537.36 (KHTML, like Gecko) Version/4.0 Chrome/103.0.5060.129 Mobile Safari/537.36 [FB_IAB/FB4A;FBAV/378.0.0.18.112;]', '2022-08-09', '15:19:50'),
(113931, '190.180.143.15', 'https://cnarp.com.br/?fbclid=IwAR2elE1f5O4zX05lxBzQA0eg0XEp4e4K6KAjiBfaCx7dqF7JCbaQOxw8eTM', 'Mozilla/5.0 (Linux; Android 11; SM-A115M Build/RP1A.200720.012; wv) AppleWebKit/537.36 (KHTML, like Gecko) Version/4.0 Chrome/103.0.5060.129 Mobile Safari/537.36 [FB_IAB/FB4A;FBAV/378.0.0.18.112;]', '2022-08-09', '15:19:53'),
(113932, '173.252.107.4', 'https://cnarp.com.br', 'facebookexternalhit/1.1 (+http://www.facebook.com/externalhit_uatext.php)', '2022-08-09', '15:25:19'),
(113933, '177.200.64.226', 'https://www.cnarp.com.br/?gclid=CjwKCAjwi8iXBhBeEiwAKbUofdPnYmxuy2c_ht72CFFSs9OZxyWclYG1vnUyuPF45fyh7xx6423kABoCTysQAvD_BwE', 'Mozilla/5.0 (Windows NT 10.0; Win64; x64) AppleWebKit/537.36 (KHTML, like Gecko) Chrome/104.0.0.0 Safari/537.36', '2022-08-09', '15:26:04'),
(113934, '177.185.55.171', 'https://cnarp.com.br/?fbclid=IwAR051upKWnmLaGrGVXQdkOvuEveLmMtYeCKd0eNsu4mW_jhwg_ou4hyio78', 'Mozilla/5.0 (Linux; Android 11; SM-A107M Build/RP1A.200720.012; wv) AppleWebKit/537.36 (KHTML, like Gecko) Version/4.0 Chrome/103.0.5060.129 Mobile Safari/537.36 [FB_IAB/FB4A;FBAV/378.0.0.18.112;]', '2022-08-09', '15:41:01'),
(113935, '191.54.255.52', 'https://cnarp.com.br/?fbclid=IwAR3Mkx2IQvIkSUOJyB4uo_SIs-oRf3UXDHVZ6cVQspZp263HxWhuUgl4SQ4', 'Mozilla/5.0 (Linux; Android 12; SM-N975F Build/SP1A.210812.016; wv) AppleWebKit/537.36 (KHTML, like Gecko) Version/4.0 Chrome/103.0.5060.129 Mobile Safari/537.36 [FB_IAB/FB4A;FBAV/378.0.0.18.112;]', '2022-08-09', '16:18:10'),
(113936, '191.249.30.230', 'https://www.cnarp.com.br/?gclid=CjwKCAjwi8iXBhBeEiwAKbUofYmh8g4jnoVFSromeb9IiEFfLP5gSKVSquPBE_gjBoloJt3QRdmQ9RoCggsQAvD_BwE', 'Mozilla/5.0 (Linux; Android 11; M2101K7BI) AppleWebKit/537.36 (KHTML, like Gecko) Chrome/104.0.0.0 Mobile Safari/537.36', '2022-08-09', '16:23:36'),
(113937, '187.72.45.111', 'https://cnarp.com.br/?fbclid=IwAR0ni6F2AQ6SBRLa26-zRrUDgUiDBem6XoT6qITTw2TwQ8LVyAkYxV1D6e4', 'Mozilla/5.0 (Linux; Android 11; moto g(9) plus Build/RPAS31.Q2-59-17-4-3-8; wv) AppleWebKit/537.36 (KHTML, like Gecko) Version/4.0 Chrome/90.0.4430.210 Mobile Safari/537.36 [FB_IAB/FB4A;FBAV/378.0.0.18.112;]', '2022-08-09', '16:28:15'),
(113938, '191.54.241.48', 'https://www.cnarp.com.br/?gclid=CjwKCAjwi8iXBhBeEiwAKbUofbSLnFs_zHNa5GaKOe4BivuYJhEVXMBzabOQjJ1tG4ZFuaLE4tc5rhoCGLQQAvD_BwE', 'Mozilla/5.0 (Windows NT 10.0; Win64; x64) AppleWebKit/537.36 (KHTML, like Gecko) Chrome/104.0.0.0 Safari/537.36', '2022-08-09', '16:33:04'),
(113939, '45.177.76.112', 'https://cnarp.com.br/?fbclid=PAAaa6zakw4SRiUgpIdzO25UNkXVGJFOj3raqIuCgNTRW9pky_QtAJPgJQ1TY', 'Mozilla/5.0 (Linux; Android 10; motorola one Build/QPKS30.54-22-27; wv) AppleWebKit/537.36 (KHTML, like Gecko) Version/4.0 Chrome/103.0.5060.129 Mobile Safari/537.36 Instagram 246.1.0.16.113 Android (29/10; 320dpi; 720x1362; motorola; motorola one; deen_sprout; qcom; pt_BR; 387809237)', '2022-08-09', '16:55:14'),
(113940, '189.98.244.153', 'https://www.cnarp.com.br/?gclid=CjwKCAjwi8iXBhBeEiwAKbUofe5Xrp2YL3HxmSbwu-XIJP4o3GRAjJNRI0j_Uhr8O_8Eyl1XgAOPGhoCKpIQAvD_BwE', 'Mozilla/5.0 (iPhone; CPU iPhone OS 15_5 like Mac OS X) AppleWebKit/605.1.15 (KHTML, like Gecko) GSA/223.0.463913120 Mobile/15E148 Safari/604.1', '2022-08-09', '17:14:25'),
(113941, '179.62.56.144', 'https://www.cnarp.com.br/?gclid=EAIaIQobChMI-_HoytC6-QIVAWuRCh36xA6BEAAYASAAEgIPOfD_BwE', 'Mozilla/5.0 (Linux; Android 12; SM-F415F) AppleWebKit/537.36 (KHTML, like Gecko) Chrome/102.0.0.0 Mobile Safari/537.36', '2022-08-09', '17:47:38'),
(113942, '191.8.143.106', 'https://cnarp.com.br/?fbclid=PAAaa-HuicPtz0iUMKwg7xWQL_YzUpxDMoEBXaGaVvPXFHgXKPk9exb-Fl0kQ', 'Mozilla/5.0 (Linux; Android 6.0.1; SM-J500M Build/MMB29M; wv) AppleWebKit/537.36 (KHTML, like Gecko) Version/4.0 Chrome/103.0.5060.71 Mobile Safari/537.36 Instagram 246.1.0.16.113 Android (23/6.0.1; 320dpi; 720x1280; samsung; SM-J500M; j5lte; qcom; pt_BR; 387809223)', '2022-08-09', '17:49:08'),
(113943, '66.249.70.182', 'https://www.cnarp.com.br', 'Mozilla/5.0 (Linux; Android 6.0.1; Nexus 5X Build/MMB29P) AppleWebKit/537.36 (KHTML, like Gecko) Chrome/104.0.5112.79 Mobile Safari/537.36 (compatible; Googlebot/2.1; +http://www.google.com/bot.html)', '2022-08-09', '17:50:05'),
(113944, '187.101.38.236', 'https://www.cnarp.com.br/?gclid=CjwKCAjwi8iXBhBeEiwAKbUofQVlFWQOuLD-hj4skv9gY9BL9nBwJnOrqBl1YvoSJ9sNUptJmIDWchoC_8YQAvD_BwE', 'Mozilla/5.0 (iPhone; CPU iPhone OS 15_6 like Mac OS X) AppleWebKit/605.1.15 (KHTML, like Gecko) CriOS/103.0.5060.63 Mobile/15E148 Safari/604.1', '2022-08-09', '17:58:41'),
(113945, '170.246.97.139', 'https://www.cnarp.com.br/?gclid=CjwKCAjwi8iXBhBeEiwAKbUofQgIu4YD6PnTSgYUA4fgjmzloRDhoIKDBDQWBveFj2j5QJjejUyYuhoCyywQAvD_BwE', 'Mozilla/5.0 (Linux; Android 10; SM-A505GT) AppleWebKit/537.36 (KHTML, like Gecko) Chrome/104.0.0.0 Mobile Safari/537.36', '2022-08-09', '18:01:11'),
(113946, '191.246.25.73', 'https://cnarp.com.br/?fbclid=IwAR2XVSU4NXktlRSFYbtF1gBfefBkcEv9ZS0kN_-A-cGGYMRX1o1-h9Xd08A', 'Mozilla/5.0 (Linux; Android 11; SM-A025M Build/RP1A.200720.012; wv) AppleWebKit/537.36 (KHTML, like Gecko) Version/4.0 Chrome/103.0.5060.71 Mobile Safari/537.36 [FB_IAB/FB4A;FBAV/374.0.0.20.109;]', '2022-08-09', '18:13:21'),
(113947, '187.26.81.82', 'https://cnarp.com.br/?fbclid=IwAR3y-eR8sFlk9jEHD9-M7SGgZVqJUXO5XNQIrm9dSVfMPrXxPWpXmopHM4Q', 'Mozilla/5.0 (Linux; Android 9; SM-G950F Build/PPR1.180610.011; wv) AppleWebKit/537.36 (KHTML, like Gecko) Version/4.0 Chrome/72.0.3626.121 Mobile Safari/537.36 [FB_IAB/FB4A;FBAV/377.0.0.22.107;]', '2022-08-09', '18:27:22'),
(113948, '179.156.80.66', 'https://cnarp.com.br/?fbclid=PAAablDuQMZ7xdNfW4o5YAulgjVX_nIMWiuxdgVnfJUyfbg6KYPZsdrXJ1D7w', 'Mozilla/5.0 (Linux; Android 10; moto e(7) plus Build/QPZS30.30-Q3-38-69-10; wv) AppleWebKit/537.36 (KHTML, like Gecko) Version/4.0 Chrome/104.0.5112.69 Mobile Safari/537.36 Instagram 246.1.0.16.113 Android (29/10; 280dpi; 720x1515; motorola; moto e(7) plus; guam; qcom; pt_BR; 387809237)', '2022-08-09', '18:27:56'),
(113949, '45.177.77.29', 'https://cnarp.com.br/?fbclid=IwAR1x1G2BguuaaNReYJTXIvT5RqNl0w6zEJYugR6bCHfFhgumZI7saUWQ79o', 'Mozilla/5.0 (Linux; Android 11; M2004J19C Build/RP1A.200720.011; wv) AppleWebKit/537.36 (KHTML, like Gecko) Version/4.0 Chrome/101.0.4951.61 Mobile Safari/537.36 [FB_IAB/FB4A;FBAV/369.0.0.18.103;]', '2022-08-09', '18:29:08'),
(113950, '191.23.38.177', 'https://www.cnarp.com.br/?gclid=EAIaIQobChMI2paS0dq6-QIVAeWRCh01HADYEAAYASAAEgKvUPD_BwE', 'Mozilla/5.0 (Windows NT 10.0; Win64; x64) AppleWebKit/537.36 (KHTML, like Gecko) Chrome/104.0.0.0 Safari/537.36', '2022-08-09', '18:32:13'),
(113951, '74.125.151.186', 'https://www.cnarp.com.br', 'Mozilla/5.0 (iPhone; CPU iPhone OS 14_7_1 like Mac OS X) AppleWebKit/605.1.15 (KHTML, like Gecko) Version/14.1.2 Mobile/15E148 Safari/604.1 (compatible; AdsBot-Google-Mobile; +http://www.google.com/mobile/adsbot.html)', '2022-08-09', '18:33:56'),
(113952, '201.87.110.163', 'https://cnarp.com.br/?fbclid=IwAR28433wZPmoBkbw1oQ90y2VNhZ2aOC6kCpww_98cGqfbp7HAHtzgff2-gk', 'Mozilla/5.0 (Linux; Android 11; SM-A032M Build/RP1A.201005.001; wv) AppleWebKit/537.36 (KHTML, like Gecko) Version/4.0 Chrome/103.0.5060.129 Mobile Safari/537.36 [FB_IAB/FB4A;FBAV/378.0.0.18.112;]', '2022-08-09', '18:38:20'),
(113953, '201.87.110.163', 'https://cnarp.com.br/?fbclid=IwAR28433wZPmoBkbw1oQ90y2VNhZ2aOC6kCpww_98cGqfbp7HAHtzgff2-gk', 'Mozilla/5.0 (Linux; Android 11; SM-A032M Build/RP1A.201005.001; wv) AppleWebKit/537.36 (KHTML, like Gecko) Version/4.0 Chrome/103.0.5060.129 Mobile Safari/537.36 [FB_IAB/FB4A;FBAV/378.0.0.18.112;]', '2022-08-09', '18:38:51'),
(113954, '131.100.157.249', 'https://cnarp.com.br/?fbclid=IwAR1tJPXKjOiSDuNixmzc5wZhTE_JqCD9ZZmW97OzrpgIfJLp_dZQtjM6FRg', 'Mozilla/5.0 (Linux; Android 10; SM-J600GT Build/QP1A.190711.020; wv) AppleWebKit/537.36 (KHTML, like Gecko) Version/4.0 Chrome/103.0.5060.129 Mobile Safari/537.36 [FB_IAB/FB4A;FBAV/378.0.0.18.112;]', '2022-08-09', '18:42:31'),
(113955, '131.100.165.77', 'https://cnarp.com.br/?fbclid=IwAR3AjxV9W6Ko06jU8ig5ucyvxg2zd46ISZL4sMtCyVR1srdDhPwQRaqEgHI', 'Mozilla/5.0 (Linux; Android 9; moto g(7) power Build/PPOS29.114-134-13; wv) AppleWebKit/537.36 (KHTML, like Gecko) Version/4.0 Chrome/103.0.5060.129 Mobile Safari/537.36 [FB_IAB/FB4A;FBAV/378.0.0.18.112;]', '2022-08-09', '18:45:22'),
(113956, '45.4.33.53', 'https://cnarp.com.br/?fbclid=IwAR071EE-UTYESwVPgDk6zEvMqCBkw4eh-QogpM2j5xlKosNyqVnAwXJpq1U', 'Mozilla/5.0 (Linux; Android 10; SM-J600GT Build/QP1A.190711.020; wv) AppleWebKit/537.36 (KHTML, like Gecko) Version/4.0 Chrome/103.0.5060.129 Mobile Safari/537.36 [FB_IAB/FB4A;FBAV/378.0.0.18.112;]', '2022-08-09', '18:46:35'),
(113957, '190.180.143.15', 'https://cnarp.com.br/?fbclid=IwAR0zOT4-4ZXryeVjnLI940MyLYxrw5sijmWep6YhYkc0jNfDWLk8PAjOudY', 'Mozilla/5.0 (Linux; Android 11; SM-A115M Build/RP1A.200720.012; wv) AppleWebKit/537.36 (KHTML, like Gecko) Version/4.0 Chrome/103.0.5060.129 Mobile Safari/537.36 [FB_IAB/FB4A;FBAV/378.0.0.18.112;]', '2022-08-09', '18:50:33'),
(113958, '190.180.143.15', 'https://cnarp.com.br/?fbclid=IwAR0zOT4-4ZXryeVjnLI940MyLYxrw5sijmWep6YhYkc0jNfDWLk8PAjOudY', 'Mozilla/5.0 (Linux; Android 11; SM-A115M Build/RP1A.200720.012; wv) AppleWebKit/537.36 (KHTML, like Gecko) Version/4.0 Chrome/103.0.5060.129 Mobile Safari/537.36 [FB_IAB/FB4A;FBAV/378.0.0.18.112;]', '2022-08-09', '18:50:36'),
(113959, '45.4.34.73', 'https://cnarp.com.br/?fbclid=IwAR2Oom7r92kQMIFi_rJ3X63widkRqmi1m3UubZKkzsAGA90PJUlT4Uu_pyQ', 'Mozilla/5.0 (Linux; Android 8.1.0; SM-J260M Build/M1AJB; wv) AppleWebKit/537.36 (KHTML, like Gecko) Version/4.0 Chrome/104.0.5112.69 Mobile Safari/537.36 [FB_IAB/FB4A;FBAV/378.0.0.18.112;]', '2022-08-09', '19:15:17'),
(113960, '177.200.67.241', 'https://cnarp.com.br/?fbclid=IwAR0qA0SjIZtuxQJzDvIUyW8ouXNQCaO9sDLF6y-jjjiVgdDpKEmXae0pvEs', 'Mozilla/5.0 (Linux; Android 11; SM-A225M Build/RP1A.200720.012; wv) AppleWebKit/537.36 (KHTML, like Gecko) Version/4.0 Chrome/104.0.5112.69 Mobile Safari/537.36 [FB_IAB/FB4A;FBAV/378.0.0.18.112;]', '2022-08-09', '19:22:11'),
(113961, '177.54.205.184', 'https://cnarp.com.br/?fbclid=IwAR391f_xSipsde-XmREoEyzhhQENES0K1FFTxs_1u6CuW0HEiSO6dj4Smt0', 'Mozilla/5.0 (Linux; Android 11; SM-A125M Build/RP1A.200720.012; wv) AppleWebKit/537.36 (KHTML, like Gecko) Version/4.0 Chrome/103.0.5060.129 Mobile Safari/537.36 [FB_IAB/FB4A;FBAV/378.0.0.18.112;]', '2022-08-09', '19:23:17'),
(113962, '45.65.213.0', 'https://www.cnarp.com.br/?gclid=CjwKCAjwi8iXBhBeEiwAKbUofemnYomowwhFLyiWAZDSMFOxfx-5rzb-7gFAbtrFN0Mim-8VRHDG0hoC1GMQAvD_BwE', 'Mozilla/5.0 (Linux; Android 12; moto g(60)) AppleWebKit/537.36 (KHTML, like Gecko) Chrome/103.0.0.0 Mobile Safari/537.36', '2022-08-09', '19:31:09'),
(113963, '45.65.213.0', 'https://www.cnarp.com.br/?gclid=CjwKCAjwi8iXBhBeEiwAKbUofXKk9YEbg9TK8Xk3Ydyti5YT-D5-uOa8hvT5L9QmM-P-c6GdS1_WTBoCl4IQAvD_BwE', 'Mozilla/5.0 (Linux; Android 12; moto g(60)) AppleWebKit/537.36 (KHTML, like Gecko) Chrome/103.0.0.0 Mobile Safari/537.36', '2022-08-09', '19:31:57'),
(113964, '186.219.53.25', 'https://cnarp.com.br/?fbclid=IwAR1lozeoUoNtJMh5V3b-pvbH-dLCnUU24TizfcFmS2rB_m3RmdC419inAFU', 'Mozilla/5.0 (Linux; Android 11; SM-G991B Build/RP1A.200720.012; wv) AppleWebKit/537.36 (KHTML, like Gecko) Version/4.0 Chrome/103.0.5060.129 Mobile Safari/537.36 [FB_IAB/FB4A;FBAV/378.0.0.18.112;]', '2022-08-09', '19:35:27'),
(113965, '200.233.206.254', 'https://cnarp.com.br/?fbclid=IwAR1Xg0nRkhJ3NV-h__Ne23tEq4qQsAJcKgWoyQz53yQiz2dIVC6m84YkRXQ', 'Mozilla/5.0 (Linux; Android 11; SM-A115M Build/RP1A.200720.012; wv) AppleWebKit/537.36 (KHTML, like Gecko) Version/4.0 Chrome/103.0.5060.129 Safari/537.36 [FB_IAB/FB4A;FBAV/378.0.0.18.112;]', '2022-08-09', '19:50:17'),
(113966, '131.108.148.197', 'https://www.cnarp.com.br/?gclid=CjwKCAjwi8iXBhBeEiwAKbUofddTeNPrZbiBSpTS5jqMsLneXcLj5w310BndGqhFUMFW5_xQiOh4lxoCRE0QAvD_BwE', 'Mozilla/5.0 (Linux; Android 11; SAMSUNG SM-A035M) AppleWebKit/537.36 (KHTML, like Gecko) SamsungBrowser/17.0 Chrome/96.0.4664.104 Mobile Safari/537.36', '2022-08-09', '19:53:11'),
(113967, '45.4.32.138', 'https://cnarp.com.br/?fbclid=IwAR0qnKLtdMqBiLYWALYtvnDTNu74CZRrH85HZQHHc9sMmtSho-vKi00J6m8', 'Mozilla/5.0 (Linux; Android 9; SM-J701MT Build/PPR1.180610.011; wv) AppleWebKit/537.36 (KHTML, like Gecko) Version/4.0 Chrome/103.0.5060.129 Mobile Safari/537.36 [FB_IAB/FB4A;FBAV/377.0.0.22.107;]', '2022-08-09', '19:55:54'),
(113968, '189.40.90.210', 'https://cnarp.com.br/?fbclid=IwAR3GIZLAYfGz6ta6XbKxoLcPsNYrjCdbBhN3CsPBd5yPV9bJYEtLsBgGIXk', 'Mozilla/5.0 (Linux; Android 6.0.1; SM-G532MT Build/MMB29T; wv) AppleWebKit/537.36 (KHTML, like Gecko) Version/4.0 Chrome/99.0.4844.88 Mobile Safari/537.36 [FB_IAB/FB4A;FBAV/372.1.0.23.107;]', '2022-08-09', '20:01:21'),
(113969, '177.54.199.140', 'https://cnarp.com.br/?fbclid=PAAaZiU5W2PBDld7RG7UAMSOEuMaKpy5KIYMSI9rh_nOns_DBF0UpC7lfYrgg', 'Mozilla/5.0 (Linux; Android 11; moto g(9) play Build/RPXS31.Q2-58-17-7-2; wv) AppleWebKit/537.36 (KHTML, like Gecko) Version/4.0 Chrome/103.0.5060.129 Mobile Safari/537.36 Instagram 246.1.0.16.113 Android (30/11; 280dpi; 720x1515; motorola; moto g(9) play; guamp; qcom; pt_BR; 387809237)', '2022-08-09', '20:27:46'),
(113970, '177.200.71.44', 'https://cnarp.com.br/?fbclid=IwAR3_uqysKAgnIr3WHklyYchjj1FYLswzTiJsBViWNmZ3gMhWI8zALtQh2io', 'Mozilla/5.0 (Linux; Android 12; SM-F415F Build/SP1A.210812.016; wv) AppleWebKit/537.36 (KHTML, like Gecko) Version/4.0 Chrome/103.0.5060.129 Mobile Safari/537.36 [FB_IAB/FB4A;FBAV/378.0.0.18.112;]', '2022-08-09', '20:27:59'),
(113971, '179.216.226.125', 'https://cnarp.com.br/?fbclid=IwAR2Xi5dCPQKtKlfG0FM-WBsXlVWcFmmgFHBUpmQB5X1IWyRhJDW_ovu-ZcI', 'Mozilla/5.0 (Linux; Android 10; SM-A205G Build/QP1A.190711.020; wv) AppleWebKit/537.36 (KHTML, like Gecko) Version/4.0 Chrome/103.0.5060.129 Mobile Safari/537.36 [FB_IAB/FB4A;FBAV/378.0.0.18.112;]', '2022-08-09', '20:39:54'),
(113972, '207.46.13.121', 'https://www.cnarp.com.br', 'Mozilla/5.0 (compatible; bingbot/2.0; +http://www.bing.com/bingbot.htm)', '2022-08-09', '20:45:25'),
(113973, '45.185.239.16', 'https://cnarp.com.br/?fbclid=IwAR3Joy6wMvzTHtO0KK1n2CezwGxl40lUdhO1VjGXuBFEhutlbGksl-zDno4', 'Mozilla/5.0 (Linux; Android 9; SM-G955F Build/PPR1.180610.011; wv) AppleWebKit/537.36 (KHTML, like Gecko) Version/4.0 Chrome/103.0.5060.129 Mobile Safari/537.36 [FB_IAB/FB4A;FBAV/378.0.0.18.112;]', '2022-08-09', '20:48:01'),
(113974, '45.185.239.16', 'https://cnarp.com.br/?fbclid=IwAR3Joy6wMvzTHtO0KK1n2CezwGxl40lUdhO1VjGXuBFEhutlbGksl-zDno4', 'Mozilla/5.0 (Linux; Android 9; SM-G955F Build/PPR1.180610.011; wv) AppleWebKit/537.36 (KHTML, like Gecko) Version/4.0 Chrome/103.0.5060.129 Mobile Safari/537.36 [FB_IAB/FB4A;FBAV/378.0.0.18.112;]', '2022-08-09', '20:48:02'),
(113975, '177.200.68.135', 'https://cnarp.com.br/?fbclid=PAAabrc_yQTVzRuW5dTVXfC908kQlNnuWqdAW06UCKsWs3uoSoiKLtAWHDQx8_aem_AbWFFE_-ciWz-qKyxxQodtv8tgfE_7_Iykn0SKj1ygbfD03nVIXI7k940xHq41ucHS0bk2H8Dx7CeChIWsfw1zRCwBjUKLCFtlFAZ44DktvyH3YrxMgLMrhFN71J8tVYrgE', 'Mozilla/5.0 (iPhone; CPU iPhone OS 15_6 like Mac OS X) AppleWebKit/605.1.15 (KHTML, like Gecko) Mobile/15E148 Instagram 245.0.0.13.110 (iPhone8,1; iOS 15_6; pt_BR; pt-BR; scale=2.00; 750x1334; 384816942) NW/3', '2022-08-09', '21:07:36'),
(113976, '45.4.32.181', 'https://cnarp.com.br/?fbclid=IwAR2gaQRhvoYCQpud1vz8lBReQiEJsYebrJ9DiAUE5mE-YTsmMKu1tDu81O0', 'Mozilla/5.0 (Linux; Android 12; SM-A325M Build/SP1A.210812.016; wv) AppleWebKit/537.36 (KHTML, like Gecko) Version/4.0 Chrome/103.0.5060.129 Mobile Safari/537.36 [FB_IAB/FB4A;FBAV/378.0.0.18.112;]', '2022-08-09', '21:08:30'),
(113977, '45.4.32.181', 'https://cnarp.com.br/?fbclid=IwAR2gaQRhvoYCQpud1vz8lBReQiEJsYebrJ9DiAUE5mE-YTsmMKu1tDu81O0', 'Mozilla/5.0 (Linux; Android 12; SM-A325M Build/SP1A.210812.016; wv) AppleWebKit/537.36 (KHTML, like Gecko) Version/4.0 Chrome/103.0.5060.129 Mobile Safari/537.36 [FB_IAB/FB4A;FBAV/378.0.0.18.112;]', '2022-08-09', '21:08:52'),
(113978, '45.4.35.94', 'https://cnarp.com.br/?fbclid=IwAR31XioI2iheUtWIgurI4ROwZ7xTtFlM18XK5Yy3H9WtRisE2adT7AqYJDQ', 'Mozilla/5.0 (Linux; Android 6.0.1; SM-J700M Build/MMB29K; wv) AppleWebKit/537.36 (KHTML, like Gecko) Version/4.0 Chrome/103.0.5060.129 Mobile Safari/537.36 [FB_IAB/FB4A;FBAV/378.0.0.18.112;]', '2022-08-09', '21:11:05'),
(113979, '66.249.64.203', 'https://cnarp.com.br', 'Mozilla/5.0 (Linux; Android 6.0.1; Nexus 5X Build/MMB29P) AppleWebKit/537.36 (KHTML, like Gecko) Chrome/104.0.5112.79 Mobile Safari/537.36 (compatible; Googlebot/2.1; +http://www.google.com/bot.html)', '2022-08-09', '21:18:01'),
(113980, '177.106.116.207', 'https://www.cnarp.com.br/?gclid=CjwKCAjwi8iXBhBeEiwAKbUofSYGZGws16R85fYZ5PT2TYSkQgM7CH388Xo0QCa2IbV8TD0YuFjRChoCf6cQAvD_BwE', 'Mozilla/5.0 (iPhone; CPU iPhone OS 15_6 like Mac OS X) AppleWebKit/605.1.15 (KHTML, like Gecko) Version/15.6 Mobile/15E148 Safari/604.1', '2022-08-09', '21:18:32'),
(113981, '190.180.143.15', 'https://cnarp.com.br/?fbclid=IwAR1BvuEQEYio76g0fjCnVl1W8ifRVAm7Hu3L6wd4pbOopXe6yUcQsLEtszw', 'Mozilla/5.0 (Linux; Android 11; SM-A115M Build/RP1A.200720.012; wv) AppleWebKit/537.36 (KHTML, like Gecko) Version/4.0 Chrome/103.0.5060.129 Mobile Safari/537.36 [FB_IAB/FB4A;FBAV/378.0.0.18.112;]', '2022-08-09', '21:19:54'),
(113982, '200.185.243.73', 'https://cnarp.com.br/?fbclid=IwAR3ZPmKBhUR4Nz2yOm-UzhF7mXWDedWmOnmUpwC_2vIM4PMqdyjeooopslE', 'Mozilla/5.0 (Linux; Android 12; SM-A315G Build/SP1A.210812.016; wv) AppleWebKit/537.36 (KHTML, like Gecko) Version/4.0 Chrome/99.0.4844.88 Mobile Safari/537.36 [FB_IAB/FB4A;FBAV/376.0.0.12.108;]', '2022-08-09', '21:31:18'),
(113983, '66.249.70.184', 'https://www.cnarp.com.br', 'Mozilla/5.0 (compatible; Googlebot/2.1; +http://www.google.com/bot.html)', '2022-08-09', '21:38:03'),
(113984, '45.7.225.59', 'https://cnarp.com.br/?fbclid=IwAR3u7r74br71QsXSZiUR5ER2pZdP_IxuKQ-CPKaXlFqDlrntp8DZCEg7wZc', 'Mozilla/5.0 (Linux; Android 11; SM-A035M Build/RP1A.200720.012; wv) AppleWebKit/537.36 (KHTML, like Gecko) Version/4.0 Chrome/103.0.5060.129 Mobile Safari/537.36 [FB_IAB/FB4A;FBAV/378.0.0.18.112;]', '2022-08-09', '21:46:14'),
(113985, '138.0.1.147', 'https://cnarp.com.br/?fbclid=IwAR2S-DMYOEiwadB2SLqi2Tf7hW86Ca_gp770mrbpGt-QVQCuBeVOv2hHifQ', 'Mozilla/5.0 (Linux; Android 11; SM-A205G Build/RP1A.200720.012; wv) AppleWebKit/537.36 (KHTML, like Gecko) Version/4.0 Chrome/103.0.5060.129 Mobile Safari/537.36 [FB_IAB/FB4A;FBAV/378.0.0.18.112;]', '2022-08-09', '21:48:55'),
(113986, '191.246.4.76', 'https://cnarp.com.br/?fbclid=IwAR2suISRvmcI9B7ncGEGw2ecs7sh_p9FcDxyk0-Pfme9toAAr0e3DFy8v80', 'Mozilla/5.0 (Linux; Android 11; SM-A705MN Build/RP1A.200720.012; wv) AppleWebKit/537.36 (KHTML, like Gecko) Version/4.0 Chrome/103.0.5060.129 Mobile Safari/537.36 [FB_IAB/FB4A;FBAV/376.0.0.12.108;]', '2022-08-09', '21:50:54'),
(113987, '187.26.200.61', 'https://cnarp.com.br/?fbclid=IwAR2lqe6PMX07TgGDrMQirsrbgAx29RTCoX8jX3QmLJH0vfRt7K8AQaaTZ1I', 'Mozilla/5.0 (Linux; Android 11; SM-A105M Build/RP1A.200720.012; wv) AppleWebKit/537.36 (KHTML, like Gecko) Version/4.0 Chrome/102.0.5005.125 Mobile Safari/537.36 [FB_IAB/FB4A;FBAV/377.0.0.22.107;]', '2022-08-09', '21:56:30'),
(113988, '177.200.77.149', 'https://cnarp.com.br/?fbclid=IwAR3wX4vevEimxvRC_R-dI6yQ63dNTDewPJLlxabPhjw6jdVi1eY5FrxZeFQ', 'Mozilla/5.0 (Linux; Android 10; moto g(8) play Build/QMDS30.47-33-5; wv) AppleWebKit/537.36 (KHTML, like Gecko) Version/4.0 Chrome/104.0.5112.69 Mobile Safari/537.36 [FB_IAB/FB4A;FBAV/378.0.0.18.112;]', '2022-08-09', '22:02:01'),
(113989, '45.185.239.16', 'https://cnarp.com.br/?fbclid=IwAR1m7l_xcFndhLOcxupSDtL72j5ujtLI4EoHgCzZHJ4RcqQrxFgEO3JdNUE', 'Mozilla/5.0 (Linux; Android 9; SM-G955F Build/PPR1.180610.011; wv) AppleWebKit/537.36 (KHTML, like Gecko) Version/4.0 Chrome/103.0.5060.129 Mobile Safari/537.36 [FB_IAB/FB4A;FBAV/378.0.0.18.112;]', '2022-08-09', '22:02:10'),
(113990, '45.177.76.212', 'https://cnarp.com.br/?external_browser_redirect=true&fbclid=PAAabcY96TyeDRQhopsqBQ9buwvwxCqE7TxBsY5ySk_DN7BxZy4aQJ05oJfbs', 'Mozilla/5.0 (Linux; Android 11; SM-A205G) AppleWebKit/537.36 (KHTML, like Gecko) Chrome/104.0.0.0 Mobile Safari/537.36', '2022-08-09', '22:08:13'),
(113991, '189.123.99.18', 'https://cnarp.com.br/?fbclid=PAAaaUvDnbhIZALe9FQi3LudMnimqnlkCkoz_vvbBostD42WiJBRMDYgmKlcM', 'Mozilla/5.0 (Linux; Android 12; SM-G780F Build/SP1A.210812.016; wv) AppleWebKit/537.36 (KHTML, like Gecko) Version/4.0 Chrome/104.0.5112.69 Mobile Safari/537.36 Instagram 246.1.0.16.113 Android (31/12; 480dpi; 1080x2267; samsung; SM-G780F; r8s; exynos990; pt_BR; 387809238)', '2022-08-09', '22:16:56'),
(113992, '177.137.144.59', 'https://cnarp.com.br/?fbclid=IwAR3IbmJjjJGk7D6xtG_LwKqUqc17x1_hSK1W5aebfOvz-dWhMbtwQgRXrhk', 'Mozilla/5.0 (Linux; Android 9; moto g(6) plus Build/PPW29.116-16-29; wv) AppleWebKit/537.36 (KHTML, like Gecko) Version/4.0 Chrome/100.0.4896.127 Mobile Safari/537.36 [FB_IAB/FB4A;FBAV/366.1.0.20.113;]', '2022-08-09', '22:24:22'),
(113993, '45.160.228.85', 'https://cnarp.com.br/?fbclid=IwAR1mDGdfv5LL5E_WFBS0VIvVyWtV706bjvO0CwooEaHaZ8ENmk3rtxtlvL4', 'Mozilla/5.0 (Linux; Android 12; SM-G973F Build/SP1A.210812.016; wv) AppleWebKit/537.36 (KHTML, like Gecko) Version/4.0 Chrome/103.0.5060.129 Mobile Safari/537.36 [FB_IAB/FB4A;FBAV/378.0.0.18.112;]', '2022-08-09', '22:33:12'),
(113994, '189.40.91.98', 'https://cnarp.com.br/?fbclid=IwAR0bwnNVvLPArV_i0_SzqdzUK4l1vK9j0HBnYlIYagRzCLzJLwmlmLYJ0Gw', 'Mozilla/5.0 (Linux; Android 7.1.2; LM-X410.F Build/N2G47H; wv) AppleWebKit/537.36 (KHTML, like Gecko) Version/4.0 Chrome/103.0.5060.71 Mobile Safari/537.36 [FB_IAB/FB4A;FBAV/378.0.0.18.112;]', '2022-08-09', '22:33:27'),
(113995, '186.219.52.41', 'https://cnarp.com.br/?fbclid=IwAR3JTObQ9dS4Yj9eOG4l5ssueBn0zFwxepiLdKdwdRtI_6-s_vZa_JDFnTg', 'Mozilla/5.0 (Linux; Android 9; moto e6s Build/POES29.288-60-6-1-29; wv) AppleWebKit/537.36 (KHTML, like Gecko) Version/4.0 Chrome/104.0.5112.69 Mobile Safari/537.36 [FB_IAB/FB4A;FBAV/378.0.0.18.112;]', '2022-08-09', '22:34:44'),
(113996, '189.38.217.237', 'https://cnarp.com.br/?fbclid=IwAR0BPtWW0P1BcbpCBjmIxkovBc-SEj3y9RX1j6pk4LJ83Xy32gpEeFLJ2yw', 'Mozilla/5.0 (Linux; Android 10; moto g(7) play Build/QPYS30.52-22-14; wv) AppleWebKit/537.36 (KHTML, like Gecko) Version/4.0 Chrome/103.0.5060.129 Mobile Safari/537.36 [FB_IAB/FB4A;FBAV/378.0.0.18.112;]', '2022-08-09', '22:47:29'),
(113997, '45.177.78.248', 'https://cnarp.com.br/?fbclid=IwAR27P6wURTw9aSmGc_H_mUIucvv8EmAB7uHSoR1hz_ScycrN0AK-l7_dPtw', 'Mozilla/5.0 (Linux; Android 10; SM-A105M Build/QP1A.190711.020; wv) AppleWebKit/537.36 (KHTML, like Gecko) Version/4.0 Chrome/103.0.5060.129 Mobile Safari/537.36 [FB_IAB/FB4A;FBAV/378.0.0.18.112;]', '2022-08-09', '22:50:14'),
(113998, '45.4.35.167', 'https://cnarp.com.br/?fbclid=IwAR1gypWANJiI-229XVvkIQgZtrZ5eCzDusOK7iY7-fkDi9vJTZpOMY_Ua_s', 'Mozilla/5.0 (Linux; Android 10; moto e(7) plus Build/QPZS30.30-Q3-38-69-10; wv) AppleWebKit/537.36 (KHTML, like Gecko) Version/4.0 Chrome/103.0.5060.129 Mobile Safari/537.36 [FB_IAB/FB4A;FBAV/371.0.0.24.109;]', '2022-08-09', '23:04:09'),
(113999, '189.63.227.3', 'https://cnarp.com.br/?fbclid=IwAR2Ux4Pe6_XBthUZwa5s8hRRioftQ7YEZFD-8k50CLgAohBEAdg3bGvkN8Y', 'Mozilla/5.0 (Linux; Android 10; MI 8 Lite Build/QKQ1.190910.002; wv) AppleWebKit/537.36 (KHTML, like Gecko) Version/4.0 Chrome/104.0.5112.69 Mobile Safari/537.36 [FB_IAB/FB4A;FBAV/378.0.0.18.112;]', '2022-08-09', '23:10:10'),
(114000, '177.58.183.106', 'https://cnarp.com.br/?fbclid=IwAR3rkZ3avZTj16RfTGaD6wTs_9bMrfU6dN24UadT5G1SfQuOo1z7BQXw_sA', 'Mozilla/5.0 (Linux; Android 7.1.2; LM-X210 Build/N2G47H; wv) AppleWebKit/537.36 (KHTML, like Gecko) Version/4.0 Chrome/101.0.4951.61 Mobile Safari/537.36 [FB_IAB/FB4A;FBAV/375.1.0.28.111;]', '2022-08-09', '23:10:12'),
(114001, '191.55.22.186', 'https://cnarp.com.br/?fbclid=IwAR2ACie3vG-uVjIXVMqwAU4-0d1mBj9vg71C__G0Q25kTo353zq512qZWR8', 'Mozilla/5.0 (Linux; Android 8.0.0; SM-G570M Build/R16NW; wv) AppleWebKit/537.36 (KHTML, like Gecko) Version/4.0 Chrome/104.0.5112.69 Mobile Safari/537.36 [FB_IAB/FB4A;FBAV/378.0.0.18.112;]', '2022-08-09', '23:28:33'),
(114002, '177.200.77.238', 'https://cnarp.com.br/?fbclid=IwAR2wpJjxY_cQp-hsiZBNxrEvcxP-Np_FAJstrP_uMcco4gt_r2cttJZ7twE', 'Mozilla/5.0 (Linux; Android 12; SM-A325M Build/SP1A.210812.016; wv) AppleWebKit/537.36 (KHTML, like Gecko) Version/4.0 Chrome/103.0.5060.129 Mobile Safari/537.36 [FB_IAB/FB4A;FBAV/378.0.0.18.112;]', '2022-08-09', '23:33:27'),
(114003, '187.101.38.236', 'https://www.cnarp.com.br/?gclid=CjwKCAjwi8iXBhBeEiwAKbUofQVlFWQOuLD-hj4skv9gY9BL9nBwJnOrqBl1YvoSJ9sNUptJmIDWchoC_8YQAvD_BwE', 'Mozilla/5.0 (iPhone; CPU iPhone OS 15_6 like Mac OS X) AppleWebKit/605.1.15 (KHTML, like Gecko) CriOS/103.0.5060.63 Mobile/15E148 Safari/604.1', '2022-08-09', '23:41:51'),
(114004, '45.65.213.10', 'https://cnarp.com.br/?fbclid=IwAR3nosSAFwmRXSV8a_MmcRO8A3_sBWEBZIqOWzm8X0L-aTZOtlf0nGEj0dA', 'Mozilla/5.0 (Linux; Android 9; moto g(8) power lite Build/POD29.348-23; wv) AppleWebKit/537.36 (KHTML, like Gecko) Version/4.0 Chrome/103.0.5060.71 Mobile Safari/537.36 [FB_IAB/FB4A;FBAV/377.0.0.22.107;]', '2022-08-09', '23:51:02'),
(114005, '74.125.151.184', 'https://www.cnarp.com.br', 'AdsBot-Google (+http://www.google.com/adsbot.html)', '2022-08-10', '00:49:07'),
(114006, '177.200.77.51', 'https://cnarp.com.br/?fbclid=IwAR08OE1DSPnqX60lUGt3ic5nlT7QOMpvnw-dK_gjyxIxevOfTtABXR2Trh0', 'Mozilla/5.0 (Linux; Android 10; moto e(7) Build/QOGS30.569-83-5; wv) AppleWebKit/537.36 (KHTML, like Gecko) Version/4.0 Chrome/103.0.5060.129 Mobile Safari/537.36 [FB_IAB/FB4A;FBAV/378.0.0.18.112;]', '2022-08-10', '00:50:31');

-- --------------------------------------------------------

--
-- Estrutura para tabela `banners`
--

CREATE TABLE `banners` (
  `id` bigint UNSIGNED NOT NULL,
  `image` varchar(191) COLLATE utf8mb4_unicode_ci NOT NULL,
  `mobile` varchar(191) COLLATE utf8mb4_unicode_ci NOT NULL,
  `order` int DEFAULT NULL,
  `title` varchar(191) COLLATE utf8mb4_unicode_ci DEFAULT NULL,
  `text` text COLLATE utf8mb4_unicode_ci,
  `link` varchar(191) COLLATE utf8mb4_unicode_ci DEFAULT '#',
  `created_at` timestamp NULL DEFAULT NULL,
  `updated_at` timestamp NULL DEFAULT NULL,
  `deleted_at` timestamp NULL DEFAULT NULL
) ENGINE=InnoDB DEFAULT CHARSET=utf8mb4 COLLATE=utf8mb4_unicode_ci;

--
-- Despejando dados para a tabela `banners`
--

INSERT INTO `banners` (`id`, `image`, `mobile`, `order`, `title`, `text`, `link`, `created_at`, `updated_at`, `deleted_at`) VALUES
(1, 'uploads/site/banner/b_b6b72769-dec2-4820-9c62-a58bc788c790.webp', 'uploads/site/banner/c_ef174a2d-6346-4e5a-9f0f-8dc6608bdd49.webp', 999, NULL, NULL, '#', '2021-04-27 20:24:07', '2021-05-18 19:11:39', '2021-05-18 19:11:39'),
(2, 'uploads/site/banner/b_70852300-2a0a-4cac-874c-bbc1981a2b5b.webp', 'uploads/site/banner/c_7549536f-4e44-435b-a116-b21f69e4fa7f.webp', 999, NULL, NULL, '#', '2021-05-18 19:11:28', '2021-05-18 21:16:07', '2021-05-18 21:16:07'),
(3, 'uploads/site/banner/b_d5e4275a-6227-49b0-b861-8fe0bdf6cc6e.webp', 'uploads/site/banner/c_4878277d-65d1-45e3-8516-6b7de1942b15.webp', 999, NULL, NULL, '#', '2021-05-18 21:15:58', '2021-05-18 21:17:00', '2021-05-18 21:17:00'),
(4, 'uploads/site/banner/b_c9c03378-6c69-4f4d-b9c8-e6d3a592470a.webp', 'uploads/site/banner/c_1f31231c-4c28-4580-9fbe-ae37df49c45a.webp', 999, NULL, NULL, '#', '2021-05-18 21:16:55', '2021-05-19 19:52:50', '2021-05-19 19:52:50'),
(5, 'uploads/site/banner/b_9b6e1d3f-b55e-498e-b8b9-a47afb20132b.webp', 'uploads/site/banner/c_74a3c559-0736-4408-b276-f1ce000c098c.webp', 999, NULL, NULL, '#', '2021-05-19 19:52:29', '2021-05-19 19:54:11', '2021-05-19 19:54:11'),
(6, 'uploads/site/banner/b_c4b96db5-cff2-4693-b28c-5c0ff133dd8f.webp', 'uploads/site/banner/c_d05c0082-8642-4eeb-ab51-b6e7688ff635.webp', 999, NULL, NULL, '#', '2021-05-19 19:54:07', '2021-06-11 19:28:17', '2021-06-11 19:28:17'),
(7, 'uploads/site/banner/b_660ac1a5-ec49-4986-bbd1-d12eb114df87.webp', 'uploads/site/banner/c_96f4fecb-faca-4122-930b-2b3778eca635.webp', 999, NULL, NULL, '#', '2021-06-11 19:28:03', '2021-06-11 19:47:35', '2021-06-11 19:47:35'),
(8, 'uploads/site/banner/b_427840d9-dcdc-49a8-a19d-39ebf43e7aec.webp', 'uploads/site/banner/c_57a8dd51-79e5-40ae-b7f9-c984e5fc4026.webp', 999, NULL, NULL, '#', '2021-06-11 19:47:30', '2021-07-13 19:55:03', '2021-07-13 19:55:03'),
(9, 'uploads/site/banner/b_9782819c-c06e-4f43-870c-d3055fcdfc32.webp', 'uploads/site/banner/c_40edbde4-d257-43e6-bff5-1ed620293f79.webp', 999, NULL, NULL, '#', '2021-07-13 19:54:50', '2021-08-03 18:53:05', '2021-08-03 18:53:05'),
(10, 'uploads/site/banner/b_90a36b4e-03e8-4144-adec-8e8343a44c9e.webp', 'uploads/site/banner/c_a37595bd-6192-478c-ac30-c1f152fdbf2f.webp', 999, NULL, NULL, '#', '2021-08-03 18:53:00', '2021-08-13 19:03:07', '2021-08-13 19:03:07'),
(11, 'uploads/site/banner/b_1df99d6f-3d5a-4357-8564-9a2face5bb5f.webp', 'uploads/site/banner/c_5310d767-e6f8-4de2-a884-a9648be3341d.webp', 999, NULL, NULL, '#', '2021-08-13 19:02:58', '2021-09-16 02:17:43', '2021-09-16 02:17:43'),
(12, 'uploads/site/banner/b_b77c5cef-1006-4f83-8a31-0500da088b28.webp', 'uploads/site/banner/c_7f3375d2-9969-44e0-9521-a750d2ebdd39.webp', 999, NULL, NULL, '#', '2021-09-16 02:17:37', '2021-09-16 18:18:51', '2021-09-16 18:18:51'),
(13, 'uploads/site/banner/b_4678bd98-5533-4e8d-8901-80d7da7484fc.webp', 'uploads/site/banner/c_971564aa-410b-4475-b860-53b7bd649493.webp', 999, NULL, NULL, '#', '2021-09-16 18:18:46', '2021-10-08 17:52:51', '2021-10-08 17:52:51'),
(14, 'uploads/site/banner/b_690699fa-67a8-45d3-9437-6b4d69a02362.webp', 'uploads/site/banner/c_14a8c44e-fd22-467b-ade2-439a479e44de.webp', 999, NULL, NULL, '#', '2021-10-08 17:52:42', '2021-10-13 20:27:50', '2021-10-13 20:27:50'),
(15, 'uploads/site/banner/b_57d20662-a82e-44b7-bbe6-c3f40df12135.webp', 'uploads/site/banner/c_dee93a65-db25-42e0-9be0-ad3049451edd.webp', 999, NULL, NULL, '#', '2021-10-13 20:27:45', '2021-11-05 21:45:40', '2021-11-05 21:45:40'),
(16, 'uploads/site/banner/b_3d8cfd3b-d2fe-4030-a653-bd4787dbe922.webp', 'uploads/site/banner/c_be630a5c-09c7-4ccb-a597-662af52debe6.webp', 999, NULL, NULL, '#', '2021-11-05 21:45:32', '2021-11-18 20:19:35', '2021-11-18 20:19:35'),
(17, 'uploads/site/banner/b_eaf95b44-998b-4dfa-b0a0-4f1f5d3643ee.webp', 'uploads/site/banner/c_a7e30efb-9d40-48c3-aeaa-d31f38289243.webp', 999, NULL, NULL, '#', '2021-11-18 20:19:25', '2021-12-01 15:07:22', '2021-12-01 15:07:22'),
(18, 'uploads/site/banner/b_c29dca86-3c79-4e04-b7eb-68bb794a192b.webp', 'uploads/site/banner/c_c209d71e-b53c-446c-9fd5-eda0e227fd56.webp', 999, NULL, NULL, '#', '2021-12-01 15:07:13', '2022-01-17 17:13:56', '2022-01-17 17:13:56'),
(19, 'uploads/site/banner/b_dfc4d1d3-74ef-46c8-90fc-3cc650bcc782.webp', 'uploads/site/banner/c_ce0a6615-6ed6-4891-8547-e0c9a2311c41.webp', 999, NULL, NULL, '#', '2022-01-17 17:13:45', '2022-06-20 21:05:04', '2022-06-20 21:05:04'),
(20, 'uploads/site/banner/b_b07619fd-e27f-48b4-9984-f1f9bc0042d8.webp', 'uploads/site/banner/c_7cb2346d-cc69-453f-aee1-6e0fd6cc4e8b.webp', 999, NULL, NULL, '#', '2022-06-20 21:04:42', '2022-06-20 21:11:37', '2022-06-20 21:11:37'),
(21, 'uploads/site/banner/b_4b2c3437-72ec-40ee-8438-a02853b56bbf.webp', 'uploads/site/banner/c_962539de-385d-428d-9ad8-2380bcca8b1a.webp', 999, NULL, NULL, '#', '2022-06-20 21:10:49', '2022-06-22 20:58:46', '2022-06-22 20:58:46'),
(22, 'uploads/site/banner/b_47a51bb1-0fe2-4281-85dd-8979f5e10b8b.webp', 'uploads/site/banner/c_f2ba0739-0d17-4b8a-ae8f-0d32f2fab068.webp', 999, NULL, NULL, '#', '2022-06-22 20:58:41', '2022-07-19 18:13:58', '2022-07-19 18:13:58'),
(23, 'uploads/site/banner/b_3aa5916a-9f6c-43de-8068-ed260ce45557.webp', 'uploads/site/banner/c_0569c556-4aaa-4b42-840f-b3ddc9b77194.webp', 1, NULL, NULL, '#', '2022-07-19 18:13:49', '2022-07-19 18:13:49', NULL);

-- --------------------------------------------------------

--
-- Estrutura para tabela `configs`
--

CREATE TABLE `configs` (
  `id` bigint UNSIGNED NOT NULL,
  `cellphone` varchar(191) COLLATE utf8mb4_unicode_ci DEFAULT NULL,
  `phone` varchar(191) COLLATE utf8mb4_unicode_ci DEFAULT NULL,
  `email` varchar(191) COLLATE utf8mb4_unicode_ci NOT NULL,
  `address` varchar(191) COLLATE utf8mb4_unicode_ci DEFAULT NULL,
  `whatsapp` varchar(191) COLLATE utf8mb4_unicode_ci DEFAULT NULL,
  `facebook` varchar(191) COLLATE utf8mb4_unicode_ci DEFAULT NULL,
  `instagram` varchar(191) COLLATE utf8mb4_unicode_ci DEFAULT NULL,
  `twitter` varchar(191) COLLATE utf8mb4_unicode_ci DEFAULT NULL,
  `youtube` varchar(191) COLLATE utf8mb4_unicode_ci DEFAULT NULL,
  `linkedin` varchar(191) COLLATE utf8mb4_unicode_ci DEFAULT NULL,
  `form_email_to` varchar(191) COLLATE utf8mb4_unicode_ci NOT NULL,
  `form_email_cc` varchar(191) COLLATE utf8mb4_unicode_ci DEFAULT NULL,
  `created_at` timestamp NULL DEFAULT NULL,
  `updated_at` timestamp NULL DEFAULT NULL
) ENGINE=InnoDB DEFAULT CHARSET=utf8mb4 COLLATE=utf8mb4_unicode_ci;

--
-- Despejando dados para a tabela `configs`
--

INSERT INTO `configs` (`id`, `cellphone`, `phone`, `email`, `address`, `whatsapp`, `facebook`, `instagram`, `twitter`, `youtube`, `linkedin`, `form_email_to`, `form_email_cc`, `created_at`, `updated_at`) VALUES
(1, '(01) 23456-7890', '(01) 2345-6789', 'seuemail@dominio.com.br', 'Av. Endereço da sua empresa, 000 000000-000 Ribeirão Preto - SP', '(01) 23456-7890', 'http://facebook.com/', 'http://instagram.com/', 'http://twitter.com/', 'http://youtube.com/', 'http://linkedin.com/', 'contato@dominio.com.br', 'outrocontato@dominio.com.br', '2021-04-27 20:07:05', '2021-04-27 20:07:05');

-- --------------------------------------------------------

--
-- Estrutura para tabela `galleries`
--

CREATE TABLE `galleries` (
  `id` bigint UNSIGNED NOT NULL,
  `title` varchar(191) COLLATE utf8mb4_unicode_ci NOT NULL,
  `text` text COLLATE utf8mb4_unicode_ci,
  `date` date NOT NULL,
  `slug` varchar(191) COLLATE utf8mb4_unicode_ci NOT NULL,
  `created_at` timestamp NULL DEFAULT NULL,
  `updated_at` timestamp NULL DEFAULT NULL
) ENGINE=InnoDB DEFAULT CHARSET=utf8mb4 COLLATE=utf8mb4_unicode_ci;

-- --------------------------------------------------------

--
-- Estrutura para tabela `gallery_images`
--

CREATE TABLE `gallery_images` (
  `id` bigint UNSIGNED NOT NULL,
  `image` varchar(191) COLLATE utf8mb4_unicode_ci NOT NULL,
  `thumbnail` varchar(191) COLLATE utf8mb4_unicode_ci NOT NULL,
  `size` varchar(191) COLLATE utf8mb4_unicode_ci NOT NULL,
  `order` int NOT NULL DEFAULT '0',
  `gallery_id` int NOT NULL,
  `created_at` timestamp NULL DEFAULT NULL,
  `updated_at` timestamp NULL DEFAULT NULL
) ENGINE=InnoDB DEFAULT CHARSET=utf8mb4 COLLATE=utf8mb4_unicode_ci;

-- --------------------------------------------------------

--
-- Estrutura para tabela `messages`
--

CREATE TABLE `messages` (
  `id` bigint UNSIGNED NOT NULL,
  `name` varchar(191) COLLATE utf8mb4_unicode_ci NOT NULL,
  `email` varchar(191) COLLATE utf8mb4_unicode_ci NOT NULL,
  `subject` varchar(191) COLLATE utf8mb4_unicode_ci DEFAULT NULL,
  `city` varchar(191) COLLATE utf8mb4_unicode_ci DEFAULT NULL,
  `state` varchar(191) COLLATE utf8mb4_unicode_ci DEFAULT NULL,
  `phone` varchar(191) COLLATE utf8mb4_unicode_ci NOT NULL,
  `message` text COLLATE utf8mb4_unicode_ci NOT NULL,
  `status` tinyint(1) NOT NULL DEFAULT '0',
  `created_at` timestamp NULL DEFAULT NULL,
  `updated_at` timestamp NULL DEFAULT NULL
) ENGINE=InnoDB DEFAULT CHARSET=utf8mb4 COLLATE=utf8mb4_unicode_ci;

--
-- Despejando dados para a tabela `messages`
--

INSERT INTO `messages` (`id`, `name`, `email`, `subject`, `city`, `state`, `phone`, `message`, `status`, `created_at`, `updated_at`) VALUES
(3, 'Lucas Sigaki', 'lucas.sigaki@gmail.com', 'Quero Aprender.', '', '', '(16) 98160-1678', 'CNA Campos Salles', 0, '2021-05-05 21:03:27', '2021-05-05 21:03:27'),
(19, 'Lucas Sigaki', 'teste@gmail.com', 'Quero Aprender.', '', '', '(16) 98160-1678', 'CNA Dom Pedro', 0, '2021-05-11 20:30:29', '2021-05-11 20:30:29'),
(22, 'teste campos sales', 'teste@cna.com.br', 'Quero Aprender.', '', '', '(16) 92931-9231', 'CNA Campos Salles', 0, '2021-05-12 16:48:51', '2021-05-12 16:48:51'),
(23, 'teste campos sales', 'teste@cna.com.br', 'Quero Aprender.', '', '', '(16) 92931-9231', 'CNA Campos Salles', 0, '2021-05-12 16:49:02', '2021-05-12 16:49:02'),
(25, 'CASSIO HENRIQUE DE CARVALHO VILELA', 'cassioenrique1@gmail.com', 'Quero Aprender.', '', '', '(35) 99898-8047', 'CNA Campos Salles', 0, '2021-05-14 21:40:18', '2021-05-14 21:40:18'),
(47, 'marina jorge', 'marinacardozolara@hotmail.com', 'Quero Aprender.', '', '', '(16) 9999-9999', 'CNA Campos Salles', 0, '2021-05-25 16:50:49', '2021-05-25 16:50:49'),
(48, 'marina jorge', 'marinacardozolara@hotmail.com', 'Quero Aprender.', '', '', '(16) 9999-9999', 'CNA Campos Salles', 0, '2021-05-25 16:59:05', '2021-05-25 16:59:05'),
(114, 'marina jorge', 'marinacardozolara@hotmail.com', 'Quero Aprender.', '', '', '(16) 9999-9999', 'CNA Campos Salles', 0, '2021-05-26 16:53:46', '2021-05-26 16:53:46'),
(115, 'marina jorge', 'marinacardozolara@hotmail.com', 'Quero Aprender.', '', '', '(16) 9999-9999', 'CNA Campos Salles', 0, '2021-05-26 16:53:53', '2021-05-26 16:53:53'),
(116, 'marina jorge', 'marinacardozolara@hotmail.com', 'Quero Aprender.', '', '', '(16) 9999-9999', 'CNA Dom Pedro', 0, '2021-05-26 16:54:13', '2021-05-26 16:54:13'),
(208, 'oioioi teste', 'oiteste@gmail.com', 'Quero Aprender.', '', '', '(16) 98988-9898', 'CNA Dom Pedro', 0, '2021-05-26 19:13:14', '2021-05-26 19:13:14'),
(209, 'oioioi teste', 'oiteste@gmail.com', 'Quero Aprender.', '', '', '(16) 98988-9898', 'CNA Dom Pedro', 0, '2021-05-26 19:13:15', '2021-05-26 19:13:15'),
(210, 'marina jorge', 'marinacardozolara@hotmail.com', 'Quero Aprender.', '', '', '(16) 9999-9999', 'CNA Campos Salles', 0, '2021-05-26 19:14:34', '2021-05-26 19:14:34'),
(211, 'marina jorge', 'marinacardozolara@hotmail.com', 'Quero Aprender.', '', '', '(16) 9999-9999', 'CNA Campos Salles', 0, '2021-05-26 19:18:41', '2021-05-26 19:18:41'),
(212, 'marina jorge', 'marinacardozolara@hotmail.com', 'Quero Aprender.', '', '', '(16) 9999-9999', 'CNA Dom Pedro', 0, '2021-05-26 19:26:10', '2021-05-26 19:26:10'),
(213, 'marina jorge', 'marinacardozolara@hotmail.com', 'Quero Aprender.', '', '', '(16) 9999-9999', 'CNA Dom Pedro', 0, '2021-05-26 19:26:13', '2021-05-26 19:26:13'),
(214, 'marina jorge', 'marinacardozolara@hotmail.com', 'Quero Aprender.', '', '', '(16) 9999-9999', 'CNA Campos Salles', 0, '2021-05-26 19:26:33', '2021-05-26 19:26:33'),
(215, 'Camila Velloni', 'camila.velloni@agenciabpone.com.br', 'Quero Aprender.', '', '', '(11) 95351-2193', 'CNA Dom Pedro', 0, '2021-05-26 19:26:52', '2021-05-26 19:26:52'),
(216, 'Camila Velloni', 'camila.velloni@agenciabpone.com.br', 'Quero Aprender.', '', '', '(11) 95351-2193', 'CNA Dom Pedro', 0, '2021-05-26 19:26:55', '2021-05-26 19:26:55'),
(217, 'Camila Velloni', 'camila.velloni@agenciabpone.com.br', 'Quero Aprender.', '', '', '(11) 95351-2193', 'CNA Dom Pedro', 0, '2021-05-26 19:26:56', '2021-05-26 19:26:56'),
(218, 'Camila Velloni', 'camila.velloni@agenciabpone.com.br', 'Quero Aprender.', '', '', '(11) 95351-2193', 'CNA Dom Pedro', 0, '2021-05-26 19:26:57', '2021-05-26 19:26:57'),
(219, 'Camila Velloni', 'camila.velloni@agenciabpone.com.br', 'Quero Aprender.', '', '', '(11) 95351-2193', 'CNA Dom Pedro', 0, '2021-05-26 19:26:57', '2021-05-26 19:26:57'),
(220, 'Camila Velloni', 'camila.velloni@agenciabpone.com.br', 'Quero Aprender.', '', '', '(11) 95351-2193', 'CNA Dom Pedro', 0, '2021-05-26 19:26:58', '2021-05-26 19:26:58'),
(221, 'Camila Velloni', 'camila.velloni@agenciabpone.com.br', 'Quero Aprender.', '', '', '(11) 95351-2193', 'CNA Dom Pedro', 0, '2021-05-26 19:26:59', '2021-05-26 19:26:59'),
(222, 'Camila Velloni', 'camila.velloni@agenciabpone.com.br', 'Quero Aprender.', '', '', '(11) 95351-2193', 'CNA Dom Pedro', 0, '2021-05-26 19:27:33', '2021-05-26 19:27:33'),
(223, 'Camila Velloni', 'camila.velloni@agenciabpone.com.br', 'Quero Aprender.', '', '', '(11) 95351-2193', 'CNA Dom Pedro', 0, '2021-05-26 19:27:34', '2021-05-26 19:27:34'),
(224, 'marina jorge', 'marinacardozolara@hotmail.com', 'Quero Aprender.', '', '', '(16) 9999-9999', 'CNA Dom Pedro', 0, '2021-05-26 19:28:02', '2021-05-26 19:28:02'),
(225, 'Camila Velloni', 'camila.velloni@agenciabpone.com.br', 'Quero Aprender.', '', '', '(11) 95351-2193', 'CNA Dom Pedro', 0, '2021-05-26 19:28:06', '2021-05-26 19:28:06'),
(226, 'Camila Velloni', 'camila.velloni@agenciabpone.com.br', 'Quero Aprender.', '', '', '(11) 95351-2193', 'CNA Dom Pedro', 0, '2021-05-26 19:28:23', '2021-05-26 19:28:23'),
(227, '1312313', '312313@gmail.com', 'Quero Aprender.', '', '', '(12) 3123-123', 'CNA Campos Salles', 0, '2021-05-26 19:28:49', '2021-05-26 19:28:49'),
(228, '1312313', '312313@gmail.com', 'Quero Aprender.', '', '', '(12) 3123-123', 'CNA Campos Salles', 0, '2021-05-26 19:28:53', '2021-05-26 19:28:53'),
(229, '1312313', '312313@gmail.com', 'Quero Aprender.', '', '', '(12) 3123-123', 'CNA Dom Pedro', 0, '2021-05-26 19:29:14', '2021-05-26 19:29:14'),
(230, '1312313', '312313@gmail.com', 'Quero Aprender.', '', '', '(12) 3123-123', 'CNA Dom Pedro', 0, '2021-05-26 19:29:14', '2021-05-26 19:29:14'),
(231, '1312313', '312313@gmail.com', 'Quero Aprender.', '', '', '(12) 3123-123', 'CNA Dom Pedro', 0, '2021-05-26 19:29:23', '2021-05-26 19:29:23'),
(232, '1312313', '312313@gmail.com', 'Quero Aprender.', '', '', '(12) 3123-123', 'CNA Dom Pedro', 0, '2021-05-26 19:29:31', '2021-05-26 19:29:31'),
(233, '1312313', '312313@gmail.com', 'Quero Aprender.', '', '', '(12) 3123-123', 'CNA Dom Pedro', 0, '2021-05-26 19:29:40', '2021-05-26 19:29:40'),
(234, '1312313', '312313@gmail.com', 'Quero Aprender.', '', '', '(12) 3123-123', 'CNA Dom Pedro', 0, '2021-05-26 19:29:49', '2021-05-26 19:29:49'),
(235, '1312313', '312313@gmail.com', 'Quero Aprender.', '', '', '(12) 3123-123', 'CNA Dom Pedro', 0, '2021-05-26 19:30:04', '2021-05-26 19:30:04'),
(236, '1312313', '312313@gmail.com', 'Quero Aprender.', '', '', '(12) 3123-123', 'CNA Dom Pedro', 0, '2021-05-26 19:30:04', '2021-05-26 19:30:04'),
(237, 'Teste8', 'Teste@gmail.com', 'Quero Aprender.', '', '', '(16) 16111-6111', 'CNA Campos Salles', 0, '2021-05-26 19:30:10', '2021-05-26 19:30:10'),
(238, 'Teste8', 'Teste@gmail.com', 'Quero Aprender.', '', '', '(16) 16111-6111', 'CNA Campos Salles', 0, '2021-05-26 19:30:13', '2021-05-26 19:30:13'),
(239, 'Teste8', 'Teste@gmail.com', 'Quero Aprender.', '', '', '(16) 16111-6111', 'CNA Campos Salles', 0, '2021-05-26 19:30:34', '2021-05-26 19:30:34'),
(240, 'Teste8', 'Teste@gmail.com', 'Quero Aprender.', '', '', '(16) 16111-6111', 'CNA Campos Salles', 0, '2021-05-26 19:30:34', '2021-05-26 19:30:34'),
(241, 'Teste8', 'Teste@gmail.com', 'Quero Aprender.', '', '', '(16) 16111-6111', 'CNA Campos Salles', 0, '2021-05-26 19:30:35', '2021-05-26 19:30:35'),
(242, 'Teste8', 'Teste@gmail.com', 'Quero Aprender.', '', '', '(16) 16111-6111', 'CNA Campos Salles', 0, '2021-05-26 19:30:36', '2021-05-26 19:30:36'),
(280, '13123123', '12312321312@g', 'Quero Aprender.', '', '', '(31) 2231-3123', 'CNA Campos Salles', 0, '2021-05-26 20:21:11', '2021-05-26 20:21:11'),
(281, '13123123', '12312321312@g', 'Quero Aprender.', '', '', '(31) 2231-3123', 'CNA Campos Salles', 0, '2021-05-26 20:21:12', '2021-05-26 20:21:12'),
(282, '13123123', '12312321312@g', 'Quero Aprender.', '', '', '(31) 2231-3123', 'CNA Campos Salles', 0, '2021-05-26 20:21:32', '2021-05-26 20:21:32'),
(283, '13123123', '12312321312@g', 'Quero Aprender.', '', '', '(31) 2231-3123', 'CNA Campos Salles', 0, '2021-05-26 20:21:35', '2021-05-26 20:21:35'),
(284, '13123123', '12312321312@g', 'Quero Aprender.', '', '', '(31) 2231-3123', 'CNA Campos Salles', 0, '2021-05-26 20:21:51', '2021-05-26 20:21:51'),
(285, '13123123', '12312321312@g', 'Quero Aprender.', '', '', '(31) 2231-3123', 'CNA Campos Salles', 0, '2021-05-26 20:21:59', '2021-05-26 20:21:59'),
(286, '13123123', '12312321312@g', 'Quero Aprender.', '', '', '(31) 2231-3123', 'CNA Campos Salles', 0, '2021-05-26 20:22:18', '2021-05-26 20:22:18'),
(287, '13123123', '12312321312@g', 'Quero Aprender.', '', '', '(31) 2231-3123', 'CNA Campos Salles', 0, '2021-05-26 20:22:18', '2021-05-26 20:22:18'),
(288, '13123123', '12312321312@g', 'Quero Aprender.', '', '', '(31) 2231-3123', 'CNA Campos Salles', 0, '2021-05-26 20:22:42', '2021-05-26 20:22:42'),
(289, '13123123', '12312321312@g', 'Quero Aprender.', '', '', '(31) 2231-3123', 'CNA Campos Salles', 0, '2021-05-26 20:22:44', '2021-05-26 20:22:44'),
(290, '13123123', '12312321312@g', 'Quero Aprender.', '', '', '(31) 2231-3123', 'CNA Campos Salles', 0, '2021-05-26 20:23:05', '2021-05-26 20:23:05'),
(291, '13123123', '12312321312@g', 'Quero Aprender.', '', '', '(31) 2231-3123', 'CNA Campos Salles', 0, '2021-05-26 20:23:09', '2021-05-26 20:23:09'),
(292, '13123123', '12312321312@g', 'Quero Aprender.', '', '', '(31) 2231-3123', 'CNA Campos Salles', 0, '2021-05-26 20:23:23', '2021-05-26 20:23:23'),
(293, '13123123', '12312321312@g', 'Quero Aprender.', '', '', '(31) 2231-3123', 'CNA Campos Salles', 0, '2021-05-26 20:30:34', '2021-05-26 20:30:34'),
(294, 'VITÓRIA', '@ VITÓRIA PEREIRA CAMARGO', 'Quero Aprender.', '', '', '(99) 3564-857', 'CNA Dom Pedro', 0, '2021-05-27 23:18:56', '2021-05-27 23:18:56'),
(295, 'bianca de sousa barato', 'biancadesousabarato@gmail.com', 'Quero Aprender.', '', '', '(16) 99282-1013', 'CNA Dom Pedro', 0, '2021-06-07 13:13:30', '2021-06-07 13:13:30'),
(296, 'bianca de sousa barato', 'biancadesousabarato@gmail.com', 'Quero Aprender.', '', '', '(16) 99282-1013', 'CNA Dom Pedro', 0, '2021-06-07 13:13:33', '2021-06-07 13:13:33'),
(297, 'bianca de sousa barato', 'biancadesousabarato@gmail.com', 'Quero Aprender.', '', '', '(16) 99282-1013', 'CNA Dom Pedro', 0, '2021-06-07 13:13:55', '2021-06-07 13:13:55'),
(298, 'bianca de sousa barato', 'biancadesousabarato@gmail.com', 'Quero Aprender.', '', '', '(16) 99282-1013', 'CNA Dom Pedro', 0, '2021-06-07 13:13:55', '2021-06-07 13:13:55'),
(299, 'Aparecida tizzioto', 'Aparecida tizzioto', 'Quero Aprender.', '', '', '(99) 1875-2', 'CNA Dom Pedro', 0, '2021-06-08 01:21:54', '2021-06-08 01:21:54'),
(300, 'Heloísa Cardoso Dourado', 'hcardosodourado@gmail.com', 'Quero Aprender.', '', '', '(16) 99126-5412', 'CNA Dom Pedro', 0, '2021-06-09 03:34:38', '2021-06-09 03:34:38'),
(301, 'Heloísa Cardoso Dourado', 'hcardosodourado@gmail.com', 'Quero Aprender.', '', '', '(16) 99126-5412', 'CNA Dom Pedro', 0, '2021-06-09 03:34:56', '2021-06-09 03:34:56'),
(302, 'EDUARDO COSTA DOURADO', 'eduardo_dourado81@yahoo.com.br', 'Quero Aprender.', '', '', '(16) 9932-662', 'CNA Dom Pedro', 0, '2021-06-09 03:35:19', '2021-06-09 03:35:19'),
(303, 'EDUARDO COSTA DOURADO', 'eduardo_dourado81@yahoo.com.br', 'Quero Aprender.', '', '', '(16) 99326-6266', 'CNA Dom Pedro', 0, '2021-06-09 03:35:33', '2021-06-09 03:35:33'),
(305, 'Tatiane botelho de Oliveira lago', 'tatianelago44@gmail.com', 'Quero Aprender.', '', '', '(16) 98838-5292', 'CNA Campos Salles', 0, '2021-06-13 11:40:20', '2021-06-13 11:40:20'),
(306, 'Tatiane botelho de Oliveira lago', 'tatianelago44@gmail.com', 'Quero Aprender.', '', '', '(16) 98838-5292', 'CNA Campos Salles', 0, '2021-06-13 11:40:29', '2021-06-13 11:40:29'),
(307, 'Tatiane botelho de Oliveira lago', 'tatianelago44@gmail.com', 'Quero Aprender.', '', '', '(16) 98838-5292', 'CNA Campos Salles', 0, '2021-06-13 11:40:50', '2021-06-13 11:40:50'),
(308, 'Tatiane botelho de Oliveira lago', 'tatianelago44@gmail.com', 'Quero Aprender.', '', '', '(16) 98838-5292', 'CNA Campos Salles', 0, '2021-06-13 11:40:51', '2021-06-13 11:40:51'),
(309, 'Tatiane botelho de Oliveira lago', 'tatianelago44@gmail.com', 'Quero Aprender.', '', '', '(16) 98838-5292', 'CNA Campos Salles', 0, '2021-06-13 11:41:08', '2021-06-13 11:41:08'),
(310, 'Tatiane botelho de Oliveira lago', 'tatianelago44@gmail.com', 'Quero Aprender.', '', '', '(16) 98838-5292', 'CNA Campos Salles', 0, '2021-06-13 11:41:10', '2021-06-13 11:41:10'),
(311, 'Tatiane botelho de Oliveira lago', 'tatianelago44@gmail.com', 'Quero Aprender.', '', '', '(16) 98838-5292', 'CNA Campos Salles', 0, '2021-06-13 11:41:26', '2021-06-13 11:41:26'),
(312, 'Tatiane botelho de Oliveira lago', 'tatianelago44@gmail.com', 'Quero Aprender.', '', '', '(16) 98838-5292', 'CNA Campos Salles', 0, '2021-06-13 11:41:32', '2021-06-13 11:41:32'),
(313, 'Michael M. Ortiz', 'michaeldemattosortiz@gmail.com', 'Quero Aprender.', '', '', '(17) 99174-0025', 'CNA Campos Salles', 0, '2021-06-13 15:03:24', '2021-06-13 15:03:24'),
(314, 'Michael M. Ortiz', 'michaeldemattosortiz@gmail.com', 'Quero Aprender.', '', '', '(17) 99174-0025', 'CNA Campos Salles', 0, '2021-06-13 15:03:29', '2021-06-13 15:03:29'),
(315, 'Michael M. Ortiz', 'michaeldemattosortiz@gmail.com', 'Quero Aprender.', '', '', '(17) 99174-0025', 'CNA Campos Salles', 0, '2021-06-13 15:03:43', '2021-06-13 15:03:43'),
(316, 'Michael M. Ortiz', 'michaeldemattosortiz@gmail.com', 'Quero Aprender.', '', '', '(17) 99174-0025', 'CNA Campos Salles', 0, '2021-06-13 15:03:44', '2021-06-13 15:03:44'),
(317, 'Michael M. Ortiz', 'michaeldemattosortiz@gmail.com', 'Quero Aprender.', '', '', '(17) 99174-0025', 'CNA Campos Salles', 0, '2021-06-13 15:03:46', '2021-06-13 15:03:46'),
(318, 'Michael M. Ortiz', 'michaeldemattosortiz@gmail.com', 'Quero Aprender.', '', '', '(17) 99174-0025', 'CNA Campos Salles', 0, '2021-06-13 15:04:04', '2021-06-13 15:04:04'),
(319, 'Rodrigo Chini (telefone somente WhatsApp)', 'chini.rodrigo@gmail.com', 'Quero Aprender.', '', '', '(16) 99240-6116', 'CNA Dom Pedro', 0, '2021-06-17 15:27:20', '2021-06-17 15:27:20'),
(321, 'Evandro Silva Alves Pereira', 'evandrosap@gmail.com', 'Quero Aprender.', '', '', '(16) 99304-4343', 'CNA Dom Pedro', 0, '2021-06-18 00:57:02', '2021-06-18 00:57:02'),
(322, 'Evandro Silva Alves Pereira', 'evandrosap@gmail.com', 'Quero Aprender.', '', '', '(16) 99304-4343', 'CNA Dom Pedro', 0, '2021-06-18 00:57:18', '2021-06-18 00:57:18'),
(323, 'NICOLAS', 'Nicolas', 'Quero Aprender.', '', '', '(99) 75384-8639', 'CNA Campos Salles', 0, '2021-06-25 13:11:24', '2021-06-25 13:11:24'),
(324, 'NICOLAS', 'Nicolas', 'Quero Aprender.', '', '', '(99) 75384-8639', 'CNA Campos Salles', 0, '2021-06-25 13:11:36', '2021-06-25 13:11:36'),
(325, 'NICOLAS', 'Nicolas', 'Quero Aprender.', '', '', '(99) 75384-8639', 'CNA Dom Pedro', 0, '2021-06-25 13:11:38', '2021-06-25 13:11:38'),
(326, 'Romblerfon Xavier', 'romblerfonx@gmail.com', 'Quero Aprender.', '', '', '(55) 16988-7015', 'CNA Campos Salles', 0, '2021-06-28 15:50:03', '2021-06-28 15:50:03'),
(327, 'Luis', '100000000000000000000000000000000000000', 'Quero Aprender.', '', '', '(', 'CNA Campos Salles', 0, '2021-06-30 14:14:18', '2021-06-30 14:14:18'),
(328, 'Luis', '100000000000000000000000000000000000000', 'Quero Aprender.', '', '', '(', 'CNA Campos Salles', 0, '2021-06-30 14:14:29', '2021-06-30 14:14:29'),
(329, '301Débora', '01Débora', 'Quero Aprender.', '', '', '(01)', 'CNA Campos Salles', 0, '2021-07-06 21:16:26', '2021-07-06 21:16:26'),
(330, 'Luiz Eduardo', 'luizecosta29@hotmail.com', 'Quero Aprender.', '', '', '(16) 99241-0295', 'CNA Dom Pedro', 0, '2021-07-12 00:59:02', '2021-07-12 00:59:02'),
(331, 'Luiz Eduardo', 'luizecosta29@hotmail.com', 'Quero Aprender.', '', '', '(16) 99241-0295', 'CNA Dom Pedro', 0, '2021-07-12 00:59:08', '2021-07-12 00:59:08'),
(332, 'Luiz Eduardo', 'luizecosta29@hotmail.com', 'Quero Aprender.', '', '', '(16) 99241-0295', 'CNA Dom Pedro', 0, '2021-07-12 00:59:16', '2021-07-12 00:59:16'),
(333, 'Luiz Eduardo da Costa', 'luizecosta29@hotmail.com', 'Quero Aprender.', '', '', '(16) 99241-0295', 'CNA Dom Pedro', 0, '2021-07-12 00:59:25', '2021-07-12 00:59:25'),
(334, 'Luiz Eduardo da Costa', 'luizecosta29@hotmail.com', 'Quero Aprender.', '', '', '(16) 99241-0295', 'CNA Dom Pedro', 0, '2021-07-12 00:59:40', '2021-07-12 00:59:40'),
(335, 'Luiz Eduardo da Costa', 'luizecosta29@hotmail.com', 'Quero Aprender.', '', '', '(16) 99241-0295', 'CNA Dom Pedro', 0, '2021-07-12 00:59:44', '2021-07-12 00:59:44'),
(336, 'Luiz Eduardo da Costa', 'luizecosta29@hotmail.com', 'Quero Aprender.', '', '', '(16) 99241-0295', 'CNA Dom Pedro', 0, '2021-07-12 00:59:47', '2021-07-12 00:59:47'),
(337, 'Luiz Eduardo da Costa', 'luizecosta29@hotmail.com', 'Quero Aprender.', '', '', '(16) 99241-0295', 'CNA Dom Pedro', 0, '2021-07-12 01:00:22', '2021-07-12 01:00:22'),
(338, 'Luiz Eduardo da Costa', 'luizecosta29@hotmail.com', 'Quero Aprender.', '', '', '(16) 99241-0295', 'CNA Dom Pedro', 0, '2021-07-12 01:00:24', '2021-07-12 01:00:24'),
(341, 'Luiz Eduardo da Costa', 'luizecosta29@hotmail.com', 'Quero Aprender.', '', '', '(16) 99241-0295', 'CNA Dom Pedro', 0, '2021-07-12 01:00:45', '2021-07-12 01:00:45'),
(342, 'Cassio Vilela', 'cassio.vilela@agenciabpone.com.br', 'Quero Aprender.', '', '', '(35) 99898-8047', 'CNA Campos Salles', 0, '2021-07-12 17:33:38', '2021-07-12 17:33:38'),
(343, 'Cassio Vilela', 'cassio.vilela@agenciabpone.com.br', 'Quero Aprender.', '', '', '(35) 99898-8047', 'CNA Campos Salles', 0, '2021-07-12 17:33:41', '2021-07-12 17:33:41'),
(345, 'Sheila', 'sheilaplina@yahoo.com.br', 'Quero Aprender.', '', '', '(16) 99103-2585', 'CNA Dom Pedro', 0, '2021-07-16 16:48:11', '2021-07-16 16:48:11'),
(346, 'Sheila', 'sheilaplina@yahoo.com.br', 'Quero Aprender.', '', '', '(16) 99103-2585', 'CNA Dom Pedro', 0, '2021-07-16 16:48:17', '2021-07-16 16:48:17'),
(347, 'Sheila', 'sheilaplina@yahoo.com.br', 'Quero Aprender.', '', '', '(16) 99103-2585', 'CNA Dom Pedro', 0, '2021-07-16 16:48:21', '2021-07-16 16:48:21'),
(348, 'Sheila', 'sheilaplina@yahoo.com.br', 'Quero Aprender.', '', '', '(16) 99103-2585', 'CNA Dom Pedro', 0, '2021-07-16 16:48:22', '2021-07-16 16:48:22'),
(349, 'Sheila', 'sheilaplina@yahoo.com.br', 'Quero Aprender.', '', '', '(16) 99103-2585', 'CNA Dom Pedro', 0, '2021-07-16 16:48:43', '2021-07-16 16:48:43'),
(350, 'Sheila', 'sheilaplina@yahoo.com.br', 'Quero Aprender.', '', '', '(16) 99103-2585', 'CNA Dom Pedro', 0, '2021-07-16 16:48:43', '2021-07-16 16:48:43'),
(351, 'Sheila', 'sheilaplina@yahoo.com.br', 'Quero Aprender.', '', '', '(16) 99103-2585', 'CNA Dom Pedro', 0, '2021-07-16 16:48:44', '2021-07-16 16:48:44'),
(354, 'Sheila', 'sheilaplina@yahoo.com.br', 'Quero Aprender.', '', '', '(16) 99103-2585', 'CNA Dom Pedro', 0, '2021-07-16 16:48:45', '2021-07-16 16:48:45'),
(356, 'Sheila', 'sheilaplina@yahoo.com.br', 'Quero Aprender.', '', '', '(16) 99103-2585', 'CNA Dom Pedro', 0, '2021-07-16 16:48:47', '2021-07-16 16:48:47'),
(357, 'Sheila', 'sheilaplina@yahoo.com.br', 'Quero Aprender.', '', '', '(16) 99103-2585', 'CNA Dom Pedro', 0, '2021-07-16 16:48:55', '2021-07-16 16:48:55'),
(358, 'Sheila', 'sheilaplina@yahoo.com.br', 'Quero Aprender.', '', '', '(16) 99103-2585', 'CNA Dom Pedro', 0, '2021-07-16 16:48:55', '2021-07-16 16:48:55'),
(359, 'Sheila', 'sheilaplina@yahoo.com.br', 'Quero Aprender.', '', '', '(16) 99103-2585', 'CNA Dom Pedro', 0, '2021-07-16 16:48:56', '2021-07-16 16:48:56'),
(360, 'Sheila', 'sheilaplina@yahoo.com.br', 'Quero Aprender.', '', '', '(16) 99103-2585', 'CNA Dom Pedro', 0, '2021-07-16 16:48:56', '2021-07-16 16:48:56'),
(361, 'Sheila', 'sheilaplina@yahoo.com.br', 'Quero Aprender.', '', '', '(16) 99103-2585', 'CNA Dom Pedro', 0, '2021-07-16 16:48:57', '2021-07-16 16:48:57'),
(362, 'Sheila', 'sheilaplina@yahoo.com.br', 'Quero Aprender.', '', '', '(16) 99103-2585', 'CNA Dom Pedro', 0, '2021-07-16 16:48:57', '2021-07-16 16:48:57'),
(363, 'Sheila', 'sheilaplina@yahoo.com.br', 'Quero Aprender.', '', '', '(16) 99103-2585', 'CNA Dom Pedro', 0, '2021-07-16 16:48:58', '2021-07-16 16:48:58'),
(364, 'Sheila', 'sheilaplina@yahoo.com.br', 'Quero Aprender.', '', '', '(16) 99103-2585', 'CNA Dom Pedro', 0, '2021-07-16 16:48:58', '2021-07-16 16:48:58'),
(365, 'Sheila', 'sheilaplina@yahoo.com.br', 'Quero Aprender.', '', '', '(16) 99103-2585', 'CNA Dom Pedro', 0, '2021-07-16 16:48:59', '2021-07-16 16:48:59'),
(366, 'Sheila', 'sheilaplina@yahoo.com.br', 'Quero Aprender.', '', '', '(16) 99103-2585', 'CNA Dom Pedro', 0, '2021-07-16 16:48:59', '2021-07-16 16:48:59'),
(367, 'Sheila', 'sheilaplina@yahoo.com.br', 'Quero Aprender.', '', '', '(16) 99103-2585', 'CNA Dom Pedro', 0, '2021-07-16 18:56:03', '2021-07-16 18:56:03'),
(368, 'Sheila', 'sheilaplina@yahoo.com.br', 'Quero Aprender.', '', '', '(16) 99103-2585', 'CNA Dom Pedro', 0, '2021-07-16 18:56:20', '2021-07-16 18:56:20'),
(369, 'Sheila', 'sheilaplina@yahoo.com.br', 'Quero Aprender.', '', '', '(16) 99103-2585', 'CNA Dom Pedro', 0, '2021-07-16 18:56:21', '2021-07-16 18:56:21'),
(370, 'Sheila', 'sheilaplina@yahoo.com.br', 'Quero Aprender.', '', '', '(16) 99103-2585', 'CNA Dom Pedro', 0, '2021-07-16 18:56:24', '2021-07-16 18:56:24'),
(371, 'Sheila', 'sheilaplina@yahoo.com.br', 'Quero Aprender.', '', '', '(16) 99103-2585', 'CNA Dom Pedro', 0, '2021-07-16 18:56:25', '2021-07-16 18:56:25'),
(372, 'Sheila', 'sheilaplina@yahoo.com.br', 'Quero Aprender.', '', '', '(16) 99103-2585', 'CNA Dom Pedro', 0, '2021-07-16 18:56:25', '2021-07-16 18:56:25'),
(373, 'Sheila', 'sheilaplina@yahoo.com.br', 'Quero Aprender.', '', '', '(16) 99103-2585', 'CNA Dom Pedro', 0, '2021-07-16 18:56:36', '2021-07-16 18:56:36'),
(374, 'Sheila', 'sheilaplina@yahoo.com.br', 'Quero Aprender.', '', '', '(16) 99103-2585', 'CNA Dom Pedro', 0, '2021-07-16 19:03:13', '2021-07-16 19:03:13'),
(375, 'Sheila', 'sheilaplina@yahoo.com.br', 'Quero Aprender.', '', '', '(16) 99103-2585', 'CNA Dom Pedro', 0, '2021-07-16 19:04:06', '2021-07-16 19:04:06'),
(376, 'Sheila', 'sheilaplina@yahoo.com.br', 'Quero Aprender.', '', '', '(16) 99103-2585', 'CNA Dom Pedro', 0, '2021-07-16 19:06:03', '2021-07-16 19:06:03'),
(377, 'Sheila', 'sheilaplina@yahoo.com.br', 'Quero Aprender.', '', '', '(16) 99103-2585', 'CNA Dom Pedro', 0, '2021-07-16 19:06:09', '2021-07-16 19:06:09'),
(378, 'Sheila', 'sheilaplina@yahoo.com.br', 'Quero Aprender.', '', '', '(16) 99103-2585', 'CNA Dom Pedro', 0, '2021-07-16 19:06:14', '2021-07-16 19:06:14'),
(379, 'Sheila', 'sheilaplina@yahoo.com.br', 'Quero Aprender.', '', '', '(16) 99103-2585', 'CNA Dom Pedro', 0, '2021-07-16 19:06:15', '2021-07-16 19:06:15'),
(380, 'Sheila', 'sheilaplina@yahoo.com.br', 'Quero Aprender.', '', '', '(16) 99103-2585', 'CNA Dom Pedro', 0, '2021-07-16 19:06:15', '2021-07-16 19:06:15'),
(382, 'Sheila', 'sheilaplina@yahoo.com.br', 'Quero Aprender.', '', '', '(16) 99103-2585', 'CNA Dom Pedro', 0, '2021-07-16 19:14:53', '2021-07-16 19:14:53'),
(385, 'Maria Vitória', 'marianaoliveiranovo@gmail.com', 'Quero Aprender.', '', '', '(16) 3638-4124', 'CNA Campos Salles', 0, '2021-07-17 23:00:01', '2021-07-17 23:00:01'),
(386, 'Maria', 'marianaoliveiranovo@gmail.com', 'Quero Aprender.', '', '', '(16) 3638-4124', 'CNA Campos Salles', 0, '2021-07-17 23:07:16', '2021-07-17 23:07:16'),
(387, 'Maria', 'marianaoliveiranovo@gmail.com', 'Quero Aprender.', '', '', '(16) 3638-4124', 'CNA Campos Salles', 0, '2021-07-17 23:07:38', '2021-07-17 23:07:38'),
(388, 'Maria', 'marianaoliveiranovo@gmail.com', 'Quero Aprender.', '', '', '(16) 3638-4124', 'CNA Campos Salles', 0, '2021-07-17 23:07:39', '2021-07-17 23:07:39'),
(389, 'KAIQUE LORAN PEREIRA LEOPOLDINO', 'kaiqueloranzx@gmail.com', 'Quero Aprender.', '', '', '(12) 48290-1864', 'CNA Campos Salles', 0, '2021-07-20 19:37:47', '2021-07-20 19:37:47'),
(390, 'KAIQUE LORAN PEREIRA LEOPOLDINO', 'kaiqueloranzx@gmail.com', 'Quero Aprender.', '', '', '(12) 48290-1864', 'CNA Campos Salles', 0, '2021-07-20 19:37:48', '2021-07-20 19:37:48'),
(391, 'KAIQUE LORAN PEREIRA LEOPOLDINO', 'kaiqueloranzx@gmail.com', 'Quero Aprender.', '', '', '(12) 48290-1864', 'CNA Campos Salles', 0, '2021-07-20 19:37:50', '2021-07-20 19:37:50'),
(392, 'KAIQUE LORAN PEREIRA LEOPOLDINO', 'kaiqueloranzx@gmail.com', 'Quero Aprender.', '', '', '(12) 48290-1864', 'CNA Campos Salles', 0, '2021-07-20 19:37:51', '2021-07-20 19:37:51'),
(393, 'KAIQUE LORAN PEREIRA LEOPOLDINO', 'kaiqueloranzx@gmail.com', 'Quero Aprender.', '', '', '(12) 48290-1864', 'CNA Campos Salles', 0, '2021-07-20 19:37:58', '2021-07-20 19:37:58'),
(394, 'KAIQUE LORAN PEREIRA LEOPOLDINO', 'kaiqueloranzx@gmail.com', 'Quero Aprender.', '', '', '(12) 48290-1864', 'CNA Dom Pedro', 0, '2021-07-20 19:37:59', '2021-07-20 19:37:59'),
(400, 'Bruno Marcelo rinaldi', 'Brunorinalde97@gmail.com', 'Quero Aprender.', '', '', '(16) 98876-9727', 'CNA Dom Pedro', 0, '2021-07-21 21:18:02', '2021-07-21 21:18:02'),
(416, 'Bruno Marcelo rinaldi', 'Brunorinalde97@gmail.com', 'Quero Aprender.', '', '', '(16) 98876-9727', 'CNA Campos Salles', 0, '2021-07-21 23:55:49', '2021-07-21 23:55:49'),
(493, 'Jônatas Herculano de Oliveira', 'jonatasoliveira2016@hotmail.com', 'Quero Aprender.', '', '', '(16) 98839-6233', 'CNA Campos Salles', 0, '2021-07-24 00:44:45', '2021-07-24 00:44:45'),
(494, 'Jônatas Herculano de Oliveira', 'jonatasoliveira2016@hotmail.com', 'Quero Aprender.', '', '', '(16) 98839-6233', 'CNA Campos Salles', 0, '2021-07-24 00:45:44', '2021-07-24 00:45:44'),
(495, 'Jônatas Herculano de Oliveira', 'jonatasoliveira2016@hotmail.com', 'Quero Aprender.', '', '', '(16) 98839-6233', 'CNA Campos Salles', 0, '2021-07-24 00:46:04', '2021-07-24 00:46:04'),
(525, 'emilly rocha', 'emillyrochachaparro@icloud.com', 'Quero Aprender.', '', '', '(16) 99140-0395', 'CNA Dom Pedro', 3, '2021-07-26 16:38:23', '2021-07-26 16:38:23'),
(526, 'emilly rocha', 'emillyrochachaparro@icloud.com', 'Quero Aprender.', '', '', '(16) 99140-0395', 'CNA Dom Pedro', 3, '2021-07-26 16:38:24', '2021-07-26 16:38:24'),
(527, 'emilly rocha', 'emillyrochachaparro@icloud.com', 'Quero Aprender.', '', '', '(16) 99140-0395', 'CNA Dom Pedro', 3, '2021-07-26 16:38:26', '2021-07-26 16:38:26'),
(548, 'Débora silva Dos Santos', 'dossantosdeborasilva5@gmail.com', 'Quero Aprender.', '', '', '(16) 99377-4274', 'CNA Campos Salles', 3, '2021-07-28 04:29:52', '2021-07-28 04:29:52'),
(581, 'Teste CNA', 'teste@cnarp.com.br', 'Quero Aprender.', '', '', '(11) 11111-1111', 'CNA Campos Salles', 0, '2021-07-28 13:40:35', '2021-07-28 13:40:35'),
(583, 'aaaaaaaaa', 'aacid.asdasd@teste.com.br', 'Quero Aprender.', '', '', '(12) 11111-1111', 'CNA Campos Salles', 0, '2021-07-28 13:50:50', '2021-07-28 13:50:50'),
(584, 'aacid.asdasd@teste.com.br', '4aacid.asdasd@teste.com.br', 'Quero Aprender.', '', '', '(44) 44444-4444', 'CNA Dom Pedro', 0, '2021-07-28 13:50:58', '2021-07-28 13:50:58'),
(585, 'TEste Lucas', 'teste@lucas.com.br', 'Quero Aprender.', '', '', '(16) 99999-9999', 'CNA Campos Salles', 0, '2021-07-28 14:08:58', '2021-07-28 14:08:58'),
(587, 'Lucas teste', 'Teste.gmqil@gmail.com', 'Quero Aprender.', '', '', '(11) 11111-1111', 'CNA Campos Salles', 0, '2021-07-28 14:14:37', '2021-07-28 14:14:37'),
(589, '11111111111111111111111', 'cid.evangelista@cna.com.br', 'Quero Aprender.', '', '', '(11) 11111-1111', 'CNA Campos Salles', 0, '2021-07-28 14:23:16', '2021-07-28 14:23:16'),
(590, 'Teste', 'teste@gmail.com', 'Quero Aprender.', '', '', '(12) 7277-2722', 'CNA Campos Salles', 0, '2021-07-28 14:34:17', '2021-07-28 14:34:17'),
(591, 'Camila teste', 'teste@gmail.com', 'Quero Aprender.', '', '', '(12) 3456-7890', 'CNA Campos Salles', 0, '2021-07-28 14:36:46', '2021-07-28 14:36:46'),
(596, 'Maria Aparecida Evangelista', 'cid.evangelista@cna.com.br', 'Quero Aprender.', '', '', '(16) 98131-9977', 'CNA Campos Salles', 0, '2021-07-29 12:17:24', '2021-07-29 12:17:24'),
(597, 'Neuber teste', 'neuberplus@gmail.com', 'Quero Aprender.', '', '', '(16) 98121-5873', 'CNA Campos Salles', 0, '2021-07-29 13:04:05', '2021-07-29 13:04:05'),
(598, 'Daniel silva da costa', 'Danielsivadacossta@gmail.com', 'Quero Aprender.', '', '', '(16) 99750-0575', 'CNA Campos Salles', 0, '2021-08-04 12:52:41', '2021-08-04 12:52:41'),
(599, 'Matheus Alves de Araújo', 'xinxaaraujo@gmail.com', 'Quero Aprender.', '', '', '(16) 99366-6448', 'CNA Dom Pedro', 0, '2021-08-09 21:59:59', '2021-08-09 21:59:59'),
(600, 'Ana Carolina L. Ribeiro', 'leiteribeiroanacarolina@gmail.com.br', 'Quero Aprender.', '', '', '(16) 99144-2193', 'CNA Dom Pedro', 0, '2021-08-11 21:02:11', '2021-08-11 21:02:11'),
(601, 'Viviane', 'vivicsqueiroz@gmail.com', 'Quero Aprender.', '', '', '(16) 99174-5821', 'CNA Campos Salles', 0, '2021-08-11 23:17:34', '2021-08-11 23:17:34'),
(602, 'Fernando Macarios Paulino Silva', 'jaquelinemacarios1@hotmail.com', 'Quero Aprender.', '', '', '(16) 99635-1725', 'CNA Dom Pedro', 0, '2021-08-12 12:46:06', '2021-08-12 12:46:06'),
(603, 'SABRINA DA SILVA', 'sabrina28a4@gmall.com', 'Quero Aprender.', '', '', '(55) 16994-0123', 'CNA Campos Salles', 0, '2021-08-15 14:46:47', '2021-08-15 14:46:47'),
(604, 'Hellen Dayane de Jesus Marques', 'hellen-marques@hotmail.com', 'Quero Aprender.', '', '', '(16) 99391-0276', 'CNA Campos Salles', 0, '2021-08-16 00:26:52', '2021-08-16 00:26:52'),
(605, 'Jessica Carolina de Andrade', 'jessicacandrade99@gmail.com', 'Quero Aprender.', '', '', '(16) 99224-2053', 'CNA Campos Salles', 0, '2021-08-16 12:17:04', '2021-08-16 12:17:04'),
(606, 'Maria Fernanda Lopes', 'mariafernandalp7@gmail.com', 'Quero Aprender.', '', '', '(35) 99813-2050', 'CNA Dom Pedro', 0, '2021-08-16 15:32:15', '2021-08-16 15:32:15'),
(607, 'Cristina', 'flordalapacris@hotmail.com', 'Quero Aprender.', '', '', '(16) 99279-9889', 'CNA Dom Pedro', 0, '2021-08-16 17:24:28', '2021-08-16 17:24:28'),
(608, 'Livia de Paula Silveira Mello', 'liviadepaulamello@yahoo.com.br', 'Quero Aprender.', '', '', '(16) 99206-6878', 'CNA Campos Salles', 0, '2021-08-19 00:34:14', '2021-08-19 00:34:14'),
(609, 'Felipe Grechi do Prado', 'felipegreck2015@gmail.com', 'Quero Aprender.', '', '', '(16) 98189-2476', 'CNA Dom Pedro', 0, '2021-08-19 17:04:53', '2021-08-19 17:04:53'),
(610, 'Diego Ramos Lopes', 'diegoramos651@gmail.com', 'Quero Aprender.', '', '', '(16) 99209-4810', 'CNA Campos Salles', 0, '2021-08-20 23:04:52', '2021-08-20 23:04:52'),
(611, 'Kethelen vitória Teodoro Gonzales', 'ricieriluizgonzalez@gmail.com', 'Quero Aprender.', '', '', '(16) 99190-2864', 'CNA Dom Pedro', 0, '2021-08-22 03:49:04', '2021-08-22 03:49:04'),
(612, 'pedro vasconcelos da silva', 'pedrovasco74740716@gmail.com', 'Quero Aprender.', '', '', '(16) 99164-1104', 'CNA Campos Salles', 0, '2021-08-25 18:48:43', '2021-08-25 18:48:43'),
(613, 'pedro vasconcelos da silva', 'pedrovasco74740716@gmail.com', 'Quero Aprender.', '', '', '(16) 99164-1104', 'CNA Campos Salles', 0, '2021-08-25 18:48:46', '2021-08-25 18:48:46'),
(614, 'Alexandre de França Santos', 'alexandrefsantos3@gmail.com', 'Quero Aprender.', '', '', '(16) 98170-2224', 'CNA Dom Pedro', 0, '2021-08-27 12:15:31', '2021-08-27 12:15:31'),
(615, 'FERNANDA MUCILLO MOLINA', 'fernandamucillo@gmail.com', 'Quero Aprender.', '', '', '(16) 99640-7676', 'CNA Campos Salles', 0, '2021-09-03 14:15:26', '2021-09-03 14:15:26'),
(616, 'Jonatas Morais Garcia', 'Jonatasmoraisg@hotmail.com', 'Quero Aprender.', '', '', '(16) 98130-8442', 'CNA Dom Pedro', 0, '2021-09-04 01:37:23', '2021-09-04 01:37:23'),
(617, 'Ana Carolina Ribeiro do Nascimento', 'anaacarolina0712@gmail.com', 'Quero Aprender.', '', '', '(16) 99275-2929', 'CNA Campos Salles', 0, '2021-09-05 23:03:48', '2021-09-05 23:03:48'),
(618, 'Rayssa Gomes Ribeiro', 'rayssaribeiro34@gmail.com', 'Quero Aprender.', '', '', '(16) 99163-5075', 'CNA Dom Pedro', 0, '2021-09-08 03:22:20', '2021-09-08 03:22:20'),
(619, 'Victoria', 'vivi.bernardes.f@gmail.com', 'Quero Aprender.', '', '', '(16) 98802-9077', 'CNA Campos Salles', 0, '2021-09-08 18:43:53', '2021-09-08 18:43:53'),
(620, 'Gezoene Pereira', 'gezoenepereira0@gmail.com', 'Quero Aprender.', '', '', '(64) 99662-9727', 'CNA Campos Salles', 0, '2021-09-10 09:51:41', '2021-09-10 09:51:41'),
(621, 'Gezoene Pereira', 'gezoenepereira0@gmail.com', 'Quero Aprender.', '', '', '(64) 99662-9727', 'CNA Dom Pedro', 0, '2021-09-10 09:52:12', '2021-09-10 09:52:12'),
(622, 'FRANCINE PALARETTI', 'FRANPALARETTI@GMAIL.COM', 'Quero Aprender.', '', '', '(16) 99292-0080', 'CNA Dom Pedro', 0, '2021-09-10 12:13:11', '2021-09-10 12:13:11'),
(623, 'Nono', 'nono@nono.com.br', 'Quero Aprender.', '', '', '(00) 12345-6789', 'CNA Campos Salles', 0, '2021-09-13 23:20:22', '2021-09-13 23:20:22'),
(624, 'Diego Luiz  goncalves  machado', 'diegokemillylais3@gmail.com', 'Quero Aprender.', '', '', '(16) 99240-5551', 'CNA Dom Pedro', 0, '2021-09-16 01:08:30', '2021-09-16 01:08:30'),
(625, 'Diego Luiz  goncalves  machado', 'diegokemillylais3@gmail.com', 'Quero Aprender.', '', '', '(16) 99240-5551', 'CNA Dom Pedro', 0, '2021-09-16 01:08:35', '2021-09-16 01:08:35'),
(626, 'Daniel Messias', 'danielmessias73@gmail.com', 'Quero Aprender.', '', '', '(16) 99395-2489', 'CNA Campos Salles', 0, '2021-09-16 12:33:32', '2021-09-16 12:33:32'),
(627, 'Danilo Mateus Cardoso de Oliveira', 'danilomco@yahoo.com.br', 'Quero Aprender.', '', '', '(16) 99126-2039', 'CNA Campos Salles', 0, '2021-09-16 17:15:30', '2021-09-16 17:15:30'),
(628, 'Giovanna Gabrieli Batista Tavares', 'giovannagbtf@gmail.com', 'Quero Aprender.', '', '', '(15) 99187-4706', 'CNA Campos Salles', 0, '2021-09-20 12:11:04', '2021-09-20 12:11:04'),
(629, 'Giovanna Gabrieli Batista Tavares', 'giovannagbtf@gmail.com', 'Quero Aprender.', '', '', '(15) 99187-4706', 'CNA Campos Salles', 0, '2021-09-20 12:11:06', '2021-09-20 12:11:06'),
(630, 'Giovanna Gabrieli Batista Tavares', 'giovannagbtf@gmail.com', 'Quero Aprender.', '', '', '(15) 99187-4706', 'CNA Campos Salles', 0, '2021-09-20 12:11:07', '2021-09-20 12:11:07'),
(631, 'Gabriel Fortunato', 'Glukascb300@gmail.com', 'Quero Aprender.', '', '', '(16) 99705-7693', 'CNA Dom Pedro', 0, '2021-09-24 15:30:31', '2021-09-24 15:30:31'),
(632, 'Paula leandra de oliveira', 'oliveirapaulla07@gmail.com', 'Quero Aprender.', '', '', '(16) 99293-9539', 'CNA Dom Pedro', 0, '2021-09-26 22:07:47', '2021-09-26 22:07:47'),
(634, 'Allan Gabriel dos Santos', 'allangabrielrp@gmail.com', 'Quero Aprender.', '', '', '(16) 99255-0691', 'CNA Dom Pedro', 0, '2021-09-30 21:21:36', '2021-09-30 21:21:36'),
(635, 'Allan Gabriel dos Santos', 'allangabrielrp@gmail.com', 'Quero Aprender.', '', '', '(16) 99255-0691', 'CNA Dom Pedro', 0, '2021-09-30 21:21:40', '2021-09-30 21:21:40'),
(636, 'SARA DOS SANTOS SOARES', 'sarakalore@gmail.com', 'Quero Aprender.', '', '', '(18) 99812-1482', 'CNA Campos Salles', 0, '2021-10-04 15:07:01', '2021-10-04 15:07:01'),
(637, 'Isabella dos Santos Abrahão', 'isabella.sabrahao@gmail.com', 'Quero Aprender.', '', '', '(16) 98822-8344', 'CNA Dom Pedro', 0, '2021-10-05 12:45:13', '2021-10-05 12:45:13'),
(638, 'Ana Carolina', 'anacarolinamartinez09@bol.com.br', 'Quero Aprender.', '', '', '(16) 98250-1431', 'CNA Dom Pedro', 0, '2021-10-05 19:21:51', '2021-10-05 19:21:51'),
(639, 'Fernanda Vieira martins', 'fernandamartinsrp@outlook.com', 'Quero Aprender.', '', '', '(16) 99294-1904', 'CNA Dom Pedro', 0, '2021-10-06 09:47:15', '2021-10-06 09:47:15'),
(640, 'DARA', 'DAIADARADORA4@GMAIL.COM', 'Quero Aprender.', '', '', '(16) 99461-7188', 'CNA Campos Salles', 0, '2021-10-06 12:07:12', '2021-10-06 12:07:12'),
(641, 'DARA', 'DAIADARADORA4@GMAIL.COM', 'Quero Aprender.', '', '', '(16) 99461-7188', 'CNA Campos Salles', 0, '2021-10-06 12:07:13', '2021-10-06 12:07:13'),
(645, 'Yasmin de Souza Moretti', 'ymoretti08@gmail.com', 'Quero Aprender.', '', '', '(16) 99377-7304', 'CNA Dom Pedro', 0, '2021-10-07 18:10:36', '2021-10-07 18:10:36'),
(646, 'Helder Dos Santos Luiz', 'deixeseurecadocomigo@gmail.com', 'Quero Aprender.', '', '', '(16) 99444-2283', 'CNA Dom Pedro', 0, '2021-10-08 23:27:54', '2021-10-08 23:27:54'),
(647, 'Larissa Santos Silva', 'larissa.santos.silva20032006@gmail.com', 'Quero Aprender.', '', '', '(11) 98869-6748', 'CNA Dom Pedro', 0, '2021-10-13 10:39:10', '2021-10-13 10:39:10'),
(648, 'Davi Correa Anacleto', 'davianacl@outlook.com', 'Quero Aprender.', '', '', '(16) 98134-6151', 'CNA Campos Salles', 0, '2021-10-15 07:22:21', '2021-10-15 07:22:21'),
(649, 'MARIA ISABEL FERREIRA DA SILVA', 'mktisabel21@gmail.com', 'Quero Aprender.', '', '', '(16) 98211-3304', 'CNA Campos Salles', 0, '2021-10-18 16:43:19', '2021-10-18 16:43:19'),
(650, 'MARIA ISABEL FERREIRA DA SILVA', 'mktisabel21@gmail.com', 'Quero Aprender.', '', '', '(16) 98211-3304', 'CNA Campos Salles', 0, '2021-10-18 16:43:22', '2021-10-18 16:43:22'),
(651, 'MARIA ISABEL FERREIRA DA SILVA', 'mktisabel21@gmail.com', 'Quero Aprender.', '', '', '(16) 98211-3304', 'CNA Campos Salles', 0, '2021-10-18 16:43:26', '2021-10-18 16:43:26'),
(652, 'Tamara Leme', 'tamara.gaa@icloud.com', 'Quero Aprender.', '', '', '(16) 99345-2512', 'CNA Dom Pedro', 0, '2021-10-18 17:35:41', '2021-10-18 17:35:41'),
(653, 'AUDREY LACERDA DE PAULA', 'audreylacerdap27@gmail.com', 'Quero Aprender.', '', '', '(16) 99453-4221', 'CNA Campos Salles', 0, '2021-10-19 13:24:06', '2021-10-19 13:24:06'),
(654, 'AUDREY LACERDA DE PAULA', 'audreylacerdap27@gmail.com', 'Quero Aprender.', '', '', '(16) 99453-4221', 'CNA Campos Salles', 0, '2021-10-19 13:24:08', '2021-10-19 13:24:08'),
(655, 'AUDREY LACERDA DE PAULA', 'audreylacerdap27@gmail.com', 'Quero Aprender.', '', '', '(16) 99453-4221', 'CNA Campos Salles', 0, '2021-10-19 13:24:11', '2021-10-19 13:24:11'),
(656, 'AUDREY LACERDA DE PAULA', 'audreylacerdap27@gmail.com', 'Quero Aprender.', '', '', '(16) 99453-4221', 'CNA Campos Salles', 0, '2021-10-19 13:24:11', '2021-10-19 13:24:11'),
(657, 'AUDREY LACERDA DE PAULA', 'audreylacerdap27@gmail.com', 'Quero Aprender.', '', '', '(16) 99453-4221', 'CNA Campos Salles', 0, '2021-10-19 13:24:13', '2021-10-19 13:24:13'),
(658, 'AUDREY LACERDA DE PAULA', 'audreylacerdap27@gmail.com', 'Quero Aprender.', '', '', '(16) 99453-4221', 'CNA Campos Salles', 0, '2021-10-19 13:24:13', '2021-10-19 13:24:13'),
(659, 'AUDREY LACERDA DE PAULA', 'audreylacerdap27@gmail.com', 'Quero Aprender.', '', '', '(16) 99453-4221', 'CNA Campos Salles', 0, '2021-10-19 13:24:16', '2021-10-19 13:24:16'),
(661, 'Iara', 'pedagogaiaradanielle@gmail.com', 'Quero Aprender.', '', '', '(16) 98869-4413', 'CNA Dom Pedro', 0, '2021-10-22 01:31:00', '2021-10-22 01:31:00'),
(662, 'Lucas', 'lukaslimas207@gmail.com', 'Quero Aprender.', '', '', '(16) 98121-0150', 'CNA Dom Pedro', 0, '2021-10-31 19:08:38', '2021-10-31 19:08:38'),
(663, 'Antônio José', 'antoniojjose00@gmail.com', 'Quero Aprender.', '', '', '(16) 99149-3474', 'CNA Campos Salles', 0, '2021-11-08 14:09:37', '2021-11-08 14:09:37'),
(664, 'Maria Eduarda Macedo Neves', 'maria.mneves@hotmail.com', 'Quero Aprender.', '', '', '(16) 98874-7907', 'CNA Campos Salles', 0, '2021-11-08 15:39:04', '2021-11-08 15:39:04'),
(665, 'Denis Wilson Borges', 'Dwilsonborges85@gmail.com', 'Quero Aprender.', '', '', '(16) 99310-5976', 'CNA Campos Salles', 0, '2021-11-09 11:12:12', '2021-11-09 11:12:12'),
(666, 'kayky', 'kaykyale@hotmail.com', 'Quero Aprender.', '', '', '(16) 99372-1592', 'CNA Campos Salles', 0, '2021-11-09 12:14:44', '2021-11-09 12:14:44'),
(667, 'Karla Larissa Alves Gonçalves', 'gonalveskarla64@gmail.com', 'Quero Aprender.', '', '', '(16) 98840-9943', 'CNA Campos Salles', 0, '2021-11-16 16:27:26', '2021-11-16 16:27:26'),
(668, 'Ysadora Silva', 'ysadora2013.ys@gmail.com', 'Quero Aprender.', '', '', '(17) 98803-7621', 'CNA Campos Salles', 0, '2021-11-21 14:01:51', '2021-11-21 14:01:51'),
(669, 'Sabrina Rosa Nogueira Muniz', 'sanomuniz@hotmail.com', 'Quero Aprender.', '', '', '(16) 99638-2924', 'CNA Campos Salles', 0, '2021-11-22 15:54:19', '2021-11-22 15:54:19'),
(670, 'Eduardo de Paula Ferreira', 'eduardo.pferreira05@gmail.com', 'Quero Aprender.', '', '', '(16) 98814-4286', 'CNA Campos Salles', 0, '2021-11-22 16:33:55', '2021-11-22 16:33:55'),
(671, 'victor hugo fernandes de andrade', 'eadasorte@gmail.com', 'Quero Aprender.', '', '', '(16) 98811-2614', 'CNA Dom Pedro', 0, '2021-11-22 21:06:19', '2021-11-22 21:06:19'),
(672, 'Edilaine', 'edilaine.stoque@hotmail.com', 'Quero Aprender.', '', '', '(16) 99437-2024', 'CNA Dom Pedro', 0, '2021-11-23 17:01:15', '2021-11-23 17:01:15'),
(673, 'Tayna', 'Taynambs@gmail.com', 'Quero Aprender.', '', '', '(16) 98824-3162', 'CNA Dom Pedro', 0, '2021-11-24 01:55:36', '2021-11-24 01:55:36'),
(674, 'Andreia FESTUCCI', 'psi_deia@yahoo.com.br', 'Quero Aprender.', '', '', '(16) 98249-2365', 'CNA Dom Pedro', 0, '2021-11-29 02:56:21', '2021-11-29 02:56:21'),
(675, 'Emanuel Faria', 'emanuelfariabr@gmail.com', 'Quero Aprender.', '', '', '(16) 99450-2904', 'CNA Campos Salles', 0, '2021-12-01 22:34:10', '2021-12-01 22:34:10'),
(676, 'Milene Ribeiro Silva', 'milamil_00@hotmail.com', 'Quero Aprender.', '', '', '(16) 98865-4322', 'CNA Dom Pedro', 0, '2021-12-03 15:30:01', '2021-12-03 15:30:01'),
(677, 'Jean', 'jeaferr22@gmail.com', 'Quero Aprender.', '', '', '(16) 99407-3570', 'CNA Dom Pedro', 0, '2021-12-07 03:59:23', '2021-12-07 03:59:23'),
(678, 'Eduardo', 'Eduardo.sciubba@outlook.com', 'Quero Aprender.', '', '', '(16) 98185-0444', 'CNA Campos Salles', 0, '2021-12-07 19:25:51', '2021-12-07 19:25:51'),
(679, 'Marcela Ganzella Sisdelli', 'maganzella@gmail.com', 'Quero Aprender.', '', '', '(16) 99173-7864', 'CNA Dom Pedro', 0, '2021-12-14 11:47:45', '2021-12-14 11:47:45'),
(680, 'gabriela de jesus bonandin baldo', 'gabrielabonandin@gmail.com', 'Quero Aprender.', '', '', '(16) 99414-5282', 'CNA Dom Pedro', 0, '2021-12-14 17:14:05', '2021-12-14 17:14:05'),
(681, 'Wanderson Reis De Almeida', 'contatowanderson03@gmail.com', 'Quero Aprender.', '', '', '(16) 99415-8033', 'CNA Campos Salles', 0, '2021-12-19 14:00:07', '2021-12-19 14:00:07'),
(682, 'João Lucas', 'joaolucas2@gmail.com', 'Quero Aprender.', '', '', '(16) 99293-2837', 'CNA Campos Salles', 0, '2021-12-19 16:14:07', '2021-12-19 16:14:07'),
(683, 'João Lucas', 'joaolucas2@gmail.com', 'Quero Aprender.', '', '', '(16) 99293-2837', 'CNA Campos Salles', 0, '2021-12-19 16:14:09', '2021-12-19 16:14:09'),
(684, 'Gabriel Bertolini de Sá', 'gabrielbertolinidesa@outlook.com', 'Quero Aprender.', '', '', '(16) 98830-1635', 'CNA Campos Salles', 0, '2021-12-20 03:30:02', '2021-12-20 03:30:02'),
(685, 'Fabricio Luiz Pantoni', 'pantonifa@gmail.com', 'Quero Aprender.', '', '', '(16) 99224-3840', 'CNA Campos Salles', 0, '2021-12-22 05:34:57', '2021-12-22 05:34:57'),
(686, 'REBECA CRISTINA LEONACHOS', 'REBECALEONACHOS@HOTMAIL.COM', 'Quero Aprender.', '', '', '(16) 99308-6252', 'CNA Campos Salles', 0, '2021-12-25 18:52:02', '2021-12-25 18:52:02'),
(687, 'Gabriela Gobbi', 'gabigobcancar@gmail.com', 'Quero Aprender.', '', '', '(16) 99749-9380', 'CNA Campos Salles', 0, '2022-01-03 18:23:50', '2022-01-03 18:23:50'),
(688, 'Janaina', 'janaina.kaciele@hotmail.com', 'Quero Aprender.', '', '', '(16) 98231-0623', 'CNA Dom Pedro', 0, '2022-01-03 19:09:15', '2022-01-03 19:09:15'),
(689, 'Elisa Sampaio Massa', 'elisamassa1414@gmail.com', 'Quero Aprender.', '', '', '(16) 99333-6478', 'CNA Dom Pedro', 0, '2022-01-04 01:18:00', '2022-01-04 01:18:00'),
(690, 'Ana Carolina Garcia Mariotti', 'anacarol4m@gmail.com', 'Quero Aprender.', '', '', '(16) 98127-4282', 'CNA Dom Pedro', 0, '2022-01-04 22:29:37', '2022-01-04 22:29:37'),
(691, 'Lucas Tomé Capriolli', 'lucastcapriolli@gmail.com', 'Quero Aprender.', '', '', '(11) 94233-0574', 'CNA Campos Salles', 0, '2022-01-05 00:06:35', '2022-01-05 00:06:35'),
(692, 'Gabrielly Lira', 'rosasandra126@gmail.com', 'Quero Aprender.', '', '', '(16) 98114-6730', 'CNA Campos Salles', 0, '2022-01-05 01:53:45', '2022-01-05 01:53:45'),
(693, 'Poliana Galo', 'pollygalo@hotmail.com', 'Quero Aprender.', '', '', '(16) 99181-0779', 'CNA Campos Salles', 0, '2022-01-05 18:17:23', '2022-01-05 18:17:23'),
(694, 'Felipe Inacio Rosa', 'felipe_fir@hotmail.com', 'Quero Aprender.', '', '', '(41) 98803-4527', 'CNA Campos Salles', 0, '2022-01-05 18:22:48', '2022-01-05 18:22:48'),
(695, 'Gustavo Sanches Simao', 'clelia.sanches@hotmail.com', 'Quero Aprender.', '', '', '(11) 96449-2304', 'CNA Campos Salles', 0, '2022-01-06 02:37:56', '2022-01-06 02:37:56'),
(696, 'Isabela Gaziro', 'isagaziro@gmail.com', 'Quero Aprender.', '', '', '(14) 98171-6590', 'CNA Campos Salles', 0, '2022-01-06 17:34:23', '2022-01-06 17:34:23'),
(697, 'Gisele', 'gi7lima@gmail.com', 'Quero Aprender.', '', '', '(16) 99149-3575', 'CNA Campos Salles', 0, '2022-01-07 23:00:55', '2022-01-07 23:00:55'),
(698, 'Caio', 'Caiomurilo.eu@hotmail.com', 'Quero Aprender.', '', '', '(15) 98805-7220', 'CNA Campos Salles', 0, '2022-01-09 18:42:20', '2022-01-09 18:42:20'),
(699, 'Luciane Loures dos Santos', 'luloures@hotmail.com', 'Quero Aprender.', '', '', '(16) 98126-6609', 'CNA Campos Salles', 0, '2022-01-10 13:33:39', '2022-01-10 13:33:39'),
(700, 'Kassyane Teles Pires', 'kassyteles@gmail.com', 'Quero Aprender.', '', '', '(16) 99225-7334', 'CNA Campos Salles', 0, '2022-01-10 18:00:41', '2022-01-10 18:00:41'),
(701, 'Kassyane Teles Pires', 'kassyteles@gmail.com', 'Quero Aprender.', '', '', '(16) 99225-7334', 'CNA Campos Salles', 0, '2022-01-10 18:00:44', '2022-01-10 18:00:44'),
(702, 'Lara', 'oliveiralara_@outlook.com', 'Quero Aprender.', '', '', '(16) 98837-5775', 'CNA Campos Salles', 0, '2022-01-11 04:17:07', '2022-01-11 04:17:07'),
(703, 'Felipe de Carvalho lucas', 'feliplucas@hotmail.com', 'Quero Aprender.', '', '', '(16) 99106-2718', 'CNA Campos Salles', 0, '2022-01-14 17:01:32', '2022-01-14 17:01:32'),
(704, 'Gabriel Henrique', 'Ghenriqueemanuel81@gmail.com', 'Quero Aprender.', '', '', '(11) 96013-4961', 'CNA Dom Pedro', 0, '2022-01-16 11:02:53', '2022-01-16 11:02:53'),
(705, 'Dineilton Damasceno Sanches Pereira', 'dineilton785@gmail.com', 'Quero Aprender.', '', '', '(16) 98824-1755', 'CNA Campos Salles', 0, '2022-01-16 20:49:33', '2022-01-16 20:49:33'),
(706, 'Hugo Carvalho Baptistella', 'hugobaptistella08@hotmail.com', 'Quero Aprender.', '', '', '(16) 99266-2434', 'CNA Dom Pedro', 0, '2022-01-17 13:53:17', '2022-01-17 13:53:17'),
(710, 'Stella Petrazzo Fascineli', 'fascineli.stellinha@outlook.com', 'Quero Aprender.', '', '', '(16) 99700-0627', 'CNA Campos Salles', 0, '2022-01-18 12:23:25', '2022-01-18 12:23:25'),
(711, 'Jordana aline da silva pantoni', 'joalinesilva@hotmail.com', 'Quero Aprender.', '', '', '(16) 99369-6689', 'CNA Campos Salles', 0, '2022-01-19 14:13:32', '2022-01-19 14:13:32'),
(712, 'GIOVANNA MARTINS CORREA', 'corream.giovanna@gmail.com', 'Quero Aprender.', '', '', '(16) 99737-2220', 'CNA Campos Salles', 0, '2022-01-21 14:56:33', '2022-01-21 14:56:33'),
(713, 'Davi', 'paulinhamoreno2@yahoo.com.br', 'Quero Aprender.', '', '', '(16) 98811-4260', 'CNA Dom Pedro', 0, '2022-01-22 23:59:09', '2022-01-22 23:59:09'),
(714, 'Paulinhamachado', 'paulinhamoreno2@yahoo.com.br', 'Quero Aprender.', '', '', '(16) 98811-4260', 'CNA Campos Salles', 0, '2022-01-22 23:59:42', '2022-01-22 23:59:42'),
(715, 'Fabiano fuentes', 'Fabiano.fuentes@hotmail.com', 'Quero Aprender.', '', '', '(16) 8811-2352', 'CNA Campos Salles', 0, '2022-01-25 23:32:47', '2022-01-25 23:32:47'),
(716, 'André de Jesus fialho Santos', 'fialholandim17@gmail.com', 'Quero Aprender.', '', '', '(16) 99290-1476', 'CNA Dom Pedro', 0, '2022-01-26 15:47:25', '2022-01-26 15:47:25'),
(717, 'Paulo Ricardo', 'ricardoaraujo8375@gmail.com', 'Quero Aprender.', '', '', '(35) 99742-7401', 'CNA Dom Pedro', 0, '2022-01-28 05:51:52', '2022-01-28 05:51:52'),
(718, 'Deividy William Teixeira Silva', 'deividy@prof.educacao.sp.gov.br', 'Quero Aprender.', '', '', '(16) 98817-5886', 'CNA Campos Salles', 0, '2022-01-28 19:22:55', '2022-01-28 19:22:55'),
(719, 'Deividy William Teixeira Silva', 'deividy@prof.educacao.sp.gov.br', 'Quero Aprender.', '', '', '(16) 98817-5886', 'CNA Campos Salles', 0, '2022-01-28 19:22:58', '2022-01-28 19:22:58'),
(720, 'Johnatas Resende de Aguilar', 'j_resende22@hotmail.com', 'Quero Aprender.', '', '', '(16) 98840-8710', 'CNA Dom Pedro', 0, '2022-01-29 11:59:32', '2022-01-29 11:59:32'),
(721, 'Natália', 'tequerobemsaudavel@gmail.com', 'Quero Aprender.', '', '', '(16) 99991-5239', 'CNA Dom Pedro', 0, '2022-01-29 13:59:13', '2022-01-29 13:59:13'),
(722, 'KARINA LUISA LIMA SANTOS', 'marcossanlima@gmail.com', 'Quero Aprender.', '', '', '(15) 99606-6451', 'CNA Campos Salles', 0, '2022-01-30 12:03:54', '2022-01-30 12:03:54'),
(723, 'Gabriel Palmeira', 'gabriel.palmeira40290@gmail.com', 'Quero Aprender.', '', '', '(16) 99338-1313', 'CNA Campos Salles', 0, '2022-01-30 17:13:03', '2022-01-30 17:13:03'),
(726, 'Pedro Henrique Batista Da Silva', 'pedro.batista0501@gmail.com', 'Quero Aprender.', '', '', '(16) 99229-6585', 'CNA Dom Pedro', 0, '2022-02-04 14:37:37', '2022-02-04 14:37:37'),
(728, 'Nívea Letícia Diniz Costa', 'nivealetticia@hotmail.com', 'Quero Aprender.', '', '', '(16) 99703-1005', 'CNA Campos Salles', 0, '2022-02-06 18:06:21', '2022-02-06 18:06:21'),
(729, 'Jenifer', 'Jeniferfernanda203@gmail.com', 'Quero Aprender.', '', '', '(16) 9936-4584', 'CNA Campos Salles', 0, '2022-02-11 15:59:06', '2022-02-11 15:59:06'),
(730, 'VITOR MACHADO DA SILVA', 'vitormachadoisso@gmail.com', 'Quero Aprender.', '', '', '(16) 99180-0882', 'CNA Dom Pedro', 0, '2022-02-11 19:46:15', '2022-02-11 19:46:15'),
(731, 'Marcela Merino Carneiro', 'marcela.mcarneiro01@gmail.com', 'Quero Aprender.', '', '', '(16) 98817-4232', 'CNA Dom Pedro', 0, '2022-02-16 23:17:12', '2022-02-16 23:17:12'),
(732, 'Alana', 'alana.pedrosa@outlook.com', 'Quero Aprender.', '', '', '(16) 69934-9455', 'CNA Dom Pedro', 0, '2022-02-17 01:32:38', '2022-02-17 01:32:38'),
(733, 'Marcela Merino Carneiro', 'marcela.mcarneiro01@gmail.com', 'Quero Aprender.', '', '', '(16) 98817-4232', 'CNA Dom Pedro', 0, '2022-02-17 18:42:07', '2022-02-17 18:42:07'),
(735, 'Danilo', 'daniloaugusto@gmail.com', 'Quero Aprender.', '', '', '(16) 9913-9874', 'CNA Campos Salles', 0, '2022-02-18 21:14:20', '2022-02-18 21:14:20'),
(736, 'Karolaine Beatriz Fogaça', 'theuscraftkacraft1227@gmial.com', 'Quero Aprender.', '', '', '(16) 99293-9387', 'CNA Campos Salles', 0, '2022-02-19 06:48:25', '2022-02-19 06:48:25'),
(737, 'Julia', 'juliatexguedes@gmail.com', 'Quero Aprender.', '', '', '(16) 99407-3285', 'CNA Campos Salles', 0, '2022-02-19 15:18:22', '2022-02-19 15:18:22'),
(738, 'Lucas Gabriel', 'lucasgabriel09980@gmail.com', 'Quero Aprender.', '', '', '(', 'CNA Campos Salles', 0, '2022-02-21 03:00:24', '2022-02-21 03:00:24'),
(741, 'Adriana', 'adrianarodriguesdesouza357@gmail.com', 'Quero Aprender.', '', '', '(16) 98827-5154', 'CNA Dom Pedro', 0, '2022-02-21 04:05:39', '2022-02-21 04:05:39');
INSERT INTO `messages` (`id`, `name`, `email`, `subject`, `city`, `state`, `phone`, `message`, `status`, `created_at`, `updated_at`) VALUES
(742, 'Melissa', 'melissamoraes2017@gmail.com', 'Quero Aprender.', '', '', '(16) 99170-4426', 'CNA Dom Pedro', 0, '2022-02-21 23:36:56', '2022-02-21 23:36:56'),
(743, 'Melissa', 'melissamoraes2017@gmail.com', 'Quero Aprender.', '', '', '(16) 99170-4426', 'CNA Dom Pedro', 0, '2022-02-21 23:36:58', '2022-02-21 23:36:58'),
(744, 'FRANCIENE RABICO OLIVEIRA', 'franciene.rabico@gmail.com', 'Quero Aprender.', '', '', '(16) 98843-1050', 'CNA Campos Salles', 0, '2022-02-22 14:18:59', '2022-02-22 14:18:59'),
(774, 'Ravi Isaac de Souza Zafalão', 'ravizafalao@gmail.com', 'Quero Aprender.', '', '', '(16) 98835-1551', 'CNA Campos Salles', 0, '2022-02-27 12:59:29', '2022-02-27 12:59:29'),
(776, 'Joseleane Lopes Fernandes', 'joseleanefernandes@gmail.com', 'Quero Aprender.', '', '', '(16) 98221-7647', 'CNA Dom Pedro', 3, '2022-03-02 01:59:49', '2022-03-02 01:59:49'),
(780, 'Leonardo', 'leoleco2002@gmail.com', 'Quero Aprender.', '', '', '(19) 99230-0981', 'CNA Campos Salles', 3, '2022-03-04 17:38:08', '2022-03-04 17:38:08'),
(800, 'Arthur Antônio Torrieri Martins', 'arthur-t-martins@hotmail.com', 'Quero Aprender.', '', '', '(16) 99156-3385', 'CNA Campos Salles', 0, '2022-03-06 19:27:51', '2022-03-06 19:27:51'),
(802, 'Kathelen Silva', 'Kathelen.silva6@gmail.com', 'Quero Aprender.', '', '', '(16) 99387-2071', 'CNA Dom Pedro', 3, '2022-03-07 00:50:38', '2022-03-07 00:50:38'),
(807, 'Laura Bettiol Orteiro', 'laura.bettiol@hotmail.com', 'Quero Aprender.', '', '', '(16) 99771-5887', 'CNA Campos Salles', 3, '2022-03-09 17:48:22', '2022-03-09 17:48:22'),
(811, 'Beatris Vargas', 'beatrisvargas3007@gmail.com', 'Quero Aprender.', '', '', '(16) 98860-7975', 'CNA Campos Salles', 3, '2022-03-10 14:59:40', '2022-03-10 14:59:40'),
(813, 'Matheus', 'halineoliveira76@icloud.com', 'Quero Aprender.', '', '', '(16) 98873-7572', 'CNA Dom Pedro', 3, '2022-03-10 21:42:20', '2022-03-10 21:42:20'),
(818, 'Elena Tavares Godinho', 'tavareselena30@gmail.com', 'Quero Aprender.', '', '', '(16) 99416-5110', 'CNA Campos Salles', 3, '2022-03-12 11:17:18', '2022-03-12 11:17:18'),
(820, 'Júlio César Pereira de Souza', 'juliocesarpereiradesouzas70@gmail.com', 'Quero Aprender.', '', '', '(67) 9929-5181', 'CNA Dom Pedro', 3, '2022-03-13 18:14:16', '2022-03-13 18:14:16'),
(822, 'Isadora Danielle Pereira da Silva', 'isadoraromana9@gmail.com', 'Quero Aprender.', '', '', '(16) 99167-8890', 'CNA Campos Salles', 3, '2022-03-14 00:36:25', '2022-03-14 00:36:25'),
(829, 'Vitória Fernandes Martos', 'vitoriafernandesmartos@gmail.com', 'Quero Aprender.', '', '', '(14) 99667-1440', 'CNA Dom Pedro', 3, '2022-03-14 14:59:04', '2022-03-14 14:59:04'),
(832, 'Joao Antônio figueira', 'angelicafava@hotmail.com', 'Quero Aprender.', '', '', '(16) 99300-2340', 'CNA Dom Pedro', 3, '2022-03-14 17:52:17', '2022-03-14 17:52:17'),
(840, 'Maxwel abiake', 'maxwel.abiake123@gmail.com', 'Quero Aprender.', '', '', '(16) 98830-6234', 'CNA Dom Pedro', 0, '2022-03-14 20:11:04', '2022-03-14 20:11:04'),
(841, 'Isadora', 'isaisamesquita@gmail.com', 'Quero Aprender.', '', '', '(16) 98825-1536', 'CNA Dom Pedro', 0, '2022-03-15 19:20:26', '2022-03-15 19:20:26'),
(843, 'Guilherme Oliveira', 'guioliverah2005@gmail.com', 'Quero Aprender.', '', '', '(16) 99261-4610', 'CNA Dom Pedro', 0, '2022-03-16 12:11:00', '2022-03-16 12:11:00'),
(844, 'Joel Cesar Andrade', 'joelcesar09@gmail.com', 'Quero Aprender.', '', '', '(16) 99463-8781', 'CNA Dom Pedro', 0, '2022-03-17 03:49:19', '2022-03-17 03:49:19'),
(845, 'Jullya Marques Ribeiro Gurgel', 'lidimrgurgel@gmail.com', 'Quero Aprender.', '', '', '(16) 99172-4584', 'CNA Campos Salles', 0, '2022-03-17 11:18:23', '2022-03-17 11:18:23'),
(846, 'Abner Ugeda', 'abnerugeda21@gmail.com', 'Quero Aprender.', '', '', '(16) 99792-6503', 'CNA Campos Salles', 0, '2022-03-18 14:33:09', '2022-03-18 14:33:09'),
(850, 'Dayane', 'dayane123dz@gmail.com', 'Quero Aprender.', '', '', '(16) 98198-4878', 'CNA Dom Pedro', 0, '2022-03-20 21:27:35', '2022-03-20 21:27:35'),
(851, 'Telma Ferreira Paiva', 'fernanda17paixao@gmail.com', 'Quero Aprender.', '', '', '(16) 98135-1435', 'CNA Dom Pedro', 0, '2022-03-22 22:27:43', '2022-03-22 22:27:43'),
(854, 'Gabrielly', 'gabriellybscatolini@gmail.com', 'Quero Aprender.', '', '', '(19) 99621-0593', 'CNA Campos Salles', 0, '2022-03-24 00:36:14', '2022-03-24 00:36:14'),
(856, 'Rogério Wesley dos Santos Pereira', 'rwdsantospereira@gmail.com', 'Quero Aprender.', '', '', '(16) 99180-8007', 'CNA Dom Pedro', 0, '2022-03-24 11:07:08', '2022-03-24 11:07:08'),
(858, 'Cauan Aparecido de Oliveira', 'ocauan2004@gmail.com', 'Quero Aprender.', '', '', '(16) 98211-6705', 'CNA Dom Pedro', 0, '2022-03-25 16:10:11', '2022-03-25 16:10:11'),
(859, 'Tamara', 'www.tamararubinato767@gmail.com', 'Quero Aprender.', '', '', '(55) 16991-5235', 'CNA Campos Salles', 0, '2022-03-26 23:55:30', '2022-03-26 23:55:30'),
(861, 'Daiane Gonçalves Teixeira', 'daipataxo@gmail.com', 'Quero Aprender.', '', '', '(55) 77998-1757', 'CNA Campos Salles', 0, '2022-03-27 06:42:28', '2022-03-27 06:42:28'),
(862, 'Cláudio Pereira Lima', 'claudioplima2020@gmail.com', 'Quero Aprender.', '', '', '(17) 98102-4658', 'CNA Dom Pedro', 0, '2022-03-31 20:50:25', '2022-03-31 20:50:25'),
(863, 'Bruno Boaventura do Carmo', 'bruno.bdcarmo@gmail.com', 'Quero Aprender.', '', '', '(16) 98103-8261', 'CNA Dom Pedro', 0, '2022-04-05 10:24:40', '2022-04-05 10:24:40'),
(864, 'Paula Santana Pereira', 'paulasantpereira@gmail.com', 'Quero Aprender.', '', '', '(16) 99743-0091', 'CNA Dom Pedro', 0, '2022-04-06 21:42:26', '2022-04-06 21:42:26'),
(865, 'Andréa', 'andreamcepv@gmail.com', 'Quero Aprender.', '', '', '(16) 98118-5130', 'CNA Dom Pedro', 0, '2022-04-09 20:54:46', '2022-04-09 20:54:46'),
(866, 'Allan Dias de Paiva', 'allanpaiva3@gmail.com', 'Quero Aprender.', '', '', '(16) 99788-0305', 'CNA Dom Pedro', 0, '2022-04-10 17:07:34', '2022-04-10 17:07:34'),
(867, 'Maria Eduarda', 'dudarosatto457@gmail.com', 'Quero Aprender.', '', '', '(16) 99367-5268', 'CNA Campos Salles', 0, '2022-04-10 18:13:27', '2022-04-10 18:13:27'),
(868, 'Gabriel de Paula Simonetti', 'gpsimonetti@hotmail.com', 'Quero Aprender.', '', '', '(16) 98809-7901', 'CNA Dom Pedro', 0, '2022-04-12 15:41:02', '2022-04-12 15:41:02'),
(869, 'Marcos', 'marcoseduardovp@gmail.com.br', 'Quero Aprender.', '', '', '(64) 98174-0770', 'CNA Campos Salles', 0, '2022-04-16 03:20:06', '2022-04-16 03:20:06'),
(870, 'Fabiana augusta dacanal', 'fabianadacanal@hotmail.com', 'Quero Aprender.', '', '', '(16) 98189-4055', 'CNA Dom Pedro', 0, '2022-04-16 15:34:16', '2022-04-16 15:34:16'),
(871, 'Anderson', 'Anderson89ers@gmail.com', 'Quero Aprender.', '', '', '(15) 99195-9093', 'CNA Dom Pedro', 0, '2022-04-20 01:07:42', '2022-04-20 01:07:42'),
(872, 'Luciene Pereira Barbosa', 'lucienebarbos@outlook.com', 'Quero Aprender.', '', '', '(34) 98405-0428', 'CNA Campos Salles', 0, '2022-04-21 05:40:48', '2022-04-21 05:40:48'),
(873, 'Nathalya Castro', 'natatccastro@gmail.com', 'Quero Aprender.', '', '', '(16) 99443-4444', 'CNA Dom Pedro', 0, '2022-04-22 14:02:16', '2022-04-22 14:02:16'),
(874, 'Nathalya Castro', 'natatccastro@gmail.com', 'Quero Aprender.', '', '', '(16) 99443-4444', 'CNA Dom Pedro', 0, '2022-04-22 14:02:19', '2022-04-22 14:02:19'),
(875, 'Neide Stain De Oliveira', 'neideestaindeoliveira@hotmail.com', 'Quero Aprender.', '', '', '(55) 16981-3547', 'CNA Dom Pedro', 0, '2022-04-26 15:43:46', '2022-04-26 15:43:46'),
(876, 'Mara Regina Dos Santos Santos', 'm.arasa@hotmail.com', 'Quero Aprender.', '', '', '(16) 99194-4056', 'CNA Dom Pedro', 0, '2022-04-26 17:17:39', '2022-04-26 17:17:39'),
(877, 'Débora', 'deborafelipe7@gmail.com', 'Quero Aprender.', '', '', '(16) 98134-4958', 'CNA Dom Pedro', 0, '2022-04-26 21:04:13', '2022-04-26 21:04:13'),
(878, 'Yasmin moreira', 'yasminmoreira000js@gmail.com', 'Quero Aprender.', '', '', '(16) 9943-684', 'CNA Dom Pedro', 0, '2022-04-27 00:36:24', '2022-04-27 00:36:24'),
(879, 'renan vinicius', 'renanbiatre15@gmail.com', 'Quero Aprender.', '', '', '(16) 99136-1528', 'CNA Campos Salles', 0, '2022-04-27 21:09:32', '2022-04-27 21:09:32'),
(880, 'renan vinicius', 'renanbiatre15@gmail.com', 'Quero Aprender.', '', '', '(16) 99136-1528', 'CNA Campos Salles', 0, '2022-04-27 21:09:34', '2022-04-27 21:09:34'),
(881, 'Beatriz souza de carvalho', 'edlenemariadsouza@gmail.com', 'Quero Aprender.', '', '', '(16) 99284-9550', 'CNA Campos Salles', 0, '2022-04-27 21:38:05', '2022-04-27 21:38:05'),
(882, 'Quezia Francisco dos Santos Pinto', 'quezia_santos007@hotmail.com', 'Quero Aprender.', '', '', '(16) 99461-2523', 'CNA Campos Salles', 0, '2022-04-28 17:20:52', '2022-04-28 17:20:52'),
(883, 'Rute', 'rutematosttm@gmail.com', 'Quero Aprender.', '', '', '(16) 98831-3005', 'CNA Dom Pedro', 0, '2022-04-28 21:43:50', '2022-04-28 21:43:50'),
(884, 'Maria Dalila Da Silva', 'dalillaguedes13@gmail.com', 'Quero Aprender.', '', '', '(16) 99623-6596', 'CNA Dom Pedro', 0, '2022-05-02 00:00:06', '2022-05-02 00:00:06'),
(885, 'fernanda bortoloto', 'fernandarbdamasceno@gmail.com', 'Quero Aprender.', '', '', '(18) 99680-4841', 'CNA Dom Pedro', 0, '2022-05-02 18:56:30', '2022-05-02 18:56:30'),
(886, 'fernanda bortoloto', 'fernandarbdamasceno@gmail.com', 'Quero Aprender.', '', '', '(18) 99680-4841', 'CNA Campos Salles', 0, '2022-05-02 18:57:50', '2022-05-02 18:57:50'),
(887, 'Lavínia', 'laviniasantosllsd@gmail.com', 'Quero Aprender.', '', '', '(16) 99616-2239', 'CNA Dom Pedro', 0, '2022-05-02 19:43:04', '2022-05-02 19:43:04'),
(888, 'Renata de Souza', 'renatasouzattt@gmail.com', 'Quero Aprender.', '', '', '(16) 99261-8292', 'CNA Dom Pedro', 0, '2022-05-05 01:01:12', '2022-05-05 01:01:12'),
(889, 'Lainara  Cristiane de Souza Monteiro', 'monteirolainara@gmail.com', 'Quero Aprender.', '', '', '(16) 99152-8741', 'CNA Dom Pedro', 0, '2022-05-07 02:51:53', '2022-05-07 02:51:53'),
(891, 'João Vitor Candido Ribeiro Dos Santos', 'jvitorcandido61@gmail.com', 'Quero Aprender.', '', '', '(16) 99333-2502', 'CNA Dom Pedro', 0, '2022-05-13 15:58:57', '2022-05-13 15:58:57'),
(892, 'Lucas Bagatini Guimarães', 'lucasguimares.lbg@gmail.com', 'Quero Aprender.', '', '', '(16) 99105-4983', 'CNA Campos Salles', 0, '2022-05-16 12:06:10', '2022-05-16 12:06:10'),
(894, 'Mateus Roque Bonfim', 'MateusRBonfim@outlook.com', 'Quero Aprender.', '', '', '(16) 98165-4025', 'CNA Dom Pedro', 0, '2022-05-16 23:29:00', '2022-05-16 23:29:00'),
(895, 'LUIZ FELIPE CARDOSO E SILVA', 'cardosoandreia2014@gmail.com', 'Quero Aprender.', '', '', '(16) 99199-1228', 'CNA Dom Pedro', 0, '2022-05-18 16:51:07', '2022-05-18 16:51:07'),
(896, 'Angelina Marcelino Oliveira', 'Belezza.natural1345@gmail.com', 'Quero Aprender.', '', '', '(17) 99979-5909', 'CNA Dom Pedro', 0, '2022-05-18 18:21:10', '2022-05-18 18:21:10'),
(897, 'Nirelcio A Pereira', 'nirelciopereiraal@yahoo.com.br', 'Quero Aprender.', '', '', '(16) 98122-3481', 'CNA Campos Salles', 0, '2022-05-21 02:10:34', '2022-05-21 02:10:34'),
(898, 'Gabriela', 'gabipalomine03@gmail.com', 'Quero Aprender.', '', '', '(16) 98815-9009', 'CNA Dom Pedro', 0, '2022-05-24 01:05:36', '2022-05-24 01:05:36'),
(899, 'Rafaella Fernanda Machado Gléria', 'rafernanda1@gmail.com', 'Quero Aprender.', '', '', '(16) 99462-4277', 'CNA Dom Pedro', 0, '2022-05-24 18:39:16', '2022-05-24 18:39:16'),
(901, 'ana beatriz', 'anaguimaraes.04@hotmail.com', 'Quero Aprender.', '', '', '(16) 98110-5993', 'CNA Campos Salles', 0, '2022-05-26 13:46:49', '2022-05-26 13:46:49'),
(903, 'CAROLINA TEIXEIRA DOS SANTOS', 'carol1209teixeira@gmail.com', 'Quero Aprender.', '', '', '(16) 98844-8445', 'CNA Campos Salles', 0, '2022-05-27 20:50:45', '2022-05-27 20:50:45'),
(905, 'Beatriz Ceregatti de Console', 'beatrizceregatti2020@gmail.com', 'Quero Aprender.', '', '', '(16) 98110-2669', 'CNA Dom Pedro', 0, '2022-05-28 16:11:27', '2022-05-28 16:11:27'),
(906, 'ALESSANDRA CRISTINA BORGES', 'pra.alessandra.jca@gmail.com', 'Quero Aprender.', '', '', '(17) 99753-7995', 'CNA Campos Salles', 0, '2022-05-28 21:35:46', '2022-05-28 21:35:46'),
(908, 'victoria', 'victoriacassia95@gmail.com', 'Quero Aprender.', '', '', '(16) 99447-9951', 'CNA Dom Pedro', 0, '2022-05-30 20:37:32', '2022-05-30 20:37:32'),
(909, 'Marcella dos Santos Costa', 'marcellasantoscosta1@gmail.com', 'Quero Aprender.', '', '', '(16) 99321-8796', 'CNA Dom Pedro', 0, '2022-05-31 01:08:51', '2022-05-31 01:08:51'),
(911, 'teste2', 'teste2@gmail.com', 'Quero Aprender.', '', '', '(19) 98976-3543', 'CNA Campos Salles', 0, '2022-05-31 18:48:45', '2022-05-31 18:48:45'),
(912, 'Allan Caires', 'allangcaires@gmail.com', 'Quero Aprender.', '', '', '(16) 99167-6296', 'CNA Campos Salles', 0, '2022-06-02 02:28:27', '2022-06-02 02:28:27'),
(913, 'FREDERICO A B LIMA', 'fred.bergamini@gmail.com', 'Quero Aprender.', '', '', '(11) 98685-4165', 'CNA Dom Pedro', 0, '2022-06-02 10:44:36', '2022-06-02 10:44:36'),
(914, 'Andréa Shirlene costa santos', 'andreashirlene@hotmail.com', 'Quero Aprender.', '', '', '(16) 98157-7212', 'CNA Campos Salles', 0, '2022-06-06 04:30:37', '2022-06-06 04:30:37'),
(915, 'Daniela chirico', 'daniela_chirico@hotmail.com', 'Quero Aprender.', '', '', '(16) 99110-5878', 'CNA Campos Salles', 0, '2022-06-06 12:21:51', '2022-06-06 12:21:51'),
(916, 'Elisangela da Silva oliveira', 'elisangelad75@gmail.com', 'Quero Aprender.', '', '', '(16) 99251-0073', 'CNA Dom Pedro', 0, '2022-06-10 18:35:45', '2022-06-10 18:35:45'),
(917, 'testee', 'teste@gmail.com', 'Quero Aprender.', '', '', '(16) 82629-2922', 'CNA Campos Salles', 0, '2022-06-10 19:33:20', '2022-06-10 19:33:20'),
(918, 'Cristiane Alves Ferreira', 'cristiane.aferreira@gmail.com', 'Quero Aprender.', '', '', '(16) 99293-2712', 'CNA Dom Pedro', 0, '2022-06-27 16:37:48', '2022-06-27 16:37:48'),
(919, 'Jhonatan Willian da Cruz Pena', 'jhonatanpena118@gmail.com', 'Quero Aprender.', '', '', '(16) 99336-3017', 'CNA Dom Pedro', 0, '2022-06-27 19:37:12', '2022-06-27 19:37:12'),
(920, 'Jennifer Loriene Souza da silva', 'lorienejennifer@gmail.com', 'Quero Aprender.', '', '', '(16) 98836-1867', 'CNA Dom Pedro', 0, '2022-06-28 04:00:47', '2022-06-28 04:00:47'),
(921, 'Leticia', 'lt26513@gmail.com', 'Quero Aprender.', '', '', '(16) 99406-6607', 'CNA Campos Salles', 0, '2022-06-28 13:00:58', '2022-06-28 13:00:58'),
(922, 'Lara Alícia Jubelin de Oliveira', 'larajubelin9@gmail.com', 'Quero Aprender.', '', '', '(16) 99439-5326', 'CNA Dom Pedro', 0, '2022-06-29 19:20:09', '2022-06-29 19:20:09'),
(923, 'Karolaine C Adolpho', 'karolaine.adolpho@gmail.com', 'Quero Aprender.', '', '', '(16) 99284-3415', 'CNA Campos Salles', 0, '2022-06-30 20:03:56', '2022-06-30 20:03:56'),
(924, 'Danilo Ficher de Macedo', 'dfmacedo2@yahoo.com.br', 'Quero Aprender.', '', '', '(16) 99753-9261', 'CNA Dom Pedro', 0, '2022-07-01 15:09:00', '2022-07-01 15:09:00'),
(925, 'Luciana Rezende de Oliveira', 'Luciana_r.oliveira@hotmail.com', 'Quero Aprender.', '', '', '(16) 99723-0178', 'CNA Dom Pedro', 0, '2022-07-02 19:43:29', '2022-07-02 19:43:29'),
(926, 'Aline Vitória Florina da Costa', 'fo_ha1@hotmail.com', 'Quero Aprender.', '', '', '(16) 98249-9740', 'CNA Dom Pedro', 0, '2022-07-05 16:53:00', '2022-07-05 16:53:00'),
(927, 'Bryan', 'bryanpereira1603@gmail.com', 'Quero Aprender.', '', '', '(16) 99446-2105', 'CNA Campos Salles', 0, '2022-07-06 23:44:22', '2022-07-06 23:44:22'),
(928, 'Isabella de Carvalho Dias', 'Belinhadias29@outlook.com', 'Quero Aprender.', '', '', '(16) 98808-1952', 'CNA Campos Salles', 0, '2022-07-07 23:41:49', '2022-07-07 23:41:49'),
(929, 'Ricardo de Oliveira Silva', 'ricky.2022kj@gmail.com', 'Quero Aprender.', '', '', '(16) 99637-8589', 'CNA Dom Pedro', 0, '2022-07-08 23:09:14', '2022-07-08 23:09:14'),
(930, 'Ricardo de oliveira silva', 'ricardo.escritor2019@gmail.com', 'Quero Aprender.', '', '', '(16) 99637-8589', 'CNA Dom Pedro', 0, '2022-07-11 00:44:54', '2022-07-11 00:44:54'),
(932, 'Raphaela Gomes Bermal', 'braphaela.gomes@gmail.com', 'Quero Aprender.', '', '', '(16) 99136-8405', 'CNA Campos Salles', 0, '2022-07-11 13:35:27', '2022-07-11 13:35:27'),
(933, 'Gabrielly Pacheco', 'contatogabepacheco@gmail.com', 'Quero Aprender.', '', '', '(11) 96204-6434', 'CNA Campos Salles', 0, '2022-07-18 12:31:05', '2022-07-18 12:31:05'),
(934, 'LAURA REIS LIPORONI', 'lauraliporoni@yahoo.com', 'Quero Aprender.', '', '', '(16) 99160-3893', 'CNA Campos Salles', 0, '2022-07-18 23:02:55', '2022-07-18 23:02:55'),
(935, 'Ingrid Feltrin', 'Rapozoida@gmail.com', 'Quero Aprender.', '', '', '(16) 99211-3681', 'CNA Dom Pedro', 0, '2022-07-19 09:36:20', '2022-07-19 09:36:20'),
(936, 'Lucimara', 'Lucimaratasquini4@gmail.com', 'Quero Aprender.', '', '', '(16) 99360-6764', 'CNA Dom Pedro', 0, '2022-07-20 16:46:04', '2022-07-20 16:46:04'),
(937, 'Daiana', 'dfdaiana08@hotmail.com', 'Quero Aprender.', '', '', '(16) 99412-2239', 'CNA Dom Pedro', 0, '2022-07-24 23:40:09', '2022-07-24 23:40:09'),
(938, 'Sandra Aparecida Lopes Souza', 't3sandra@gmail.com', 'Quero Aprender.', '', '', '(16) 99643-5304', 'CNA Campos Salles', 0, '2022-07-25 11:32:58', '2022-07-25 11:32:58'),
(939, 'Simone', 'simonedgmo@gmail.com', 'Quero Aprender.', '', '', '(16) 99327-0402', 'CNA Dom Pedro', 0, '2022-07-31 20:30:26', '2022-07-31 20:30:26'),
(940, 'Jonathan Henrique Aparecido', 'jjonathanhenrique@hotmail.com', 'Quero Aprender.', '', '', '(16) 99294-2095', 'CNA Campos Salles', 0, '2022-08-01 19:43:02', '2022-08-01 19:43:02');

-- --------------------------------------------------------

--
-- Estrutura para tabela `migrations`
--

CREATE TABLE `migrations` (
  `id` int UNSIGNED NOT NULL,
  `migration` varchar(191) COLLATE utf8mb4_unicode_ci NOT NULL,
  `batch` int NOT NULL
) ENGINE=InnoDB DEFAULT CHARSET=utf8mb4 COLLATE=utf8mb4_unicode_ci;

--
-- Despejando dados para a tabela `migrations`
--

INSERT INTO `migrations` (`id`, `migration`, `batch`) VALUES
(1, '2020_03_20_000000_create_users_table', 1),
(2, '2020_03_28_180247_create_roles_table', 1),
(3, '2020_03_28_180841_create_permissions_table', 1),
(4, '2020_03_29_181321_create_permissions_role_table', 1),
(5, '2020_04_03_144163_create_providers_table', 1),
(6, '2020_04_15_181131_create_seos_table', 1),
(7, '2020_04_16_192041_create_accesses_table', 1),
(8, '2020_04_24_142826_create_galleries_table', 1),
(9, '2020_04_24_144733_create_gallery_images_table', 1),
(10, '2020_07_01_122620_create_banners_table', 1),
(11, '2020_07_01_133930_create_abouts_table', 1),
(12, '2020_07_23_133930_create_config_table', 1),
(13, '2020_07_27_185957_create_sessions_table', 1),
(14, '2020_07_28_145527_create_messages_table', 1),
(15, '2021_04_27_165425_create_testimonials_table', 1),
(16, '2021_04_27_174227_create_units_table', 2);

-- --------------------------------------------------------

--
-- Estrutura para tabela `permissions`
--

CREATE TABLE `permissions` (
  `id` bigint UNSIGNED NOT NULL,
  `name` varchar(191) COLLATE utf8mb4_unicode_ci DEFAULT NULL,
  `route` varchar(191) COLLATE utf8mb4_unicode_ci DEFAULT NULL,
  `controller` varchar(191) COLLATE utf8mb4_unicode_ci NOT NULL,
  `method` varchar(191) COLLATE utf8mb4_unicode_ci NOT NULL,
  `created_at` timestamp NULL DEFAULT NULL,
  `updated_at` timestamp NULL DEFAULT NULL
) ENGINE=InnoDB DEFAULT CHARSET=utf8mb4 COLLATE=utf8mb4_unicode_ci;

--
-- Despejando dados para a tabela `permissions`
--

INSERT INTO `permissions` (`id`, `name`, `route`, `controller`, `method`, `created_at`, `updated_at`) VALUES
(1, 'DashboardController', 'admin.dashboard', 'App\\Http\\Controllers\\Admin\\DashboardController', 'index', '2021-04-27 20:07:05', '2021-04-27 20:07:05'),
(2, 'CalendarController', 'admin.calendar.index', 'App\\Http\\Controllers\\Admin\\CalendarController', 'index', '2021-04-27 20:07:05', '2021-04-27 20:07:05'),
(3, 'UserController', 'admin.user.index', 'App\\Http\\Controllers\\Admin\\UserController', 'index', '2021-04-27 20:07:05', '2021-04-27 20:07:05'),
(4, 'UserController', 'admin.user.create', 'App\\Http\\Controllers\\Admin\\UserController', 'create', '2021-04-27 20:07:05', '2021-04-27 20:07:05'),
(5, 'UserController', 'admin.user.show', 'App\\Http\\Controllers\\Admin\\UserController', 'show', '2021-04-27 20:07:05', '2021-04-27 20:07:05'),
(6, 'UserController', 'admin.user.store', 'App\\Http\\Controllers\\Admin\\UserController', 'store', '2021-04-27 20:07:05', '2021-04-27 20:07:05'),
(7, 'UserController', 'admin.user.edit', 'App\\Http\\Controllers\\Admin\\UserController', 'edit', '2021-04-27 20:07:05', '2021-04-27 20:07:05'),
(8, 'UserController', 'admin.user.update', 'App\\Http\\Controllers\\Admin\\UserController', 'update', '2021-04-27 20:07:05', '2021-04-27 20:07:05'),
(9, 'UserController', 'admin.user.destroy', 'App\\Http\\Controllers\\Admin\\UserController', 'destroy', '2021-04-27 20:07:05', '2021-04-27 20:07:05'),
(10, 'UserController', 'admin.user.ajax', 'App\\Http\\Controllers\\Admin\\UserController', 'ajax', '2021-04-27 20:07:05', '2021-04-27 20:07:05'),
(11, 'RoleController', 'admin.role.index', 'App\\Http\\Controllers\\Admin\\RoleController', 'index', '2021-04-27 20:07:05', '2021-04-27 20:07:05'),
(12, 'RoleController', 'admin.role.create', 'App\\Http\\Controllers\\Admin\\RoleController', 'create', '2021-04-27 20:07:05', '2021-04-27 20:07:05'),
(13, 'RoleController', 'admin.role.show', 'App\\Http\\Controllers\\Admin\\RoleController', 'show', '2021-04-27 20:07:05', '2021-04-27 20:07:05'),
(14, 'RoleController', 'admin.role.store', 'App\\Http\\Controllers\\Admin\\RoleController', 'store', '2021-04-27 20:07:05', '2021-04-27 20:07:05'),
(15, 'RoleController', 'admin.role.edit', 'App\\Http\\Controllers\\Admin\\RoleController', 'edit', '2021-04-27 20:07:05', '2021-04-27 20:07:05'),
(16, 'RoleController', 'admin.role.update', 'App\\Http\\Controllers\\Admin\\RoleController', 'update', '2021-04-27 20:07:05', '2021-04-27 20:07:05'),
(17, 'RoleController', 'admin.role.destroy', 'App\\Http\\Controllers\\Admin\\RoleController', 'destroy', '2021-04-27 20:07:05', '2021-04-27 20:07:05'),
(18, 'RoleController', 'admin.role.permissions', 'App\\Http\\Controllers\\Admin\\RoleController', 'permissions', '2021-04-27 20:07:05', '2021-04-27 20:07:05'),
(19, 'RoleController', 'admin.role.permission.update', 'App\\Http\\Controllers\\Admin\\RoleController', 'permission', '2021-04-27 20:07:05', '2021-04-27 20:07:05'),
(20, 'RoleController', 'admin.role.ajax', 'App\\Http\\Controllers\\Admin\\RoleController', 'ajax', '2021-04-27 20:07:05', '2021-04-27 20:07:05'),
(21, 'PermissionController', 'admin.permission.index', 'App\\Http\\Controllers\\Admin\\PermissionController', 'index', '2021-04-27 20:07:05', '2021-04-27 20:07:05'),
(22, 'PermissionController', 'admin.permission.create', 'App\\Http\\Controllers\\Admin\\PermissionController', 'create', '2021-04-27 20:07:05', '2021-04-27 20:07:05'),
(23, 'PermissionController', 'admin.permission.show', 'App\\Http\\Controllers\\Admin\\PermissionController', 'show', '2021-04-27 20:07:05', '2021-04-27 20:07:05'),
(24, 'PermissionController', 'admin.permission.store', 'App\\Http\\Controllers\\Admin\\PermissionController', 'store', '2021-04-27 20:07:05', '2021-04-27 20:07:05'),
(25, 'PermissionController', 'admin.permission.edit', 'App\\Http\\Controllers\\Admin\\PermissionController', 'edit', '2021-04-27 20:07:05', '2021-04-27 20:07:05'),
(26, 'PermissionController', 'admin.permission.update', 'App\\Http\\Controllers\\Admin\\PermissionController', 'update', '2021-04-27 20:07:05', '2021-04-27 20:07:05'),
(27, 'PermissionController', 'admin.permission.destroy', 'App\\Http\\Controllers\\Admin\\PermissionController', 'destroy', '2021-04-27 20:07:05', '2021-04-27 20:07:05'),
(28, 'PermissionController', 'admin.permission.ajax', 'App\\Http\\Controllers\\Admin\\PermissionController', 'ajax', '2021-04-27 20:07:05', '2021-04-27 20:07:05'),
(29, 'PermissionController', 'admin.permission.generate', 'App\\Http\\Controllers\\Admin\\PermissionController', 'generate', '2021-04-27 20:07:05', '2021-04-27 20:07:05'),
(30, 'SeoController', 'admin.seo.index', 'App\\Http\\Controllers\\Admin\\SeoController', 'index', '2021-04-27 20:07:05', '2021-04-27 20:07:05'),
(31, 'SeoController', 'admin.seo.create', 'App\\Http\\Controllers\\Admin\\SeoController', 'create', '2021-04-27 20:07:05', '2021-04-27 20:07:05'),
(32, 'SeoController', 'admin.seo.show', 'App\\Http\\Controllers\\Admin\\SeoController', 'show', '2021-04-27 20:07:05', '2021-04-27 20:07:05'),
(33, 'SeoController', 'admin.seo.store', 'App\\Http\\Controllers\\Admin\\SeoController', 'store', '2021-04-27 20:07:05', '2021-04-27 20:07:05'),
(34, 'SeoController', 'admin.seo.edit', 'App\\Http\\Controllers\\Admin\\SeoController', 'edit', '2021-04-27 20:07:05', '2021-04-27 20:07:05'),
(35, 'SeoController', 'admin.seo.update', 'App\\Http\\Controllers\\Admin\\SeoController', 'update', '2021-04-27 20:07:05', '2021-04-27 20:07:05'),
(36, 'SeoController', 'admin.seo.destroy', 'App\\Http\\Controllers\\Admin\\SeoController', 'destroy', '2021-04-27 20:07:05', '2021-04-27 20:07:05'),
(37, 'AboutController', 'admin.about.edit', 'App\\Http\\Controllers\\Admin\\AboutController', 'edit', '2021-04-27 20:07:05', '2021-04-27 20:07:05'),
(38, 'AboutController', 'admin.about.update', 'App\\Http\\Controllers\\Admin\\AboutController', 'update', '2021-04-27 20:07:05', '2021-04-27 20:07:05'),
(39, 'ConfigController', 'admin.config.edit', 'App\\Http\\Controllers\\Admin\\ConfigController', 'edit', '2021-04-27 20:07:05', '2021-04-27 20:07:05'),
(40, 'ConfigController', 'admin.config.update', 'App\\Http\\Controllers\\Admin\\ConfigController', 'update', '2021-04-27 20:07:05', '2021-04-27 20:07:05'),
(41, 'BannerController', 'admin.banner.index', 'App\\Http\\Controllers\\Admin\\BannerController', 'index', '2021-04-27 20:07:05', '2021-04-27 20:07:05'),
(42, 'BannerController', 'admin.banner.create', 'App\\Http\\Controllers\\Admin\\BannerController', 'create', '2021-04-27 20:07:05', '2021-04-27 20:07:05'),
(43, 'BannerController', 'admin.banner.show', 'App\\Http\\Controllers\\Admin\\BannerController', 'show', '2021-04-27 20:07:05', '2021-04-27 20:07:05'),
(44, 'BannerController', 'admin.banner.store', 'App\\Http\\Controllers\\Admin\\BannerController', 'store', '2021-04-27 20:07:05', '2021-04-27 20:07:05'),
(45, 'BannerController', 'admin.banner.edit', 'App\\Http\\Controllers\\Admin\\BannerController', 'edit', '2021-04-27 20:07:05', '2021-04-27 20:07:05'),
(46, 'BannerController', 'admin.banner.update', 'App\\Http\\Controllers\\Admin\\BannerController', 'update', '2021-04-27 20:07:05', '2021-04-27 20:07:05'),
(47, 'BannerController', 'admin.banner.destroy', 'App\\Http\\Controllers\\Admin\\BannerController', 'destroy', '2021-04-27 20:07:05', '2021-04-27 20:07:05'),
(48, 'ArticleController', 'admin.article.index', 'App\\Http\\Controllers\\Admin\\ArticleController', 'index', '2021-04-27 20:07:05', '2021-04-27 20:07:05'),
(49, 'ArticleController', 'admin.article.create', 'App\\Http\\Controllers\\Admin\\ArticleController', 'create', '2021-04-27 20:07:05', '2021-04-27 20:07:05'),
(50, 'ArticleController', 'admin.article.show', 'App\\Http\\Controllers\\Admin\\ArticleController', 'show', '2021-04-27 20:07:05', '2021-04-27 20:07:05'),
(51, 'ArticleController', 'admin.article.store', 'App\\Http\\Controllers\\Admin\\ArticleController', 'store', '2021-04-27 20:07:05', '2021-04-27 20:07:05'),
(52, 'ArticleController', 'admin.article.edit', 'App\\Http\\Controllers\\Admin\\ArticleController', 'edit', '2021-04-27 20:07:05', '2021-04-27 20:07:05'),
(53, 'ArticleController', 'admin.article.update', 'App\\Http\\Controllers\\Admin\\ArticleController', 'update', '2021-04-27 20:07:05', '2021-04-27 20:07:05'),
(54, 'ArticleController', 'admin.article.destroy', 'App\\Http\\Controllers\\Admin\\ArticleController', 'destroy', '2021-04-27 20:07:05', '2021-04-27 20:07:05'),
(55, 'MessageController', 'admin.message.index', 'App\\Http\\Controllers\\Admin\\MessageController', 'index', '2021-04-27 20:07:05', '2021-04-27 20:07:05'),
(56, 'MessageController', 'admin.message.create', 'App\\Http\\Controllers\\Admin\\MessageController', 'create', '2021-04-27 20:07:05', '2021-04-27 20:07:05'),
(57, 'MessageController', 'admin.message.show', 'App\\Http\\Controllers\\Admin\\MessageController', 'show', '2021-04-27 20:07:05', '2021-04-27 20:07:05'),
(58, 'MessageController', 'admin.message.store', 'App\\Http\\Controllers\\Admin\\MessageController', 'store', '2021-04-27 20:07:05', '2021-04-27 20:07:05'),
(59, 'MessageController', 'admin.message.edit', 'App\\Http\\Controllers\\Admin\\MessageController', 'edit', '2021-04-27 20:07:05', '2021-04-27 20:07:05'),
(60, 'MessageController', 'admin.message.update', 'App\\Http\\Controllers\\Admin\\MessageController', 'update', '2021-04-27 20:07:05', '2021-04-27 20:07:05'),
(61, 'MessageController', 'admin.message.destroy', 'App\\Http\\Controllers\\Admin\\MessageController', 'destroy', '2021-04-27 20:07:05', '2021-04-27 20:07:05'),
(62, 'TestimonialController', 'admin.testimonial.index', 'App\\Http\\Controllers\\Admin\\TestimonialController', 'index', '2021-04-27 20:07:05', '2021-04-27 20:07:05'),
(63, 'TestimonialController', 'admin.testimonial.create', 'App\\Http\\Controllers\\Admin\\TestimonialController', 'create', '2021-04-27 20:07:05', '2021-04-27 20:07:05'),
(64, 'TestimonialController', 'admin.testimonial.show', 'App\\Http\\Controllers\\Admin\\TestimonialController', 'show', '2021-04-27 20:07:05', '2021-04-27 20:07:05'),
(65, 'TestimonialController', 'admin.testimonial.store', 'App\\Http\\Controllers\\Admin\\TestimonialController', 'store', '2021-04-27 20:07:05', '2021-04-27 20:07:05'),
(66, 'TestimonialController', 'admin.testimonial.edit', 'App\\Http\\Controllers\\Admin\\TestimonialController', 'edit', '2021-04-27 20:07:05', '2021-04-27 20:07:05'),
(67, 'TestimonialController', 'admin.testimonial.update', 'App\\Http\\Controllers\\Admin\\TestimonialController', 'update', '2021-04-27 20:07:05', '2021-04-27 20:07:05'),
(68, 'TestimonialController', 'admin.testimonial.destroy', 'App\\Http\\Controllers\\Admin\\TestimonialController', 'destroy', '2021-04-27 20:07:05', '2021-04-27 20:07:05'),
(69, 'UnitController', 'admin.unit.index', 'App\\Http\\Controllers\\Admin\\UnitController', 'index', '2021-04-27 20:46:28', '2021-04-27 20:46:28'),
(70, 'UnitController', 'admin.unit.create', 'App\\Http\\Controllers\\Admin\\UnitController', 'create', '2021-04-27 20:46:28', '2021-04-27 20:46:28'),
(71, 'UnitController', 'admin.unit.show', 'App\\Http\\Controllers\\Admin\\UnitController', 'show', '2021-04-27 20:46:28', '2021-04-27 20:46:28'),
(72, 'UnitController', 'admin.unit.store', 'App\\Http\\Controllers\\Admin\\UnitController', 'store', '2021-04-27 20:46:28', '2021-04-27 20:46:28'),
(73, 'UnitController', 'admin.unit.edit', 'App\\Http\\Controllers\\Admin\\UnitController', 'edit', '2021-04-27 20:46:28', '2021-04-27 20:46:28'),
(74, 'UnitController', 'admin.unit.update', 'App\\Http\\Controllers\\Admin\\UnitController', 'update', '2021-04-27 20:46:28', '2021-04-27 20:46:28'),
(75, 'UnitController', 'admin.unit.destroy', 'App\\Http\\Controllers\\Admin\\UnitController', 'destroy', '2021-04-27 20:46:28', '2021-04-27 20:46:28');

-- --------------------------------------------------------

--
-- Estrutura para tabela `permissions_role`
--

CREATE TABLE `permissions_role` (
  `permission_id` int UNSIGNED NOT NULL,
  `role_id` int UNSIGNED NOT NULL
) ENGINE=InnoDB DEFAULT CHARSET=utf8mb4 COLLATE=utf8mb4_unicode_ci;

--
-- Despejando dados para a tabela `permissions_role`
--

INSERT INTO `permissions_role` (`permission_id`, `role_id`) VALUES
(1, 1),
(2, 1),
(3, 1),
(4, 1),
(5, 1),
(6, 1),
(7, 1),
(8, 1),
(9, 1),
(10, 1),
(11, 1),
(12, 1),
(13, 1),
(14, 1),
(15, 1),
(16, 1),
(17, 1),
(18, 1),
(19, 1),
(20, 1),
(21, 1),
(22, 1),
(23, 1),
(24, 1),
(25, 1),
(26, 1),
(27, 1),
(28, 1),
(29, 1),
(30, 1),
(31, 1),
(32, 1),
(33, 1),
(34, 1),
(35, 1),
(36, 1),
(37, 1),
(38, 1),
(39, 1),
(40, 1),
(41, 1),
(42, 1),
(43, 1),
(44, 1),
(45, 1),
(46, 1),
(47, 1),
(48, 1),
(49, 1),
(50, 1),
(51, 1),
(52, 1),
(53, 1),
(54, 1),
(55, 1),
(56, 1),
(57, 1),
(58, 1),
(59, 1),
(60, 1),
(61, 1),
(62, 1),
(63, 1),
(64, 1),
(65, 1),
(66, 1),
(67, 1),
(68, 1),
(69, 1),
(70, 1),
(71, 1),
(72, 1),
(73, 1),
(74, 1),
(75, 1);

-- --------------------------------------------------------

--
-- Estrutura para tabela `providers`
--

CREATE TABLE `providers` (
  `id` bigint UNSIGNED NOT NULL,
  `name` varchar(191) COLLATE utf8mb4_unicode_ci NOT NULL,
  `contact` varchar(191) COLLATE utf8mb4_unicode_ci NOT NULL,
  `email` varchar(191) COLLATE utf8mb4_unicode_ci NOT NULL,
  `phone` varchar(191) COLLATE utf8mb4_unicode_ci NOT NULL,
  `status` tinyint(1) NOT NULL DEFAULT '0',
  `city` varchar(191) COLLATE utf8mb4_unicode_ci NOT NULL,
  `state` varchar(191) COLLATE utf8mb4_unicode_ci NOT NULL,
  `postal` varchar(191) COLLATE utf8mb4_unicode_ci NOT NULL,
  `address` varchar(191) COLLATE utf8mb4_unicode_ci NOT NULL,
  `number` varchar(191) COLLATE utf8mb4_unicode_ci NOT NULL,
  `neighborhood` varchar(191) COLLATE utf8mb4_unicode_ci NOT NULL,
  `reference` varchar(191) COLLATE utf8mb4_unicode_ci DEFAULT NULL,
  `created_at` timestamp NULL DEFAULT NULL,
  `updated_at` timestamp NULL DEFAULT NULL
) ENGINE=InnoDB DEFAULT CHARSET=utf8mb4 COLLATE=utf8mb4_unicode_ci;

-- --------------------------------------------------------

--
-- Estrutura para tabela `roles`
--

CREATE TABLE `roles` (
  `id` bigint UNSIGNED NOT NULL,
  `name` varchar(191) COLLATE utf8mb4_unicode_ci NOT NULL,
  `created_at` timestamp NULL DEFAULT NULL,
  `updated_at` timestamp NULL DEFAULT NULL
) ENGINE=InnoDB DEFAULT CHARSET=utf8mb4 COLLATE=utf8mb4_unicode_ci;

--
-- Despejando dados para a tabela `roles`
--

INSERT INTO `roles` (`id`, `name`, `created_at`, `updated_at`) VALUES
(1, 'admin', '2021-04-27 20:07:05', '2021-04-27 20:07:05'),
(2, 'user', '2021-04-27 20:07:05', '2021-04-27 20:07:05');

-- --------------------------------------------------------

--
-- Estrutura para tabela `seos`
--

CREATE TABLE `seos` (
  `id` bigint UNSIGNED NOT NULL,
  `type` varchar(191) COLLATE utf8mb4_unicode_ci NOT NULL,
  `script` text COLLATE utf8mb4_unicode_ci NOT NULL,
  `status` tinyint(1) NOT NULL,
  `name` varchar(191) COLLATE utf8mb4_unicode_ci NOT NULL,
  `created_at` timestamp NULL DEFAULT NULL,
  `updated_at` timestamp NULL DEFAULT NULL
) ENGINE=InnoDB DEFAULT CHARSET=utf8mb4 COLLATE=utf8mb4_unicode_ci;

--
-- Despejando dados para a tabela `seos`
--

INSERT INTO `seos` (`id`, `type`, `script`, `status`, `name`, `created_at`, `updated_at`) VALUES
(1, '1', '<!-- Google Tag Manager -->\r\n<script>(function(w,d,s,l,i){w[l]=w[l]||[];w[l].push({\'gtm.start\':\r\nnew Date().getTime(),event:\'gtm.js\'});var f=d.getElementsByTagName(s)[0],\r\nj=d.createElement(s),dl=l!=\'dataLayer\'?\'&l=\'+l:\'\';j.async=true;j.src=\r\n\'https://www.googletagmanager.com/gtm.js?id=\'+i+dl;f.parentNode.insertBefore(j,f);\r\n})(window,document,\'script\',\'dataLayer\',\'GTM-5M6GPNB\');</script>\r\n<!-- End Google Tag Manager -->', 1, 'Tag Google HEAD', '2021-05-18 19:20:10', '2021-05-18 19:20:16'),
(2, '2', '<!-- Google Tag Manager (noscript) -->\r\n<noscript><iframe src=\"https://www.googletagmanager.com/ns.html?id=GTM-5M6GPNB\"\r\nheight=\"0\" width=\"0\" style=\"display:none;visibility:hidden\"></iframe></noscript>\r\n<!-- End Google Tag Manager (noscript) -->', 1, 'Tag Google Body', '2021-05-18 19:20:26', '2021-05-24 21:20:35');

-- --------------------------------------------------------

--
-- Estrutura para tabela `sessions`
--

CREATE TABLE `sessions` (
  `id` varchar(191) COLLATE utf8mb4_unicode_ci NOT NULL,
  `user_id` bigint UNSIGNED DEFAULT NULL,
  `ip_address` varchar(45) COLLATE utf8mb4_unicode_ci DEFAULT NULL,
  `user_agent` text COLLATE utf8mb4_unicode_ci,
  `payload` text COLLATE utf8mb4_unicode_ci NOT NULL,
  `last_activity` int NOT NULL
) ENGINE=InnoDB DEFAULT CHARSET=utf8mb4 COLLATE=utf8mb4_unicode_ci;

--
-- Despejando dados para a tabela `sessions`
--

INSERT INTO `sessions` (`id`, `user_id`, `ip_address`, `user_agent`, `payload`, `last_activity`) VALUES
('0XkqKf1X93cv9oKqr3QMGRavfSn7o0PYE3YDRL0J', NULL, '177.200.71.44', 'Mozilla/5.0 (Linux; Android 12; SM-F415F Build/SP1A.210812.016; wv) AppleWebKit/537.36 (KHTML, like Gecko) Version/4.0 Chrome/103.0.5060.129 Mobile Safari/537.36 [FB_IAB/FB4A;FBAV/378.0.0.18.112;]', 'YTo0OntzOjY6Il90b2tlbiI7czo0MDoiMWVXcE1Fa2Z0ejRGMVFvcDZTWjYxOUx3d1FFS3FnSnFuR3FVV2o3dSI7czo3OiJzZXNzaW9uIjthOjE6e3M6NjoibG9jYWxlIjtzOjU6InB0LUJSIjt9czo5OiJfcHJldmlvdXMiO2E6MTp7czozOiJ1cmwiO3M6OTA6Imh0dHBzOi8vY25hcnAuY29tLmJyLz9mYmNsaWQ9SXdBUjNfdXF5c0tBZ25JcjNXSGtseVljaGpqMUZZTHN3elRpSnNCVmlXTm1aM2dNaFdJOHpBTHRRaDJpbyI7fXM6NjoiX2ZsYXNoIjthOjI6e3M6Mzoib2xkIjthOjA6e31zOjM6Im5ldyI7YTowOnt9fX0=', 1660087679),
('1GzxR4blW4QHTtwlAFp9EDUwE3jbIAHswwsEsxc7', NULL, '186.219.53.25', 'Mozilla/5.0 (Linux; Android 11; SM-G991B Build/RP1A.200720.012; wv) AppleWebKit/537.36 (KHTML, like Gecko) Version/4.0 Chrome/103.0.5060.129 Mobile Safari/537.36 [FB_IAB/FB4A;FBAV/378.0.0.18.112;]', 'YTo0OntzOjY6Il90b2tlbiI7czo0MDoiaVg3cHVwMDVVZm1RMkxBZkxrbWg5MlJENHl3MFdFU2lGenV5V00zUSI7czo3OiJzZXNzaW9uIjthOjE6e3M6NjoibG9jYWxlIjtzOjU6InB0LUJSIjt9czo5OiJfcHJldmlvdXMiO2E6MTp7czozOiJ1cmwiO3M6OTA6Imh0dHBzOi8vY25hcnAuY29tLmJyLz9mYmNsaWQ9SXdBUjFsb3plb1VvTnRKTWg1VjNiLXB2YkgtZExDblVVMjRUaXpmY0ZtUzJyQl9tM1JtZEM0MTlpbkFGVSI7fXM6NjoiX2ZsYXNoIjthOjI6e3M6Mzoib2xkIjthOjA6e31zOjM6Im5ldyI7YTowOnt9fX0=', 1660084527),
('3K7ZjznizkFJRjq0ut3iPfPDMDTwnt0xgijegDBI', NULL, '138.0.1.147', 'Mozilla/5.0 (Linux; Android 11; SM-A205G Build/RP1A.200720.012; wv) AppleWebKit/537.36 (KHTML, like Gecko) Version/4.0 Chrome/103.0.5060.129 Mobile Safari/537.36 [FB_IAB/FB4A;FBAV/378.0.0.18.112;]', 'YTo0OntzOjY6Il90b2tlbiI7czo0MDoiNkMyeDY3ZFRNaFdNQ3lqeWlDZ09teUt5TjFJaTVsa3EzbVpGcE9jVSI7czo3OiJzZXNzaW9uIjthOjE6e3M6NjoibG9jYWxlIjtzOjU6InB0LUJSIjt9czo5OiJfcHJldmlvdXMiO2E6MTp7czozOiJ1cmwiO3M6OTA6Imh0dHBzOi8vY25hcnAuY29tLmJyLz9mYmNsaWQ9SXdBUjJTLURNWU9FaXdhZEIyU0xxaTJUZjdoVzg2Q2FfZ3A3NzBtcmJwR3QtUVZRQ3VCZVZPdjJoSGlmUSI7fXM6NjoiX2ZsYXNoIjthOjI6e3M6Mzoib2xkIjthOjA6e31zOjM6Im5ldyI7YTowOnt9fX0=', 1660092535),
('4GvxTERcqc3Y2f14pra16aP78IHLASZ0HtNHuCyQ', NULL, '131.108.148.197', 'Mozilla/5.0 (Linux; Android 11; SAMSUNG SM-A035M) AppleWebKit/537.36 (KHTML, like Gecko) SamsungBrowser/17.0 Chrome/96.0.4664.104 Mobile Safari/537.36', 'YTo0OntzOjY6Il90b2tlbiI7czo0MDoiTzhVamJObHlscHNaYVJ5RUJIc1hmN2FMNzBYNDlFRkNkRVNxZDhtaiI7czo3OiJzZXNzaW9uIjthOjE6e3M6NjoibG9jYWxlIjtzOjU6InB0LUJSIjt9czo5OiJfcHJldmlvdXMiO2E6MTp7czozOiJ1cmwiO3M6MTIzOiJodHRwczovL3d3dy5jbmFycC5jb20uYnIvP2djbGlkPUNqd0tDQWp3aThpWEJoQmVFaXdBS2JVb2ZkZFRlTlByWmJpQlNwVFM1anFNc0xuZVhjTGo1dzMxMEJuZEdxaEZVTUZXNV94UWlPaDRseG9DUkUwUUF2RF9Cd0UiO31zOjY6Il9mbGFzaCI7YToyOntzOjM6Im9sZCI7YTowOnt9czozOiJuZXciO2E6MDp7fX19', 1660085591),
('839Vn7YJdHshhFXSYcbQE1zYHkifg4xHtnpWp8Qo', NULL, '45.185.239.16', 'Mozilla/5.0 (Linux; Android 9; SM-G955F Build/PPR1.180610.011; wv) AppleWebKit/537.36 (KHTML, like Gecko) Version/4.0 Chrome/103.0.5060.129 Mobile Safari/537.36 [FB_IAB/FB4A;FBAV/378.0.0.18.112;]', 'YTo0OntzOjY6Il90b2tlbiI7czo0MDoid1d0d21JRXJPN3FWcEZKaExKelpNTVFjSmpOUUQxVnZva3o4TGZwSiI7czo3OiJzZXNzaW9uIjthOjE6e3M6NjoibG9jYWxlIjtzOjU6InB0LUJSIjt9czo5OiJfcHJldmlvdXMiO2E6MTp7czozOiJ1cmwiO3M6OTA6Imh0dHBzOi8vY25hcnAuY29tLmJyLz9mYmNsaWQ9SXdBUjNKb3k2d012elRIdE8wS0sxbjJDZXp3R3hsNDBsVWRoTzFWakdYdUJGRWh1dGxiR2tzbC16RG5vNCI7fXM6NjoiX2ZsYXNoIjthOjI6e3M6Mzoib2xkIjthOjA6e31zOjM6Im5ldyI7YTowOnt9fX0=', 1660088881),
('87LXvpY3lVq6GHHPNBJz8cmHuaOZeQQIoWnVNjSQ', NULL, '189.40.91.98', 'Mozilla/5.0 (Linux; Android 7.1.2; LM-X410.F Build/N2G47H; wv) AppleWebKit/537.36 (KHTML, like Gecko) Version/4.0 Chrome/103.0.5060.71 Mobile Safari/537.36 [FB_IAB/FB4A;FBAV/378.0.0.18.112;]', 'YTo0OntzOjY6Il90b2tlbiI7czo0MDoiWnZIRW03YUw0NFVtbFRiWkFCZ1VjdHdKSWtHcXpsZjJRbnpnWEtCUCI7czo3OiJzZXNzaW9uIjthOjE6e3M6NjoibG9jYWxlIjtzOjU6InB0LUJSIjt9czo5OiJfcHJldmlvdXMiO2E6MTp7czozOiJ1cmwiO3M6OTA6Imh0dHBzOi8vY25hcnAuY29tLmJyLz9mYmNsaWQ9SXdBUjBid25OVnZMUEFyVl9pMF9TenFkelVLNGwxdks5ajBIQm5ZbElZYWdSekNMekpMd21sbUxZSjBHdyI7fXM6NjoiX2ZsYXNoIjthOjI6e3M6Mzoib2xkIjthOjA6e31zOjM6Im5ldyI7YTowOnt9fX0=', 1660095207),
('9O9sCwKAoxAsqL1oKdFf5dRFwCjB7wEYao1Rhexd', NULL, '45.65.213.0', 'Mozilla/5.0 (Linux; Android 12; moto g(60)) AppleWebKit/537.36 (KHTML, like Gecko) Chrome/103.0.0.0 Mobile Safari/537.36', 'YTo0OntzOjY6Il90b2tlbiI7czo0MDoiME1WMks4MzFnRm5kMEo0S1lId1BKR01vWHJhRVQxU3VZUWRzbHVSNiI7czo3OiJzZXNzaW9uIjthOjE6e3M6NjoibG9jYWxlIjtzOjU6InB0LUJSIjt9czo5OiJfcHJldmlvdXMiO2E6MTp7czozOiJ1cmwiO3M6MTIzOiJodHRwczovL3d3dy5jbmFycC5jb20uYnIvP2djbGlkPUNqd0tDQWp3aThpWEJoQmVFaXdBS2JVb2ZYS2s5WUViZzlUSzhYazNZZHl0aTVZVC1ENS11T2E4aHZUNUw5UW1NLVAtYzZHZFMxX1dUQm9DbDRJUUF2RF9Cd0UiO31zOjY6Il9mbGFzaCI7YToyOntzOjM6Im9sZCI7YTowOnt9czozOiJuZXciO2E6MDp7fX19', 1660084317),
('A7vQ49AbDaNRiRd0lfd2gyotwkpFh0SFH6yRLwQU', NULL, '189.40.90.210', 'Mozilla/5.0 (Linux; Android 6.0.1; SM-G532MT Build/MMB29T; wv) AppleWebKit/537.36 (KHTML, like Gecko) Version/4.0 Chrome/99.0.4844.88 Mobile Safari/537.36 [FB_IAB/FB4A;FBAV/372.1.0.23.107;]', 'YTo0OntzOjY6Il90b2tlbiI7czo0MDoib1NCaFZZSDk4WGVsUGxqelpsQnlZN05Rbk5hdGVoQlJ5Tzhka1h0NSI7czo3OiJzZXNzaW9uIjthOjE6e3M6NjoibG9jYWxlIjtzOjU6InB0LUJSIjt9czo5OiJfcHJldmlvdXMiO2E6MTp7czozOiJ1cmwiO3M6OTA6Imh0dHBzOi8vY25hcnAuY29tLmJyLz9mYmNsaWQ9SXdBUjNHSVpMQVlmR3o2dGE2WGJLeG9MY1BzTllyakNkYkJoTjNDc1BCZDV5UFY5YkpZRXRMc0JnR0lYayI7fXM6NjoiX2ZsYXNoIjthOjI6e3M6Mzoib2xkIjthOjA6e31zOjM6Im5ldyI7YTowOnt9fX0=', 1660086081),
('A7yacWWft1ojxdUY4DW4zAFCxSFiVLEOrLFjiJCr', NULL, '177.137.144.59', 'Mozilla/5.0 (Linux; Android 9; moto g(6) plus Build/PPW29.116-16-29; wv) AppleWebKit/537.36 (KHTML, like Gecko) Version/4.0 Chrome/100.0.4896.127 Mobile Safari/537.36 [FB_IAB/FB4A;FBAV/366.1.0.20.113;]', 'YTo0OntzOjY6Il90b2tlbiI7czo0MDoiM3pjbWJONktBaDliNzFIY0RsVnJBWE5NUjUyMWYwRm9WOTA1bk14MSI7czo3OiJzZXNzaW9uIjthOjE6e3M6NjoibG9jYWxlIjtzOjU6InB0LUJSIjt9czo5OiJfcHJldmlvdXMiO2E6MTp7czozOiJ1cmwiO3M6OTA6Imh0dHBzOi8vY25hcnAuY29tLmJyLz9mYmNsaWQ9SXdBUjNJYm1KampKR2s3RDZ4dEdfTHdLcVVxYzE3eDFfaFNLMVc1YWViZk92ei1kV2hNYnR3UWdSWHJoayI7fXM6NjoiX2ZsYXNoIjthOjI6e3M6Mzoib2xkIjthOjA6e31zOjM6Im5ldyI7YTowOnt9fX0=', 1660094662),
('bo6qBF0vuafOowI4b4tK3SSZ8jxJJaJUJXm6dOZ9', NULL, '190.180.143.15', 'Mozilla/5.0 (Linux; Android 11; SM-A115M Build/RP1A.200720.012; wv) AppleWebKit/537.36 (KHTML, like Gecko) Version/4.0 Chrome/103.0.5060.129 Mobile Safari/537.36 [FB_IAB/FB4A;FBAV/378.0.0.18.112;]', 'YTo0OntzOjY6Il90b2tlbiI7czo0MDoid0kzMmJqeG9CRHFwRkZtVUtraGZLcDhPNnRRY0N4S3oxNDBkeUVJZSI7czo3OiJzZXNzaW9uIjthOjE6e3M6NjoibG9jYWxlIjtzOjU6InB0LUJSIjt9czo5OiJfcHJldmlvdXMiO2E6MTp7czozOiJ1cmwiO3M6OTA6Imh0dHBzOi8vY25hcnAuY29tLmJyLz9mYmNsaWQ9SXdBUjFCdnVFUUVZaW83NmcwZmpDblZsMVc4aWZSVkFtN0h1M0w2d2Q0cGJPb3BYZTZ5VWNRc0xFdHN6dyI7fXM6NjoiX2ZsYXNoIjthOjI6e3M6Mzoib2xkIjthOjA6e31zOjM6Im5ldyI7YTowOnt9fX0=', 1660090794),
('BWVabGKRMfNC6YTMbJvBBCEw4y70ClnM7UwrSWwa', NULL, '187.101.38.236', 'Mozilla/5.0 (iPhone; CPU iPhone OS 15_6 like Mac OS X) AppleWebKit/605.1.15 (KHTML, like Gecko) CriOS/103.0.5060.63 Mobile/15E148 Safari/604.1', 'YTo0OntzOjY6Il90b2tlbiI7czo0MDoiWEJUelFJSzR5VVpCbm5xcXVkdEhTSGZxQWNvanFhTDVoRzRnTm1JZyI7czo3OiJzZXNzaW9uIjthOjE6e3M6NjoibG9jYWxlIjtzOjU6InB0LUJSIjt9czo5OiJfcHJldmlvdXMiO2E6MTp7czozOiJ1cmwiO3M6MTIzOiJodHRwczovL3d3dy5jbmFycC5jb20uYnIvP2djbGlkPUNqd0tDQWp3aThpWEJoQmVFaXdBS2JVb2ZRVmxGV1FPdUxELWhqNHNrdjlnWTlCTDluQndKbk9ycUJsMVl2b1NKOXNOVXB0Sm1JRFdjaG9DXzhZUUF2RF9Cd0UiO31zOjY6Il9mbGFzaCI7YToyOntzOjM6Im9sZCI7YTowOnt9czozOiJuZXciO2E6MDp7fX19', 1660099311),
('chUHmXsJx9YdF9X6zqKPVyHfXq1WxLhwFgcmG9ug', NULL, '179.216.226.125', 'Mozilla/5.0 (Linux; Android 10; SM-A205G Build/QP1A.190711.020; wv) AppleWebKit/537.36 (KHTML, like Gecko) Version/4.0 Chrome/103.0.5060.129 Mobile Safari/537.36 [FB_IAB/FB4A;FBAV/378.0.0.18.112;]', 'YTo0OntzOjY6Il90b2tlbiI7czo0MDoiSk5Lb0lldmRlUkt1RFZLNXBjOVhpTFRSZWhXemRXR3ZidlhMblVPWiI7czo3OiJzZXNzaW9uIjthOjE6e3M6NjoibG9jYWxlIjtzOjU6InB0LUJSIjt9czo5OiJfcHJldmlvdXMiO2E6MTp7czozOiJ1cmwiO3M6OTA6Imh0dHBzOi8vY25hcnAuY29tLmJyLz9mYmNsaWQ9SXdBUjJYaTVkQ1BRS3RLbGZHMEZNLVdCc1hsVldjRm1tZ0ZIQlVwbVFCNVgxSVd5UmhKRFdfb3Z1LVpjSSI7fXM6NjoiX2ZsYXNoIjthOjI6e3M6Mzoib2xkIjthOjA6e31zOjM6Im5ldyI7YTowOnt9fX0=', 1660088394),
('cSkRFEjcSi5k40TmQvHI04NKlWIU8FNc3SbPGiUP', NULL, '45.7.225.59', 'Mozilla/5.0 (Linux; Android 11; SM-A035M Build/RP1A.200720.012; wv) AppleWebKit/537.36 (KHTML, like Gecko) Version/4.0 Chrome/103.0.5060.129 Mobile Safari/537.36 [FB_IAB/FB4A;FBAV/378.0.0.18.112;]', 'YTo0OntzOjY6Il90b2tlbiI7czo0MDoiVVdjMWJuMjVpRkNoSHdoT1hMNVJUdWJzUVdmOGp2bnRFTDFQTzY4UyI7czo3OiJzZXNzaW9uIjthOjE6e3M6NjoibG9jYWxlIjtzOjU6InB0LUJSIjt9czo5OiJfcHJldmlvdXMiO2E6MTp7czozOiJ1cmwiO3M6OTA6Imh0dHBzOi8vY25hcnAuY29tLmJyLz9mYmNsaWQ9SXdBUjN1N3I3NGJyNzFRc1hTWmlVUjVFUjJwWmRQX0l4dUtRLUNQS2FYbEZxRGxybnRwOERaQ0VnN3daYyI7fXM6NjoiX2ZsYXNoIjthOjI6e3M6Mzoib2xkIjthOjA6e31zOjM6Im5ldyI7YTowOnt9fX0=', 1660092374),
('dbfIkz1A8Tde9M6F393GIPfx5ZeTZVRRMXnXFXiU', NULL, '66.249.64.203', 'Mozilla/5.0 (Linux; Android 6.0.1; Nexus 5X Build/MMB29P) AppleWebKit/537.36 (KHTML, like Gecko) Chrome/104.0.5112.79 Mobile Safari/537.36 (compatible; Googlebot/2.1; +http://www.google.com/bot.html)', 'YTo0OntzOjY6Il90b2tlbiI7czo0MDoiS2wzUExjMDNjWFc5NTJ0REJaZ2xVQnVKUEVZR1JGdmRqOFowd3N4ZCI7czo3OiJzZXNzaW9uIjthOjE6e3M6NjoibG9jYWxlIjtzOjU6InB0LUJSIjt9czo5OiJfcHJldmlvdXMiO2E6MTp7czozOiJ1cmwiO3M6MjA6Imh0dHBzOi8vY25hcnAuY29tLmJyIjt9czo2OiJfZmxhc2giO2E6Mjp7czozOiJvbGQiO2E6MDp7fXM6MzoibmV3IjthOjA6e319fQ==', 1660090681),
('DfsiGntTzyRcFgHgl0HT82q90mh7eXg0lYd5POgl', NULL, '189.123.99.18', 'Mozilla/5.0 (Linux; Android 12; SM-G780F Build/SP1A.210812.016; wv) AppleWebKit/537.36 (KHTML, like Gecko) Version/4.0 Chrome/104.0.5112.69 Mobile Safari/537.36 Instagram 246.1.0.16.113 Android (31/12; 480dpi; 1080x2267; samsung; SM-G780F; r8s; exynos990; pt_BR; 387809238)', 'YTo0OntzOjY6Il90b2tlbiI7czo0MDoiZ0xxMlRCYVhqM3JYbmpQVmZXZ2V3UEJQaGllNkFscmRTemtadlZnbyI7czo3OiJzZXNzaW9uIjthOjE6e3M6NjoibG9jYWxlIjtzOjU6InB0LUJSIjt9czo5OiJfcHJldmlvdXMiO2E6MTp7czozOiJ1cmwiO3M6OTA6Imh0dHBzOi8vY25hcnAuY29tLmJyLz9mYmNsaWQ9UEFBYWFVdkRuYmhJWkFMZTlGUWkzTHVkTW5pbXFubGtDa296X3Z2YkJvc3RENDJXaUpCUk1EWWdtS2xjTSI7fXM6NjoiX2ZsYXNoIjthOjI6e3M6Mzoib2xkIjthOjA6e31zOjM6Im5ldyI7YTowOnt9fX0=', 1660094216),
('hKdkeouklzDu0f3vQ78iLusjxFkePwR7mPgxdeO6', NULL, '45.4.35.94', 'Mozilla/5.0 (Linux; Android 6.0.1; SM-J700M Build/MMB29K; wv) AppleWebKit/537.36 (KHTML, like Gecko) Version/4.0 Chrome/103.0.5060.129 Mobile Safari/537.36 [FB_IAB/FB4A;FBAV/378.0.0.18.112;]', 'YTo0OntzOjY6Il90b2tlbiI7czo0MDoiOU1TQjVTSURwZk1lWEM0Vk9hTGQ4M1JRdmIyMTlrRWl2VVFDZFd3eSI7czo3OiJzZXNzaW9uIjthOjE6e3M6NjoibG9jYWxlIjtzOjU6InB0LUJSIjt9czo5OiJfcHJldmlvdXMiO2E6MTp7czozOiJ1cmwiO3M6OTA6Imh0dHBzOi8vY25hcnAuY29tLmJyLz9mYmNsaWQ9SXdBUjMxWGlvSTJpaGVVdFdJZ3VySTRST3daN3hUdEZsTTE4WEs1WXkzSDlXdFJpc0UyYWRUN0FxWUpEUSI7fXM6NjoiX2ZsYXNoIjthOjI6e3M6Mzoib2xkIjthOjA6e31zOjM6Im5ldyI7YTowOnt9fX0=', 1660090265),
('ifys6yRZsHNIjQLivsgByGYM0BKJk1ozDgFCKLCH', NULL, '189.63.227.3', 'Mozilla/5.0 (Linux; Android 10; MI 8 Lite Build/QKQ1.190910.002; wv) AppleWebKit/537.36 (KHTML, like Gecko) Version/4.0 Chrome/104.0.5112.69 Mobile Safari/537.36 [FB_IAB/FB4A;FBAV/378.0.0.18.112;]', 'YTo0OntzOjY6Il90b2tlbiI7czo0MDoicW0yRXNHbkhtdWMwQjdXV0JXR2tDYmo0eDVwaVpFQ2o0N1p2YVUzOSI7czo3OiJzZXNzaW9uIjthOjE6e3M6NjoibG9jYWxlIjtzOjU6InB0LUJSIjt9czo5OiJfcHJldmlvdXMiO2E6MTp7czozOiJ1cmwiO3M6OTA6Imh0dHBzOi8vY25hcnAuY29tLmJyLz9mYmNsaWQ9SXdBUjJVeDRQZTZfWEJ0aFVad2E1czhoUlJpb2Z0UTdZRVpGRC04azUwQ0xnQW9oQkVBZGczYkd2a044WSI7fXM6NjoiX2ZsYXNoIjthOjI6e3M6Mzoib2xkIjthOjA6e31zOjM6Im5ldyI7YTowOnt9fX0=', 1660097410),
('ii2E1XV1VLZf8Ev1ndwjn6oaj7MZgaNTCIfiRZmg', NULL, '177.200.77.238', 'Mozilla/5.0 (Linux; Android 12; SM-A325M Build/SP1A.210812.016; wv) AppleWebKit/537.36 (KHTML, like Gecko) Version/4.0 Chrome/103.0.5060.129 Mobile Safari/537.36 [FB_IAB/FB4A;FBAV/378.0.0.18.112;]', 'YTo0OntzOjY6Il90b2tlbiI7czo0MDoiU1ZUSVhzelJXQ29hdmMwSUlRN2tMMXA5bnhEdlNjU2Z2TWhlT3ZRUiI7czo3OiJzZXNzaW9uIjthOjE6e3M6NjoibG9jYWxlIjtzOjU6InB0LUJSIjt9czo5OiJfcHJldmlvdXMiO2E6MTp7czozOiJ1cmwiO3M6OTA6Imh0dHBzOi8vY25hcnAuY29tLmJyLz9mYmNsaWQ9SXdBUjJ3cEpqeFlfY1FwLWhzaVpCTnhyRXZjeFAtTnBfRkFKc3RyUF91TWNjbzRndF9yMmN0dEpaN3R3RSI7fXM6NjoiX2ZsYXNoIjthOjI6e3M6Mzoib2xkIjthOjA6e31zOjM6Im5ldyI7YTowOnt9fX0=', 1660098807),
('jfTbJFs0OHeAMfpY4pGEEF3rYPxaeTz6XoHKWcp6', NULL, '45.185.239.16', 'Mozilla/5.0 (Linux; Android 9; SM-G955F Build/PPR1.180610.011; wv) AppleWebKit/537.36 (KHTML, like Gecko) Version/4.0 Chrome/103.0.5060.129 Mobile Safari/537.36 [FB_IAB/FB4A;FBAV/378.0.0.18.112;]', 'YTo0OntzOjY6Il90b2tlbiI7czo0MDoiR2NEQUtIRUdLa3RuNUtzNkZVbDRFZEZnR1BLajdVMHUyTEFXTmxpTCI7czo3OiJzZXNzaW9uIjthOjE6e3M6NjoibG9jYWxlIjtzOjU6InB0LUJSIjt9czo5OiJfcHJldmlvdXMiO2E6MTp7czozOiJ1cmwiO3M6OTA6Imh0dHBzOi8vY25hcnAuY29tLmJyLz9mYmNsaWQ9SXdBUjFtN2xfeGNGbmRoTE9jeHVwU0R0TDcyajV1anRMSTRFb0hnQ3paSEo0UmNxUXJ4RmdFTzNKZE5VRSI7fXM6NjoiX2ZsYXNoIjthOjI6e3M6Mzoib2xkIjthOjA6e31zOjM6Im5ldyI7YTowOnt9fX0=', 1660093330),
('kUaVWlVAGxvhKD7BB4A2D2HVVaTzrxr6BImEy28a', NULL, '177.54.199.140', 'Mozilla/5.0 (Linux; Android 11; moto g(9) play Build/RPXS31.Q2-58-17-7-2; wv) AppleWebKit/537.36 (KHTML, like Gecko) Version/4.0 Chrome/103.0.5060.129 Mobile Safari/537.36 Instagram 246.1.0.16.113 Android (30/11; 280dpi; 720x1515; motorola; moto g(9) play; guamp; qcom; pt_BR; 387809237)', 'YTo0OntzOjY6Il90b2tlbiI7czo0MDoiYkt6ZlJyTXR5T05ISEZzRWVNbjYycWJuQVNTWDM2aUFJR3d1RXQybSI7czo3OiJzZXNzaW9uIjthOjE6e3M6NjoibG9jYWxlIjtzOjU6InB0LUJSIjt9czo5OiJfcHJldmlvdXMiO2E6MTp7czozOiJ1cmwiO3M6OTA6Imh0dHBzOi8vY25hcnAuY29tLmJyLz9mYmNsaWQ9UEFBYVppVTVXMlBCRGxkN1JHN1VBTVNPRXVNYUtweTVLSVlNU0k5cmhfbk9uc19EQkYwVXBDN2xmWXJnZyI7fXM6NjoiX2ZsYXNoIjthOjI6e3M6Mzoib2xkIjthOjA6e31zOjM6Im5ldyI7YTowOnt9fX0=', 1660087667),
('Ldv7Zk7XKRLNajXRCgSRgZSgmlNPscLsvrXF7G9W', NULL, '45.4.32.138', 'Mozilla/5.0 (Linux; Android 9; SM-J701MT Build/PPR1.180610.011; wv) AppleWebKit/537.36 (KHTML, like Gecko) Version/4.0 Chrome/103.0.5060.129 Mobile Safari/537.36 [FB_IAB/FB4A;FBAV/377.0.0.22.107;]', 'YTo0OntzOjY6Il90b2tlbiI7czo0MDoiUGhuSXBNdDkxTmFTNWh5SHhnY3FwQmlnTFFmM2NTdzY2Q0s4NERXZCI7czo3OiJzZXNzaW9uIjthOjE6e3M6NjoibG9jYWxlIjtzOjU6InB0LUJSIjt9czo5OiJfcHJldmlvdXMiO2E6MTp7czozOiJ1cmwiO3M6OTA6Imh0dHBzOi8vY25hcnAuY29tLmJyLz9mYmNsaWQ9SXdBUjBxbktMdGRNcUJpTFlXQUxZdHZuRFROdTc0Q1pSckg4NUhaUUhIYzlzTW10U2hvLXZLaTAwSjZtOCI7fXM6NjoiX2ZsYXNoIjthOjI6e3M6Mzoib2xkIjthOjA6e31zOjM6Im5ldyI7YTowOnt9fX0=', 1660085754),
('LE95gjy34KPUOa3bD3EXW4X90PQloPSFBwpQo6Ql', NULL, '177.200.77.51', 'Mozilla/5.0 (Linux; Android 10; moto e(7) Build/QOGS30.569-83-5; wv) AppleWebKit/537.36 (KHTML, like Gecko) Version/4.0 Chrome/103.0.5060.129 Mobile Safari/537.36 [FB_IAB/FB4A;FBAV/378.0.0.18.112;]', 'YTo0OntzOjY6Il90b2tlbiI7czo0MDoiNm9kUkVSYXFNSllja2Y5VEdTTkFsWnIxRk1lYmVaRzA1dkdLWTZqUSI7czo3OiJzZXNzaW9uIjthOjE6e3M6NjoibG9jYWxlIjtzOjU6InB0LUJSIjt9czo5OiJfcHJldmlvdXMiO2E6MTp7czozOiJ1cmwiO3M6OTA6Imh0dHBzOi8vY25hcnAuY29tLmJyLz9mYmNsaWQ9SXdBUjA4T0UxRFNQbnFYNjBsVUd0M2ljNW5sVDdRT01wdm53LWRLX2dqeXhJeGV2T2ZUdEFCWFIyVHJoMCI7fXM6NjoiX2ZsYXNoIjthOjI6e3M6Mzoib2xkIjthOjA6e31zOjM6Im5ldyI7YTowOnt9fX0=', 1660103431),
('mNjB12Gx98TyPo00mQ5Q3tHe4L5wbpZAAZChm3OD', NULL, '191.246.4.76', 'Mozilla/5.0 (Linux; Android 11; SM-A705MN Build/RP1A.200720.012; wv) AppleWebKit/537.36 (KHTML, like Gecko) Version/4.0 Chrome/103.0.5060.129 Mobile Safari/537.36 [FB_IAB/FB4A;FBAV/376.0.0.12.108;]', 'YTo0OntzOjY6Il90b2tlbiI7czo0MDoiTFlueTdWdUF6aW43SldTckE5d0JxY0h5cUlRUFJyWkdSUTdrTlBsYiI7czo3OiJzZXNzaW9uIjthOjE6e3M6NjoibG9jYWxlIjtzOjU6InB0LUJSIjt9czo5OiJfcHJldmlvdXMiO2E6MTp7czozOiJ1cmwiO3M6OTA6Imh0dHBzOi8vY25hcnAuY29tLmJyLz9mYmNsaWQ9SXdBUjJzdUlTUnZtY0k5QjduY0dFR3cyZWNzN3NoX3A5RmNEeHlrMC1QZm1lOXRvQUFyMGUzREZ5OHY4MCI7fXM6NjoiX2ZsYXNoIjthOjI6e3M6Mzoib2xkIjthOjA6e31zOjM6Im5ldyI7YTowOnt9fX0=', 1660092654),
('nl6uGYK6hJgpZ5MDzgnIxJomWikptRuajS3oHsFA', NULL, '45.177.78.248', 'Mozilla/5.0 (Linux; Android 10; SM-A105M Build/QP1A.190711.020; wv) AppleWebKit/537.36 (KHTML, like Gecko) Version/4.0 Chrome/103.0.5060.129 Mobile Safari/537.36 [FB_IAB/FB4A;FBAV/378.0.0.18.112;]', 'YTo0OntzOjY6Il90b2tlbiI7czo0MDoicVZxYnY5UWlyOEJER2R4cXRkZUhxMFpoOXZKYWdzdmp3NThkWDE0cCI7czo3OiJzZXNzaW9uIjthOjE6e3M6NjoibG9jYWxlIjtzOjU6InB0LUJSIjt9czo5OiJfcHJldmlvdXMiO2E6MTp7czozOiJ1cmwiO3M6OTA6Imh0dHBzOi8vY25hcnAuY29tLmJyLz9mYmNsaWQ9SXdBUjI3UDZ3VVJUdzlhU21HY19IX21VSXVjdnY4RW1BQjd1SFNvUjFoel9TY3ljck4wQUstbDdfZFB0dyI7fXM6NjoiX2ZsYXNoIjthOjI6e3M6Mzoib2xkIjthOjA6e31zOjM6Im5ldyI7YTowOnt9fX0=', 1660096214),
('NxjgcBIHkqKnwNvW3y6GlZV8o8mHcsCRIWVdzdm8', NULL, '177.200.77.149', 'Mozilla/5.0 (Linux; Android 10; moto g(8) play Build/QMDS30.47-33-5; wv) AppleWebKit/537.36 (KHTML, like Gecko) Version/4.0 Chrome/104.0.5112.69 Mobile Safari/537.36 [FB_IAB/FB4A;FBAV/378.0.0.18.112;]', 'YTo0OntzOjY6Il90b2tlbiI7czo0MDoiWDJpcUQzcGhtWDF1dGh5OWN1bFBXNjJpTU1vQkNsUGFuOENYUFFVayI7czo3OiJzZXNzaW9uIjthOjE6e3M6NjoibG9jYWxlIjtzOjU6InB0LUJSIjt9czo5OiJfcHJldmlvdXMiO2E6MTp7czozOiJ1cmwiO3M6OTA6Imh0dHBzOi8vY25hcnAuY29tLmJyLz9mYmNsaWQ9SXdBUjN3WDR2ZXZFaW14dlJDX1ItZEk2eVE2M2ROVERld1BKTGx4YWJQaGp3NmpkVmkxZVk1RnJ4WmVGUSI7fXM6NjoiX2ZsYXNoIjthOjI6e3M6Mzoib2xkIjthOjA6e31zOjM6Im5ldyI7YTowOnt9fX0=', 1660093321),
('Nz2y1G7RRpcaPmGAQKYSLfG76F2WFRMu8Ygcc7k9', NULL, '45.4.32.181', 'Mozilla/5.0 (Linux; Android 12; SM-A325M Build/SP1A.210812.016; wv) AppleWebKit/537.36 (KHTML, like Gecko) Version/4.0 Chrome/103.0.5060.129 Mobile Safari/537.36 [FB_IAB/FB4A;FBAV/378.0.0.18.112;]', 'YTo0OntzOjY6Il90b2tlbiI7czo0MDoibTZoV2JYbEFKYm1MTHRtN3FHdG54Q0VBRmRTaGFLeXhEMTNWQWhRTSI7czo3OiJzZXNzaW9uIjthOjE6e3M6NjoibG9jYWxlIjtzOjU6InB0LUJSIjt9czo5OiJfcHJldmlvdXMiO2E6MTp7czozOiJ1cmwiO3M6OTA6Imh0dHBzOi8vY25hcnAuY29tLmJyLz9mYmNsaWQ9SXdBUjJnYVFSaHZvWUNRcHVkMXZ6OGxCUmVRaUVKc1llYnJKOURpQVVFNW1FLVlUc21NS3UxdER1ODFPMCI7fXM6NjoiX2ZsYXNoIjthOjI6e3M6Mzoib2xkIjthOjA6e31zOjM6Im5ldyI7YTowOnt9fX0=', 1660090132),
('oVAStsNRFXA3O54aXQmMWeTfmEDwnXlCJv5kprmk', NULL, '200.233.206.254', 'Mozilla/5.0 (Linux; Android 11; SM-A115M Build/RP1A.200720.012; wv) AppleWebKit/537.36 (KHTML, like Gecko) Version/4.0 Chrome/103.0.5060.129 Safari/537.36 [FB_IAB/FB4A;FBAV/378.0.0.18.112;]', 'YTo0OntzOjY6Il90b2tlbiI7czo0MDoiblZaVHRoa3RsV0trWlRCeG9sTWVBZlpRNW5BUmVVVEdkbllmQlBwOCI7czo3OiJzZXNzaW9uIjthOjE6e3M6NjoibG9jYWxlIjtzOjU6InB0LUJSIjt9czo5OiJfcHJldmlvdXMiO2E6MTp7czozOiJ1cmwiO3M6OTA6Imh0dHBzOi8vY25hcnAuY29tLmJyLz9mYmNsaWQ9SXdBUjFYZzBuUmtoSjNOVi1oX19OZTIzdEVxNHFRc0FKY0tnV295UXo1M3lRaXoyZElWQzZtODRZa1JYUSI7fXM6NjoiX2ZsYXNoIjthOjI6e3M6Mzoib2xkIjthOjA6e31zOjM6Im5ldyI7YTowOnt9fX0=', 1660085418),
('PaNPlQeos7Oj0fnqK9FdUOOdbUTvXw07QOnAuq6e', NULL, '177.106.116.207', 'Mozilla/5.0 (iPhone; CPU iPhone OS 15_6 like Mac OS X) AppleWebKit/605.1.15 (KHTML, like Gecko) Version/15.6 Mobile/15E148 Safari/604.1', 'YTo0OntzOjY6Il90b2tlbiI7czo0MDoiWk5vbUVZMFhXbHdTNjhhNlRJWngydHVYVWdnN0c3RFJqZFJncnVwTyI7czo3OiJzZXNzaW9uIjthOjE6e3M6NjoibG9jYWxlIjtzOjU6InB0LUJSIjt9czo5OiJfcHJldmlvdXMiO2E6MTp7czozOiJ1cmwiO3M6MTIzOiJodHRwczovL3d3dy5jbmFycC5jb20uYnIvP2djbGlkPUNqd0tDQWp3aThpWEJoQmVFaXdBS2JVb2ZTWUdaR3dzMTZSODVmWVo1UFQyVFlTa1FnTTdDSDM4OFhvMFFDYTJJYlY4VEQwWXVGalJDaG9DZjZjUUF2RF9Cd0UiO31zOjY6Il9mbGFzaCI7YToyOntzOjM6Im9sZCI7YTowOnt9czozOiJuZXciO2E6MDp7fX19', 1660090712),
('pKe8q2QwgvnXpq6NwH0oAOsyW3IIjMxj7V8Cq2g3', NULL, '45.160.228.85', 'Mozilla/5.0 (Linux; Android 12; SM-G973F Build/SP1A.210812.016; wv) AppleWebKit/537.36 (KHTML, like Gecko) Version/4.0 Chrome/103.0.5060.129 Mobile Safari/537.36 [FB_IAB/FB4A;FBAV/378.0.0.18.112;]', 'YTo0OntzOjY6Il90b2tlbiI7czo0MDoiQzhIeGlVcXZlaFlkbk9ReHFiQ0JFb01URXBqQjZNTGZSZ2ZqdHlydSI7czo3OiJzZXNzaW9uIjthOjE6e3M6NjoibG9jYWxlIjtzOjU6InB0LUJSIjt9czo5OiJfcHJldmlvdXMiO2E6MTp7czozOiJ1cmwiO3M6OTA6Imh0dHBzOi8vY25hcnAuY29tLmJyLz9mYmNsaWQ9SXdBUjFtREdkZnY1TEw1RV9XRkJTMFZJdlZ5V3RWNzA2Ymp2TzBDd29vRWFIYVo4RU5tazNydHh0bHZMNCI7fXM6NjoiX2ZsYXNoIjthOjI6e3M6Mzoib2xkIjthOjA6e31zOjM6Im5ldyI7YTowOnt9fX0=', 1660095192),
('QtiAajiBXvXZHOhElQoVhQSOuMClwcIaTWTBlKHb', NULL, '177.54.205.184', 'Mozilla/5.0 (Linux; Android 11; SM-A125M Build/RP1A.200720.012; wv) AppleWebKit/537.36 (KHTML, like Gecko) Version/4.0 Chrome/103.0.5060.129 Mobile Safari/537.36 [FB_IAB/FB4A;FBAV/378.0.0.18.112;]', 'YTo0OntzOjY6Il90b2tlbiI7czo0MDoiU3c2Z004NkFMN0NlQ1BMaXBVZlBrV20xcFVPTm1pcXU5UEsxVXVIUCI7czo3OiJzZXNzaW9uIjthOjE6e3M6NjoibG9jYWxlIjtzOjU6InB0LUJSIjt9czo5OiJfcHJldmlvdXMiO2E6MTp7czozOiJ1cmwiO3M6OTA6Imh0dHBzOi8vY25hcnAuY29tLmJyLz9mYmNsaWQ9SXdBUjM5MWZfeFNpcHNkZS1YbVJFb0V5emhoUUVORVMwSzFGRlR4c18xdTZDdVcwSEVpU082ZGo0U210MCI7fXM6NjoiX2ZsYXNoIjthOjI6e3M6Mzoib2xkIjthOjA6e31zOjM6Im5ldyI7YTowOnt9fX0=', 1660083797),
('r2jl2ALmg7pm7UExKDMonYFoMhlbfQE2VQt3B5Jl', NULL, '45.65.213.10', 'Mozilla/5.0 (Linux; Android 9; moto g(8) power lite Build/POD29.348-23; wv) AppleWebKit/537.36 (KHTML, like Gecko) Version/4.0 Chrome/103.0.5060.71 Mobile Safari/537.36 [FB_IAB/FB4A;FBAV/377.0.0.22.107;]', 'YTo0OntzOjY6Il90b2tlbiI7czo0MDoiU0JhRkpmd3NFOERaQVp4RVh6YVU0dTlJVEFtNXpJUGlhNjVjSzFZNyI7czo3OiJzZXNzaW9uIjthOjE6e3M6NjoibG9jYWxlIjtzOjU6InB0LUJSIjt9czo5OiJfcHJldmlvdXMiO2E6MTp7czozOiJ1cmwiO3M6OTA6Imh0dHBzOi8vY25hcnAuY29tLmJyLz9mYmNsaWQ9SXdBUjNub3NTQUZ3bVJYU1Y4YV9NbWNSTzhBM19zQldFQlpJcU9Xem04WDBMLWFUWk90bGYwbkdFajBkQSI7fXM6NjoiX2ZsYXNoIjthOjI6e3M6Mzoib2xkIjthOjA6e31zOjM6Im5ldyI7YTowOnt9fX0=', 1660099862),
('RHzGTJxrKshUO1yJVFAgNHLrFmfEKrrtza86nDXB', NULL, '177.200.67.241', 'Mozilla/5.0 (Linux; Android 11; SM-A225M Build/RP1A.200720.012; wv) AppleWebKit/537.36 (KHTML, like Gecko) Version/4.0 Chrome/104.0.5112.69 Mobile Safari/537.36 [FB_IAB/FB4A;FBAV/378.0.0.18.112;]', 'YTo0OntzOjY6Il90b2tlbiI7czo0MDoiUWdGdFd5WUZRclBtcG16dTlQMTVTS01lYjZSSURheU05YmFXU3NXVSI7czo3OiJzZXNzaW9uIjthOjE6e3M6NjoibG9jYWxlIjtzOjU6InB0LUJSIjt9czo5OiJfcHJldmlvdXMiO2E6MTp7czozOiJ1cmwiO3M6OTA6Imh0dHBzOi8vY25hcnAuY29tLmJyLz9mYmNsaWQ9SXdBUjBxQTBTakladHV4UUp6RHZJVXlXOG91WE5RQ2FPOXNETEY2eS1qamppVmdkRHBLRW1YYWUwcHZFcyI7fXM6NjoiX2ZsYXNoIjthOjI6e3M6Mzoib2xkIjthOjA6e31zOjM6Im5ldyI7YTowOnt9fX0=', 1660083731),
('Sj2SmDMKiIvib8CnMSxey7gZ5HOhyAh3SnHyKLkk', NULL, '177.200.68.135', 'Mozilla/5.0 (iPhone; CPU iPhone OS 15_6 like Mac OS X) AppleWebKit/605.1.15 (KHTML, like Gecko) Mobile/15E148 Instagram 245.0.0.13.110 (iPhone8,1; iOS 15_6; pt_BR; pt-BR; scale=2.00; 750x1334; 384816942) NW/3', 'YTo0OntzOjY6Il90b2tlbiI7czo0MDoiYzFSMHV3clVvcGZoSk9zTGhwWUlmZUxXNlFsb1FJT3gzaEMwSkdSbSI7czo3OiJzZXNzaW9uIjthOjE6e3M6NjoibG9jYWxlIjtzOjU6InB0LUJSIjt9czo5OiJfcHJldmlvdXMiO2E6MTp7czozOiJ1cmwiO3M6MjI2OiJodHRwczovL2NuYXJwLmNvbS5ici8/ZmJjbGlkPVBBQWFicmNfeVFUVnpSdVc1ZFRWWGZDOTA4a1FsTm51V3FkQVcwNlVDS3NXczN1b1NvaUtMdEFXSERReDhfYWVtX0FiV0ZGRV8tY2lXei1xS3l4eFFvZHR2OHRnZkVfN19JeWtuMFNLajF5Z2JmRDAzblZJWEk3azk0MHhIcTQxdWNIUzBiazJIOER4N0NlQ2hJV3NmdzF6UkN3QmpVS0xDRnRsRkFaNDREa3R2eUgzWXJ4TWdMTXJoRk43MUo4dFZZcmdFIjt9czo2OiJfZmxhc2giO2E6Mjp7czozOiJvbGQiO2E6MDp7fXM6MzoibmV3IjthOjA6e319fQ==', 1660090057),
('sTs54xqD8d3bzyW1hdCSh4kdqb9CJ0nxXjo0tTSG', NULL, '207.46.13.121', 'Mozilla/5.0 (compatible; bingbot/2.0; +http://www.bing.com/bingbot.htm)', 'YTo0OntzOjY6Il90b2tlbiI7czo0MDoiNGNIQ2VUNXUydWtGdjJWZmhpQ1U2WnBiSE9QQlF2a0tmOGpmOVNQdSI7czo3OiJzZXNzaW9uIjthOjE6e3M6NjoibG9jYWxlIjtzOjU6InB0LUJSIjt9czo5OiJfcHJldmlvdXMiO2E6MTp7czozOiJ1cmwiO3M6MjQ6Imh0dHBzOi8vd3d3LmNuYXJwLmNvbS5iciI7fXM6NjoiX2ZsYXNoIjthOjI6e3M6Mzoib2xkIjthOjA6e31zOjM6Im5ldyI7YTowOnt9fX0=', 1660088725),
('T7lep5wSFnEXyeIaYeRa7L077EZbeptZ9npOaAxv', NULL, '45.4.35.167', 'Mozilla/5.0 (Linux; Android 10; moto e(7) plus Build/QPZS30.30-Q3-38-69-10; wv) AppleWebKit/537.36 (KHTML, like Gecko) Version/4.0 Chrome/103.0.5060.129 Mobile Safari/537.36 [FB_IAB/FB4A;FBAV/371.0.0.24.109;]', 'YTo0OntzOjY6Il90b2tlbiI7czo0MDoiSkQzdWtPMGhpOWI3UG94Q0FMVHduSlp5NkZ3akNudHNXS3ZOTGNzUyI7czo3OiJzZXNzaW9uIjthOjE6e3M6NjoibG9jYWxlIjtzOjU6InB0LUJSIjt9czo5OiJfcHJldmlvdXMiO2E6MTp7czozOiJ1cmwiO3M6OTA6Imh0dHBzOi8vY25hcnAuY29tLmJyLz9mYmNsaWQ9SXdBUjFneXBXQU5KaUktMjI5WFZ2a0lRZ1p0clo1ZUN6RHVzT0s3aVk3LWZrRGk5dkpUWnBPTVlfVWFfcyI7fXM6NjoiX2ZsYXNoIjthOjI6e3M6Mzoib2xkIjthOjA6e31zOjM6Im5ldyI7YTowOnt9fX0=', 1660097049),
('U1VbHP2PxPVqBy7QgbQPgEFXlXaWZXe0dALDS4Vp', NULL, '66.249.70.184', 'Mozilla/5.0 (compatible; Googlebot/2.1; +http://www.google.com/bot.html)', 'YTo0OntzOjY6Il90b2tlbiI7czo0MDoiUXNicmR5bHNPNEtrVE5sOHlwaUlLb2g3bDRWOEs5eDhLYUlPaXI0YiI7czo3OiJzZXNzaW9uIjthOjE6e3M6NjoibG9jYWxlIjtzOjU6InB0LUJSIjt9czo5OiJfcHJldmlvdXMiO2E6MTp7czozOiJ1cmwiO3M6MjQ6Imh0dHBzOi8vd3d3LmNuYXJwLmNvbS5iciI7fXM6NjoiX2ZsYXNoIjthOjI6e3M6Mzoib2xkIjthOjA6e31zOjM6Im5ldyI7YTowOnt9fX0=', 1660091883),
('vtJZjnMyzyNQiNSdALnmIgjT26PSJUuzLWW3o3fp', NULL, '189.38.217.237', 'Mozilla/5.0 (Linux; Android 10; moto g(7) play Build/QPYS30.52-22-14; wv) AppleWebKit/537.36 (KHTML, like Gecko) Version/4.0 Chrome/103.0.5060.129 Mobile Safari/537.36 [FB_IAB/FB4A;FBAV/378.0.0.18.112;]', 'YTo0OntzOjY6Il90b2tlbiI7czo0MDoiYzh2TmhFWUM0WmZsWGFUZ2JFVWlFVVdSaDZQaUJobG1PYUR5QXdKdSI7czo3OiJzZXNzaW9uIjthOjE6e3M6NjoibG9jYWxlIjtzOjU6InB0LUJSIjt9czo5OiJfcHJldmlvdXMiO2E6MTp7czozOiJ1cmwiO3M6OTA6Imh0dHBzOi8vY25hcnAuY29tLmJyLz9mYmNsaWQ9SXdBUjBCUHRXVzBQMUJjYnBDQmptSXhrb3ZCYy1TRWozeTlSWDFqNnBrNExKODNYeTMyZ3BFZUZMSjJ5dyI7fXM6NjoiX2ZsYXNoIjthOjI6e3M6Mzoib2xkIjthOjA6e31zOjM6Im5ldyI7YTowOnt9fX0=', 1660096049),
('wOsSyrcC83YK2Ru4R7tLkJzt8LKzjuN8yqYcqNnF', NULL, '74.125.151.184', 'AdsBot-Google (+http://www.google.com/adsbot.html)', 'YTo0OntzOjY6Il90b2tlbiI7czo0MDoiVEUxUUlFTDlMUWljeUpvQlFCWkxYUDdGN3VvandJekVkUUN3cEYwZCI7czo3OiJzZXNzaW9uIjthOjE6e3M6NjoibG9jYWxlIjtzOjU6InB0LUJSIjt9czo5OiJfcHJldmlvdXMiO2E6MTp7czozOiJ1cmwiO3M6MjQ6Imh0dHBzOi8vd3d3LmNuYXJwLmNvbS5iciI7fXM6NjoiX2ZsYXNoIjthOjI6e3M6Mzoib2xkIjthOjA6e31zOjM6Im5ldyI7YTowOnt9fX0=', 1660103349),
('xv4fNjkS5ae2RYG8ceuoJUGVNxYToFvXDhwVEDvN', NULL, '45.177.76.212', 'Mozilla/5.0 (Linux; Android 11; SM-A205G) AppleWebKit/537.36 (KHTML, like Gecko) Chrome/104.0.0.0 Mobile Safari/537.36', 'YTo0OntzOjY6Il90b2tlbiI7czo0MDoiOVNyYjVQZTRCQWs1bldWYm5qczM5ajhGUE5GVjdHYmIwSW9yMkNqWiI7czo3OiJzZXNzaW9uIjthOjE6e3M6NjoibG9jYWxlIjtzOjU6InB0LUJSIjt9czo5OiJfcHJldmlvdXMiO2E6MTp7czozOiJ1cmwiO3M6MTIxOiJodHRwczovL2NuYXJwLmNvbS5ici8/ZXh0ZXJuYWxfYnJvd3Nlcl9yZWRpcmVjdD10cnVlJmZiY2xpZD1QQUFhYmNZOTZUeWVEUlFob3BzcUJROWJ1d3Z3eENxRTdUeEJzWTV5U2tfRE43QnhaeTRhUUowNW9KZmJzIjt9czo2OiJfZmxhc2giO2E6Mjp7czozOiJvbGQiO2E6MDp7fXM6MzoibmV3IjthOjA6e319fQ==', 1660093693),
('xV6uso0UEYCC57oK79QTWGX3ycw04Uln14ZwUVsm', NULL, '200.185.243.73', 'Mozilla/5.0 (Linux; Android 12; SM-A315G Build/SP1A.210812.016; wv) AppleWebKit/537.36 (KHTML, like Gecko) Version/4.0 Chrome/99.0.4844.88 Mobile Safari/537.36 [FB_IAB/FB4A;FBAV/376.0.0.12.108;]', 'YTo0OntzOjY6Il90b2tlbiI7czo0MDoiVDRhS09leGdDRUJNUXh3clM2RlB3M3FLSnZlSXpTOXJTR0UxSk9scCI7czo3OiJzZXNzaW9uIjthOjE6e3M6NjoibG9jYWxlIjtzOjU6InB0LUJSIjt9czo5OiJfcHJldmlvdXMiO2E6MTp7czozOiJ1cmwiO3M6OTA6Imh0dHBzOi8vY25hcnAuY29tLmJyLz9mYmNsaWQ9SXdBUjNaUG1LQmhVUjROejJ5T20tVXpoRjdtWFdEZWRXbU9ubVVwd0NfMnZJTTRQTXFkeWplb29vcHNsRSI7fXM6NjoiX2ZsYXNoIjthOjI6e3M6Mzoib2xkIjthOjA6e31zOjM6Im5ldyI7YTowOnt9fX0=', 1660091478),
('yaEAlkoDuWTySRJSW0q7vPSOpGptiF9YRQUqpMdw', NULL, '187.26.200.61', 'Mozilla/5.0 (Linux; Android 11; SM-A105M Build/RP1A.200720.012; wv) AppleWebKit/537.36 (KHTML, like Gecko) Version/4.0 Chrome/102.0.5005.125 Mobile Safari/537.36 [FB_IAB/FB4A;FBAV/377.0.0.22.107;]', 'YTo0OntzOjY6Il90b2tlbiI7czo0MDoiS01zUW5aVTFKZHhVOFRtRWluU25CbHhseTQ5cEpHWFg5YVl1Z1Y2ViI7czo3OiJzZXNzaW9uIjthOjE6e3M6NjoibG9jYWxlIjtzOjU6InB0LUJSIjt9czo5OiJfcHJldmlvdXMiO2E6MTp7czozOiJ1cmwiO3M6OTA6Imh0dHBzOi8vY25hcnAuY29tLmJyLz9mYmNsaWQ9SXdBUjJscWU2UE1YMDdUZ0dEck1RaXJzcmJnQXgyOVJUQ29YOGpYM1FtTEpIMHZmUnQ3SzhBUWFhVFoxSSI7fXM6NjoiX2ZsYXNoIjthOjI6e3M6Mzoib2xkIjthOjA6e31zOjM6Im5ldyI7YTowOnt9fX0=', 1660092990),
('YOyOS7Coq5hCEfWk7YSccvKjY1uHxmcj8ObX4HC9', NULL, '177.58.183.106', 'Mozilla/5.0 (Linux; Android 7.1.2; LM-X210 Build/N2G47H; wv) AppleWebKit/537.36 (KHTML, like Gecko) Version/4.0 Chrome/101.0.4951.61 Mobile Safari/537.36 [FB_IAB/FB4A;FBAV/375.1.0.28.111;]', 'YTo0OntzOjY6Il90b2tlbiI7czo0MDoiQmJ3amRuc2NCaXNDaWZCV2FaQXhROHNGcmlzd0pYZEpCQ05aVXRXWiI7czo3OiJzZXNzaW9uIjthOjE6e3M6NjoibG9jYWxlIjtzOjU6InB0LUJSIjt9czo5OiJfcHJldmlvdXMiO2E6MTp7czozOiJ1cmwiO3M6OTA6Imh0dHBzOi8vY25hcnAuY29tLmJyLz9mYmNsaWQ9SXdBUjNya1ozYXZaVGoxNlJmVEdhRDZ3VHNfOWJNcmZVNmROMjRVYWRUNUcxU2ZRdU9vMXo3QlFYd19zQSI7fXM6NjoiX2ZsYXNoIjthOjI6e3M6Mzoib2xkIjthOjA6e31zOjM6Im5ldyI7YTowOnt9fX0=', 1660097412),
('Z4zdXjoMJkTxqdF9xsQuupWR2fleNhbfQpIbzMkT', NULL, '45.4.34.73', 'Mozilla/5.0 (Linux; Android 8.1.0; SM-J260M Build/M1AJB; wv) AppleWebKit/537.36 (KHTML, like Gecko) Version/4.0 Chrome/104.0.5112.69 Mobile Safari/537.36 [FB_IAB/FB4A;FBAV/378.0.0.18.112;]', 'YTo0OntzOjY6Il90b2tlbiI7czo0MDoiTzlKdXY2Zmw0Rk5nWWlHRDRGYWZZelZuTWJWYWtJTEgzNGxUb0xWeCI7czo3OiJzZXNzaW9uIjthOjE6e3M6NjoibG9jYWxlIjtzOjU6InB0LUJSIjt9czo5OiJfcHJldmlvdXMiO2E6MTp7czozOiJ1cmwiO3M6OTA6Imh0dHBzOi8vY25hcnAuY29tLmJyLz9mYmNsaWQ9SXdBUjJPb203cjkya1FNSUZpX3JKM1g2M3dpZGtScW1pMW0zVXViWktrenNBR0E5MFBKVWxUNFV1X3B5USI7fXM6NjoiX2ZsYXNoIjthOjI6e3M6Mzoib2xkIjthOjA6e31zOjM6Im5ldyI7YTowOnt9fX0=', 1660083318),
('zenn5NCuu64JiA0lHaMBrbqIgtWZMGNhWY8Usytx', NULL, '191.55.22.186', 'Mozilla/5.0 (Linux; Android 8.0.0; SM-G570M Build/R16NW; wv) AppleWebKit/537.36 (KHTML, like Gecko) Version/4.0 Chrome/104.0.5112.69 Mobile Safari/537.36 [FB_IAB/FB4A;FBAV/378.0.0.18.112;]', 'YTo0OntzOjY6Il90b2tlbiI7czo0MDoiUkhNT2djSFdPV2ZJRlRIN2FXUkJINHBmdGJOVVJkSlBSZ2VSbDdjbiI7czo3OiJzZXNzaW9uIjthOjE6e3M6NjoibG9jYWxlIjtzOjU6InB0LUJSIjt9czo5OiJfcHJldmlvdXMiO2E6MTp7czozOiJ1cmwiO3M6OTA6Imh0dHBzOi8vY25hcnAuY29tLmJyLz9mYmNsaWQ9SXdBUjJBQ2llM3ZHLXVWaklYVk1xd0FVNC0wZDFtQmo5dmc3MUNfX0cwUTI1a1RvMzUzenE1MTJxWldSOCI7fXM6NjoiX2ZsYXNoIjthOjI6e3M6Mzoib2xkIjthOjA6e31zOjM6Im5ldyI7YTowOnt9fX0=', 1660098513),
('ZxUFv3qMbX5RutaDRDRYY4VVHyCyCZQqnhXsv6pp', NULL, '186.219.52.41', 'Mozilla/5.0 (Linux; Android 9; moto e6s Build/POES29.288-60-6-1-29; wv) AppleWebKit/537.36 (KHTML, like Gecko) Version/4.0 Chrome/104.0.5112.69 Mobile Safari/537.36 [FB_IAB/FB4A;FBAV/378.0.0.18.112;]', 'YTo0OntzOjY6Il90b2tlbiI7czo0MDoiMVNQQmFOaU96cVRXZDRGYnNKbEVXNEdqUzRlRnE0dHBDZkFVQWl4ZiI7czo3OiJzZXNzaW9uIjthOjE6e3M6NjoibG9jYWxlIjtzOjU6InB0LUJSIjt9czo5OiJfcHJldmlvdXMiO2E6MTp7czozOiJ1cmwiO3M6OTA6Imh0dHBzOi8vY25hcnAuY29tLmJyLz9mYmNsaWQ9SXdBUjNKVE9iUTlkUzRZajllT0c0bDVzc3VlQm4wekZ3eGVwaUxkS2R3ZFJ0SV82LXNfdlphX0pERm5UZyI7fXM6NjoiX2ZsYXNoIjthOjI6e3M6Mzoib2xkIjthOjA6e31zOjM6Im5ldyI7YTowOnt9fX0=', 1660095284);

-- --------------------------------------------------------

--
-- Estrutura para tabela `testimonials`
--

CREATE TABLE `testimonials` (
  `id` bigint UNSIGNED NOT NULL,
  `name` varchar(191) COLLATE utf8mb4_unicode_ci NOT NULL,
  `course` varchar(191) COLLATE utf8mb4_unicode_ci NOT NULL,
  `text` text COLLATE utf8mb4_unicode_ci NOT NULL,
  `created_at` timestamp NULL DEFAULT NULL,
  `updated_at` timestamp NULL DEFAULT NULL
) ENGINE=InnoDB DEFAULT CHARSET=utf8mb4 COLLATE=utf8mb4_unicode_ci;

--
-- Despejando dados para a tabela `testimonials`
--

INSERT INTO `testimonials` (`id`, `name`, `course`, `text`, `created_at`, `updated_at`) VALUES
(1, 'Alex Biagiotti', 'Curso de Inglês CNA', 'Graças ao inglês fluente que o CNA me proporcionou, consegui meu estágio e um intercâmbio de 6 meses em Roma.', '2021-04-27 20:38:05', '2021-05-18 21:31:12'),
(2, 'Mariella Bicalho', '*Exame de certificação de espanhol.', 'O CNA foi um divisor de águas na minha vida. E agora, me sinto superpreparada para fazer o exame do SIELE*.', '2021-05-18 21:29:30', '2021-05-18 21:32:02'),
(3, 'Davi Pereira', 'Curso de Inglês CNA', 'O curso abriu diversas portas no âmbito profissional em diversas empresas  multinacionais.', '2021-05-18 21:30:46', '2021-05-18 21:31:40');

-- --------------------------------------------------------

--
-- Estrutura para tabela `units`
--

CREATE TABLE `units` (
  `id` bigint UNSIGNED NOT NULL,
  `name` varchar(191) COLLATE utf8mb4_unicode_ci NOT NULL,
  `cellphone` varchar(191) COLLATE utf8mb4_unicode_ci DEFAULT NULL,
  `phone` varchar(191) COLLATE utf8mb4_unicode_ci DEFAULT NULL,
  `email` varchar(191) COLLATE utf8mb4_unicode_ci NOT NULL,
  `address` varchar(191) COLLATE utf8mb4_unicode_ci DEFAULT NULL,
  `maps` varchar(191) COLLATE utf8mb4_unicode_ci DEFAULT NULL,
  `whatsapp` varchar(191) COLLATE utf8mb4_unicode_ci DEFAULT NULL,
  `facebook` varchar(191) COLLATE utf8mb4_unicode_ci DEFAULT NULL,
  `instagram` varchar(191) COLLATE utf8mb4_unicode_ci DEFAULT NULL,
  `twitter` varchar(191) COLLATE utf8mb4_unicode_ci DEFAULT NULL,
  `youtube` varchar(191) COLLATE utf8mb4_unicode_ci DEFAULT NULL,
  `linkedin` varchar(191) COLLATE utf8mb4_unicode_ci DEFAULT NULL,
  `form_email_to` varchar(191) COLLATE utf8mb4_unicode_ci NOT NULL,
  `form_email_cc` varchar(191) COLLATE utf8mb4_unicode_ci DEFAULT NULL,
  `image` varchar(191) COLLATE utf8mb4_unicode_ci DEFAULT NULL,
  `created_at` timestamp NULL DEFAULT NULL,
  `updated_at` timestamp NULL DEFAULT NULL
) ENGINE=InnoDB DEFAULT CHARSET=utf8mb4 COLLATE=utf8mb4_unicode_ci;

--
-- Despejando dados para a tabela `units`
--

INSERT INTO `units` (`id`, `name`, `cellphone`, `phone`, `email`, `address`, `maps`, `whatsapp`, `facebook`, `instagram`, `twitter`, `youtube`, `linkedin`, `form_email_to`, `form_email_cc`, `image`, `created_at`, `updated_at`) VALUES
(1, 'CNA Dom Pedro', NULL, NULL, 'ribeiraopreto5@cna.com.br', 'Av. Dom Pedro I, 1275 - Ipiranga\r\nRibeirão Preto - SP, 14055-620', 'https://goo.gl/maps/6sg1eZ8zk4Wv3Nmi9', '(16) 3963-6370', 'https://www.facebook.com/cnadompedro', 'https://www.instagram.com/cnadompedro/', NULL, NULL, NULL, 'ribeiraopreto5@cna.com.br', NULL, 'uploads/site/unit/b_4984afe4-aaaf-4508-8236-cf7406e7cc59.webp', '2021-04-27 21:05:01', '2021-07-28 14:22:56'),
(2, 'CNA Campos Salles', NULL, NULL, 'cid.evangelista@cna.com.br', 'R. Campos Salles, 730 - Centro\r\nRibeirão Preto - SP, 14015-110\r\nAv. Dom Pedro I, 1275 - Ipiranga', 'https://goo.gl/maps/7EbsDZThgqCt1nkh9', '(16) 2111-7755', 'https://www.facebook.com/cnacampossalles', 'https://www.instagram.com/cnacampossallesribeirao/', NULL, NULL, NULL, 'ribeiraopreto2@cna.com.br', NULL, 'uploads/site/unit/b_104847e6-6014-4522-94fb-c8b35223edd4.webp', '2021-04-27 21:10:06', '2022-03-14 20:37:44');

--
-- Índices para tabelas despejadas
--

--
-- Índices de tabela `abouts`
--
ALTER TABLE `abouts`
  ADD PRIMARY KEY (`id`);

--
-- Índices de tabela `accesses`
--
ALTER TABLE `accesses`
  ADD PRIMARY KEY (`id`);

--
-- Índices de tabela `banners`
--
ALTER TABLE `banners`
  ADD PRIMARY KEY (`id`);

--
-- Índices de tabela `configs`
--
ALTER TABLE `configs`
  ADD PRIMARY KEY (`id`);

--
-- Índices de tabela `galleries`
--
ALTER TABLE `galleries`
  ADD PRIMARY KEY (`id`);

--
-- Índices de tabela `gallery_images`
--
ALTER TABLE `gallery_images`
  ADD PRIMARY KEY (`id`);

--
-- Índices de tabela `messages`
--
ALTER TABLE `messages`
  ADD PRIMARY KEY (`id`);

--
-- Índices de tabela `migrations`
--
ALTER TABLE `migrations`
  ADD PRIMARY KEY (`id`);

--
-- Índices de tabela `permissions`
--
ALTER TABLE `permissions`
  ADD PRIMARY KEY (`id`);

--
-- Índices de tabela `permissions_role`
--
ALTER TABLE `permissions_role`
  ADD PRIMARY KEY (`permission_id`,`role_id`);

--
-- Índices de tabela `providers`
--
ALTER TABLE `providers`
  ADD PRIMARY KEY (`id`);

--
-- Índices de tabela `roles`
--
ALTER TABLE `roles`
  ADD PRIMARY KEY (`id`);

--
-- Índices de tabela `seos`
--
ALTER TABLE `seos`
  ADD PRIMARY KEY (`id`);

--
-- Índices de tabela `sessions`
--
ALTER TABLE `sessions`
  ADD UNIQUE KEY `sessions_id_unique` (`id`);

--
-- Índices de tabela `testimonials`
--
ALTER TABLE `testimonials`
  ADD PRIMARY KEY (`id`);

--
-- Índices de tabela `units`
--
ALTER TABLE `units`
  ADD PRIMARY KEY (`id`);

--
-- AUTO_INCREMENT para tabelas despejadas
--

--
-- AUTO_INCREMENT de tabela `abouts`
--
ALTER TABLE `abouts`
  MODIFY `id` bigint UNSIGNED NOT NULL AUTO_INCREMENT, AUTO_INCREMENT=2;

--
-- AUTO_INCREMENT de tabela `accesses`
--
ALTER TABLE `accesses`
  MODIFY `id` bigint UNSIGNED NOT NULL AUTO_INCREMENT, AUTO_INCREMENT=114007;

--
-- AUTO_INCREMENT de tabela `banners`
--
ALTER TABLE `banners`
  MODIFY `id` bigint UNSIGNED NOT NULL AUTO_INCREMENT, AUTO_INCREMENT=24;

--
-- AUTO_INCREMENT de tabela `configs`
--
ALTER TABLE `configs`
  MODIFY `id` bigint UNSIGNED NOT NULL AUTO_INCREMENT, AUTO_INCREMENT=2;

--
-- AUTO_INCREMENT de tabela `galleries`
--
ALTER TABLE `galleries`
  MODIFY `id` bigint UNSIGNED NOT NULL AUTO_INCREMENT;

--
-- AUTO_INCREMENT de tabela `gallery_images`
--
ALTER TABLE `gallery_images`
  MODIFY `id` bigint UNSIGNED NOT NULL AUTO_INCREMENT;

--
-- AUTO_INCREMENT de tabela `messages`
--
ALTER TABLE `messages`
  MODIFY `id` bigint UNSIGNED NOT NULL AUTO_INCREMENT, AUTO_INCREMENT=941;

--
-- AUTO_INCREMENT de tabela `migrations`
--
ALTER TABLE `migrations`
  MODIFY `id` int UNSIGNED NOT NULL AUTO_INCREMENT, AUTO_INCREMENT=17;

--
-- AUTO_INCREMENT de tabela `permissions`
--
ALTER TABLE `permissions`
  MODIFY `id` bigint UNSIGNED NOT NULL AUTO_INCREMENT, AUTO_INCREMENT=76;

--
-- AUTO_INCREMENT de tabela `providers`
--
ALTER TABLE `providers`
  MODIFY `id` bigint UNSIGNED NOT NULL AUTO_INCREMENT;

--
-- AUTO_INCREMENT de tabela `roles`
--
ALTER TABLE `roles`
  MODIFY `id` bigint UNSIGNED NOT NULL AUTO_INCREMENT, AUTO_INCREMENT=3;

--
-- AUTO_INCREMENT de tabela `seos`
--
ALTER TABLE `seos`
  MODIFY `id` bigint UNSIGNED NOT NULL AUTO_INCREMENT, AUTO_INCREMENT=3;

--
-- AUTO_INCREMENT de tabela `testimonials`
--
ALTER TABLE `testimonials`
  MODIFY `id` bigint UNSIGNED NOT NULL AUTO_INCREMENT, AUTO_INCREMENT=4;

--
-- AUTO_INCREMENT de tabela `units`
--
ALTER TABLE `units`
  MODIFY `id` bigint UNSIGNED NOT NULL AUTO_INCREMENT, AUTO_INCREMENT=3;
COMMIT;

